000
CXUS53 KEAX 071510
CF6LXT
PRELIMINARY LOCAL CLIMATOLOGICAL DATA (WS FORM: F-6)
STATION: LEE`S SUMMIT MO
MONTH: JANUARY
YEAR: 2023
LATITUDE: 38 57 N
LONGITUDE: 94 22 W
TEMPERATURE IN F: :PCPN: SNOW: WIND :SUNSHINE: SKY :PK WND
================================================================================
1 2 3 4 5 6A 6B 7 8 9 10 11 12 13 14 15 16 17 18
12Z AVG MX 2MIN
DY MAX MIN AVG DEP HDD CDD WTR SNW DPTH SPD SPD DIR MIN PSBL S-S WX SPD DR
================================================================================
1 59 36 48 17 17 0 0.00 M M 7.0 14 50 M M 0 1 19 60
2 59 40 50 19 15 0 0.78 M M 9.2 21 310 M M 9 123 26 300
3 58 33 46 15 19 0 0.00 M M 16.4 28 230 M M 8 1 36 250
4 45 33 39 8 26 0 0.00 M M 12.7 23 260 M M 6 33 270
5 43 29 36 5 29 0 0.00 M M 11.2 22 310 M M 3 29 310
6 48 23 36 5 29 0 0.00 M M 6.2 15 80 M M 2 21 70
7 36 29 33 3 32 0 T M M 10.4 18 40 M M 10 25 50
8 47 24 36 6 29 0 0.00 M M 5.8 13 210 M M 2 16 190
9 59 30 45 15 20 0 0.00 M M 11.2 21 210 M M 0 28 190
10 55 31 43 13 22 0 0.00 M M 5.6 12 100 M M 0 14 120
11 58 31 45 15 20 0 T M M 7.9 26 30 M M 1 35 30
12 39 26 33 3 32 0 0.03 M M 15.4 28 360 M M 10 16 38 350
13 35 21 28 -2 37 0 0.00 M M 7.1 17 350 M M 5 23 360
14 46 22 34 4 31 0 0.00 M M 11.0 20 160 M M 0 28 150
15 58 36 47 17 18 0 T M M 16.7 26 190 M M 1 37 200
16 58 41 50 20 15 0 T M M 14.6 32 230 M M 3 43 220
17 49 32 41 11 24 0 0.00 M M 6.5 13 320 M M 2 1 18 310
18 39 35 37 7 28 0 0.53 M M 9.2 26 70 M M 9 1 35 70
19 39 28 34 4 31 0 T M M 15.7 26 290 M M 10 1 38 270
20 45 25 35 5 30 0 0.00 M M 5.2 14 320 M M 3 21 330
21 38 24 31 1 34 0 0.05 M M 3.9 9 170 M M 7 1 13 160
22 34 27 31 1 34 0 0.02 M M 7.6 14 300 M M 10 1 18 320
23 42 22 32 2 33 0 0.00 M M 7.4 15 230 M M 4 1 20 220
24 40 28 34 4 31 0 0.09 M M 2.8 10 190 M M 4 12 13 190
25 35 24 30 -1 35 0 0.14 M M 11.5 24 310 M M 10 12 34 320
26 29 14 22 -9 43 0 0.00 M M 9.4 18 300 M M 3 28 290
27 49 28 39 8 26 0 0.00 M M 11.1 21 240 M M 4 28 240
28 54 22 38 7 27 0 0.00 M M 12.3 23 350 M M 5 33 170
29 23 12 18 -13 47 0 0.00 M M 15.5 23 360 M M 10 30 10
30 20 11 16 -15 49 0 0.00 M M 11.7 20 360 M M 8 25 20
31 25 8 17 -14 48 0 0.00 M M 4.1 9 250 M M 0 13 20
================================================================================
SM 1364 825 911 0 1.64 M 302.3 M 149
================================================================================
AV 44.0 26.6 9.8 FASTST M M 5 MAX(MPH)
MISC ----> 32 230 43 220
================================================================================
NOTES:
# LAST OF SEVERAL OCCURRENCES
COLUMN 17 PEAK WIND IN M.P.H.
PRELIMINARY LOCAL CLIMATOLOGICAL DATA (WS FORM: F-6) , PAGE 2
STATION: LEE`S SUMMIT MO
MONTH: JANUARY
YEAR: 2023
LATITUDE: 38 57 N
LONGITUDE: 94 22 W
[TEMPERATURE DATA] [PRECIPITATION DATA] SYMBOLS USED IN COLUMN 16
AVERAGE MONTHLY: 35.3 TOTAL FOR MONTH: 1.64 1 = FOG OR MIST
DPTR FM NORMAL: 4.7 DPTR FM NORMAL: 0.68 2 = FOG REDUCING VISIBILITY
HIGHEST: 59 ON 9, 2 GRTST 24HR 0.78 ON 2- 2 TO 1/4 MILE OR LESS
LOWEST: 8 ON 31 3 = THUNDER
SNOW, ICE PELLETS, HAIL 4 = ICE PELLETS
TOTAL MONTH: M 5 = HAIL
GRTST 24HR M ON M 6 = FREEZING RAIN OR DRIZZLE
GRTST DEPTH: M ON M 7 = DUSTSTORM OR SANDSTORM:
VSBY 1/2 MILE OR LESS
8 = SMOKE OR HAZE
[NO. OF DAYS WITH] [WEATHER - DAYS WITH] 9 = BLOWING SNOW
X = TORNADO
MAX 32 OR BELOW: 4 0.01 INCH OR MORE: 7
MAX 90 OR ABOVE: 0 0.10 INCH OR MORE: 3
MIN 32 OR BELOW: 24 0.50 INCH OR MORE: 2
MIN 0 OR BELOW: 0 1.00 INCH OR MORE: 0
[HDD (BASE 65) ]
TOTAL THIS MO. 911 CLEAR (SCALE 0-3) 13
DPTR FM NORMAL -157 PTCLDY (SCALE 4-7) 9
TOTAL FM JUL 1 2852 CLOUDY (SCALE 8-10) 9
DPTR FM NORMAL -81
[CDD (BASE 65) ]
TOTAL THIS MO. 0
DPTR FM NORMAL 0 [PRESSURE DATA]
TOTAL FM JAN 1 0 HIGHEST SLP 30.54 ON 31
DPTR FM NORMAL 0 LOWEST SLP 29.41 ON 16
[REMARKS]
#FINAL-01-23#