000
CXUS53 KEAX 010836
CF6LXT
PRELIMINARY LOCAL CLIMATOLOGICAL DATA (WS FORM: F-6)
STATION: LEE`S SUMMIT MO
MONTH: NOVEMBER
YEAR: 2022
LATITUDE: 38 57 N
LONGITUDE: 94 22 W
TEMPERATURE IN F: :PCPN: SNOW: WIND :SUNSHINE: SKY :PK WND
================================================================================
1 2 3 4 5 6A 6B 7 8 9 10 11 12 13 14 15 16 17 18
12Z AVG MX 2MIN
DY MAX MIN AVG DEP HDD CDD WTR SNW DPTH SPD SPD DIR MIN PSBL S-S WX SPD DR
================================================================================
1 78 48 63 12 2 0 0.00 M M 8.7 17 210 M M 0 23 190
2 74 52 63 13 2 0 0.00 M M 12.7 23 200 M M 0 30 190
3 77 58 68 18 0 3 0.00 M M 18.9 31 200 M M 2 42 200
4 67 40 54 4 11 0 2.49 M M 12.2 25 310 M M 8 13 38 310
5 55 33 44 -5 21 0 0.06 M M 14.4 23 200 M M 4 1 30 200
6 63 42 53 4 12 0 0.00 M M 8.9 18 200 M M 0 24 190
7 56 43 50 2 15 0 0.00 M M 11.6 21 70 M M 2 27 60
8 63 46 55 7 10 0 T M M 8.9 15 160 M M 8 21 160
9 73 59 66 18 0 1 0.00 M M 14.3 24 200 M M 4 33 200
10 73 37 55 8 10 0 1.08 M M 16.2 29 10 M M 7 13 37 360
11 37 25 31 -16 34 0 0.06 M M 14.6 26 330 M M 2 1 34 340
12 29 19 24 -22 41 0 0.00 M M 10.2 18 340 M M 7 24 340
13 39 18 29 -17 36 0 0.00 M M 5.3 12 130 M M 0 1 17 150
14 41 30 36 -10 29 0 0.02 M M 5.7 15 160 M M 8 1 21 160
15 38 26 32 -13 33 0 T M M 8.0 18 310 M M 8 1 23 310
16 33 23 28 -17 37 0 T M M 9.5 20 300 M M 4 28 300
17 42 20 31 -13 34 0 0.00 M M 9.7 20 310 M M 3 28 310
18 28 16 22 -22 43 0 0.00 M M 10.3 22 320 M M 0 31 320
19 34 19 27 -17 38 0 0.00 M M 11.7 23 330 M M 0 35 340
20 47 18 33 -10 32 0 0.00 M M 12.7 21 210 M M 0 27 200
21 55 30 43 0 22 0 0.00 M M 9.9 18 220 M M 0 24 210
22 60 32 46 4 19 0 0.00 M M 9.8 20 220 M M 0 24 220
23 58 39 49 7 16 0 0.00 M M 9.3 18 190 M M 3 23 200
24 59 37 48 6 17 0 0.00 M M 6.0 16 350 M M 7 1 23 350
25 55 30 43 2 22 0 0.00 M M 4.3 10 360 M M 0 14 360
26 52 33 43 2 22 0 1.28 M M 5.5 14 200 M M 3 1 18 200
27 45 33 39 -2 26 0 0.34 M M 9.8 21 350 M M 7 1 28 320
28 54 29 42 2 23 0 0.00 M M 9.6 18 160 M M 0 25 140
29 60 25 43 3 22 0 0.00 M M 18.1 31 230 M M 3 44 250
30 37 20 29 -11 36 0 0.00 M M 9.0 18 290 M M 0 24 310
================================================================================
SM 1582 980 665 4 5.33 M 315.8 M 90
================================================================================
AV 52.7 32.7 10.5 FASTST M M 3 MAX(MPH)
MISC ----> # 31 200 44 250
================================================================================
NOTES:
# LAST OF SEVERAL OCCURRENCES
COLUMN 17 PEAK WIND IN M.P.H.
PRELIMINARY LOCAL CLIMATOLOGICAL DATA (WS FORM: F-6) , PAGE 2
STATION: LEE`S SUMMIT MO
MONTH: NOVEMBER
YEAR: 2022
LATITUDE: 38 57 N
LONGITUDE: 94 22 W
[TEMPERATURE DATA] [PRECIPITATION DATA] SYMBOLS USED IN COLUMN 16
AVERAGE MONTHLY: 42.7 TOTAL FOR MONTH: 5.33 1 = FOG OR MIST
DPTR FM NORMAL: -2.4 DPTR FM NORMAL: 3.28 2 = FOG REDUCING VISIBILITY
HIGHEST: 78 ON 1 GRTST 24HR 2.55 ON 4- 5 TO 1/4 MILE OR LESS
LOWEST: 16 ON 18 3 = THUNDER
SNOW, ICE PELLETS, HAIL 4 = ICE PELLETS
TOTAL MONTH: M 5 = HAIL
GRTST 24HR M ON M 6 = FREEZING RAIN OR DRIZZLE
GRTST DEPTH: M ON M 7 = DUSTSTORM OR SANDSTORM:
VSBY 1/2 MILE OR LESS
8 = SMOKE OR HAZE
[NO. OF DAYS WITH] [WEATHER - DAYS WITH] 9 = BLOWING SNOW
X = TORNADO
MAX 32 OR BELOW: 2 0.01 INCH OR MORE: 7
MAX 90 OR ABOVE: 0 0.10 INCH OR MORE: 4
MIN 32 OR BELOW: 16 0.50 INCH OR MORE: 3
MIN 0 OR BELOW: 0 1.00 INCH OR MORE: 3
[HDD (BASE 65) ]
TOTAL THIS MO. 665 CLEAR (SCALE 0-3) 17
DPTR FM NORMAL 66 PTCLDY (SCALE 4-7) 11
TOTAL FM JUL 1 936 CLOUDY (SCALE 8-10) 2
DPTR FM NORMAL 12
[CDD (BASE 65) ]
TOTAL THIS MO. 4
DPTR FM NORMAL 2 [PRESSURE DATA]
TOTAL FM JAN 1 1509 HIGHEST SLP 30.53 ON 18
DPTR FM NORMAL 63 LOWEST SLP 29.43 ON 29
[REMARKS]
#FINAL-11-22#