000
CXUS53 KEAX 010836
CF6LXT
PRELIMINARY LOCAL CLIMATOLOGICAL DATA (WS FORM: F-6)
STATION: LEE`S SUMMIT MO
MONTH: FEBRUARY
YEAR: 2022
LATITUDE: 38 57 N
LONGITUDE: 94 22 W
TEMPERATURE IN F: :PCPN: SNOW: WIND :SUNSHINE: SKY :PK WND
================================================================================
1 2 3 4 5 6A 6B 7 8 9 10 11 12 13 14 15 16 17 18
12Z AVG MX 2MIN
DY MAX MIN AVG DEP HDD CDD WTR SNW DPTH SPD SPD DIR MIN PSBL S-S WX SPD DR
================================================================================
1 53 25 39 7 26 0 0.11 M M 13.1 25 20 M M 8 1 34 20
2 25 12 19 -13 46 0 0.01 M M 19.3 26 20 M M 10 12 35 20
3 18 6 12 -20 53 0 T M M 13.9 22 10 M M 5 29 360
4 34 4 19 -13 46 0 0.00 M M 7.4 18 250 M M 2 25 230
5 40 16 28 -4 37 0 0.00 M M 13.5 24 200 M M 0 30 200
6 48 25 37 4 28 0 0.00 M M 9.4 23 340 M M 0 29 340
7 53 23 38 5 27 0 0.00 M M 9.9 21 230 M M 3 27 240
8 63 33 48 15 17 0 0.00 M M 10.1 22 310 M M 0 29 320
9 58 36 47 14 18 0 0.00 M M 10.7 30 310 M M 1 43 300
10 51 28 40 6 25 0 0.00 M M 11.3 24 220 M M 1 33 210
11 54 21 38 4 27 0 T M M 16.9 30 310 M M 5 40 310
12 29 12 21 -13 44 0 0.00 M M 10.0 24 330 M M 1 31 350
13 32 21 27 -7 38 0 0.00 M M 10.2 23 360 M M 1 32 350
14 50 24 37 2 28 0 0.00 M M 6.8 17 220 M M 1 23 200
15 66 26 46 11 19 0 0.00 M M 16.6 32 190 M M 0 43 190
16 64 33 49 14 16 0 0.02 M M 21.0 36 200 M M 8 13 49 220
17 33 11 22 -14 43 0 M M M 16.6 27 350 M M 7 1268 41 350
18 37 8 23 -13 42 0 0.00 M M 15.1 29 360 M M 0 28 41 350
19 35 20 28 -8 37 0 0.00 M M 9.7 21 340 M M 0 28 170
20 62 34 48 11 17 0 0.00 M M 16.4 35 210 M M 0 48 210
21 70 42 56 19 9 0 0.00 M M 14.7 28 200 M M 1 40 200
22 42 10 26 -11 39 0 T M M 17.2 23 340 M M 10 168 33 290
23 18 4 11 -27 54 0 0.00 M M 12.1 22 360 M M 4 27 10
24 20 12 16 -22 49 0 T M M 8.9 15 290 M M 10 18 21 290
25 27 6 17 -21 48 0 0.00 M M 6.4 14 300 M M 0 19 320
26 41 13 27 -12 38 0 0.00 M M 1.9 8 170 M M 1 11 200
27 53 23 38 -1 27 0 0.00 M M 5.9 14 250 M M 0 20 270
28 66 33 50 10 15 0 0.00 M M 7.7 13 220 M M 0 19 250
================================================================================
SM 1242 561 913 0 0.14 M 332.7 M 79
================================================================================
AV 44.4 20.0 11.9 FASTST M M 3 MAX(MPH)
MISC ----> 36 200 49 220
================================================================================
NOTES:
# LAST OF SEVERAL OCCURRENCES
COLUMN 17 PEAK WIND IN M.P.H.
PRELIMINARY LOCAL CLIMATOLOGICAL DATA (WS FORM: F-6) , PAGE 2
STATION: LEE`S SUMMIT MO
MONTH: FEBRUARY
YEAR: 2022
LATITUDE: 38 57 N
LONGITUDE: 94 22 W
[TEMPERATURE DATA] [PRECIPITATION DATA] SYMBOLS USED IN COLUMN 16
AVERAGE MONTHLY: 32.2 TOTAL FOR MONTH: 0.14 1 = FOG OR MIST
DPTR FM NORMAL: -2.9 DPTR FM NORMAL: -1.29 2 = FOG REDUCING VISIBILITY
HIGHEST: 70 ON 21 GRTST 24HR 0.12 ON 1- 2 TO 1/4 MILE OR LESS
LOWEST: 4 ON 23, 4 3 = THUNDER
SNOW, ICE PELLETS, HAIL 4 = ICE PELLETS
TOTAL MONTH: M 5 = HAIL
GRTST 24HR M ON M 6 = FREEZING RAIN OR DRIZZLE
GRTST DEPTH: M ON M 7 = DUSTSTORM OR SANDSTORM:
VSBY 1/2 MILE OR LESS
8 = SMOKE OR HAZE
[NO. OF DAYS WITH] [WEATHER - DAYS WITH] 9 = BLOWING SNOW
X = TORNADO
MAX 32 OR BELOW: 7 0.01 INCH OR MORE: 3
MAX 90 OR ABOVE: 0 0.10 INCH OR MORE: 1
MIN 32 OR BELOW: 22 0.50 INCH OR MORE: 0
MIN 0 OR BELOW: 0 1.00 INCH OR MORE: 0
[HDD (BASE 65) ]
TOTAL THIS MO. 913 CLEAR (SCALE 0-3) 19
DPTR FM NORMAL 76 PTCLDY (SCALE 4-7) 5
TOTAL FM JUL 1 3349 CLOUDY (SCALE 8-10) 4
DPTR FM NORMAL -419
[CDD (BASE 65) ]
TOTAL THIS MO. 0
DPTR FM NORMAL 0 [PRESSURE DATA]
TOTAL FM JAN 1 0 HIGHEST SLP 30.72 ON 23
DPTR FM NORMAL 0 LOWEST SLP 29.57 ON 21
[REMARKS]
#FINAL-02-22#