000
CXUS55 KPUB 011210
CF6LXV
PRELIMINARY LOCAL CLIMATOLOGICAL DATA (WS FORM: F-6)
STATION: LEADVILLE CO
MONTH: OCTOBER
YEAR: 2021
LATITUDE: 39 15 N
LONGITUDE: 106 18 W
TEMPERATURE IN F: :PCPN: SNOW: WIND :SUNSHINE: SKY :PK WND
================================================================================
1 2 3 4 5 6A 6B 7 8 9 10 11 12 13 14 15 16 17 18
12Z AVG MX 2MIN
DY MAX MIN AVG DEP HDD CDD WTR SNW DPTH SPD SPD DIR MIN PSBL S-S WX SPD DR
================================================================================
1 50 33 42 0 23 0 0.02 M M 5.3 16 360 M M 9 1 23 350
2 56 28 42 0 23 0 T M M 4.3 16 330 M M 6 25 10
3 60 24 42 0 23 0 0.00 M M 5.3 15 300 M M 1 24 320
4 64 23 44 3 21 0 0.00 M M 3.0 15 180 M M 0 21 220
5 62 26 44 3 21 0 0.00 M M 7.2 22 180 M M 0 29 170
6 56 29 43 3 22 0 0.00 M M 4.9 17 320 M M 4 27 350
7 62 26 44 4 21 0 0.00 M M 5.2 14 320 M M 2 22 10
8 56 27 42 2 23 0 0.15 M M 6.9 22 170 M M 5 1 39 190
9 47 28 38 -1 27 0 0.16 M M 6.6 20 310 M M 6 1 29 240
10 43 23 33 -6 32 0 0.00 M M 7.4 20 300 M M 7 28 310
11 51 19 35 -4 30 0 0.00 M M 8.6 25 190 M M 1 33 190
12 39 22 31 -7 34 0 0.01 M M 12.8 29 180 M M 8 1 36 180
13 37 19 28 -10 37 0 0.02 M M 9.9 21 310 M M 8 1 32 340
14 34 16 25 -13 40 0 0.02 M M 8.2 23 310 M M 6 12 36 310
15 35 13 24 -13 41 0 0.06 M M 7.9 20 310 M M 4 18 28 310
16 56 14 35 -2 30 0 0.00 M M 4.3 12 320 M M 0 17 310
17 58 18 38 2 27 0 0.00 M M 4.7 17 180 M M 0 24 180
18 53 23 38 2 27 0 0.00 M M 8.5 24 180 M M 1 33 180
19 40 24 32 -4 33 0 0.04 M M 8.6 18 310 M M 4 1 27 270
20 48 20 34 -1 31 0 0.00 M M 10.7 21 360 M M 0 30 360
21 54 24 39 4 26 0 0.00 M M 7.7 16 340 M M 0 24 340
22 56 18 37 2 28 0 0.00 M M 4.8 15 340 M M 0 23 320
23 53 22 38 4 27 0 T M M 7.1 23 210 M M 4 35 200
24 48 27 38 4 27 0 0.01 M M 7.6 24 300 M M 4 33 300
25 63 28 46 13 19 0 0.00 M M 7.0 24 210 M M 0 34 190
26 47 21 34 1 31 0 0.07 M M 13.2 25 10 M M 8 12 40 20
27 29 20 25 -8 40 0 0.03 M M 11.5 24 320 M M 10 1 41 320
28 40 22 31 -1 34 0 0.01 M M 8.8 24 20 M M 7 18 35 20
29 55 15 35 3 30 0 0.00 M M 5.8 16 300 M M 0 22 310
30 55 24 40 9 25 0 0.00 M M 6.5 14 310 M M 0 22 320
31 48 19 34 3 31 0 0.00 M M 2.9 23 310 M M 3 33 310
================================================================================
SM 1555 695 884 0 0.60 M 223.2 M 108
================================================================================
AV 50.2 22.4 7.2 FASTST M M 3 MAX(MPH)
MISC ----> 29 180 41 320
================================================================================
NOTES:
# LAST OF SEVERAL OCCURRENCES
COLUMN 17 PEAK WIND IN M.P.H.
PRELIMINARY LOCAL CLIMATOLOGICAL DATA (WS FORM: F-6) , PAGE 2
STATION: LEADVILLE CO
MONTH: OCTOBER
YEAR: 2021
LATITUDE: 39 15 N
LONGITUDE: 106 18 W
[TEMPERATURE DATA] [PRECIPITATION DATA] SYMBOLS USED IN COLUMN 16
AVERAGE MONTHLY: 36.3 TOTAL FOR MONTH: 0.60 1 = FOG OR MIST
DPTR FM NORMAL: -0.4 DPTR FM NORMAL: -0.30 2 = FOG REDUCING VISIBILITY
HIGHEST: 64 ON 4 GRTST 24HR 0.29 ON 8- 9 TO 1/4 MILE OR LESS
LOWEST: 13 ON 15 3 = THUNDER
SNOW, ICE PELLETS, HAIL 4 = ICE PELLETS
TOTAL MONTH: M 5 = HAIL
GRTST 24HR M ON M 6 = FREEZING RAIN OR DRIZZLE
GRTST DEPTH: M ON M 7 = DUSTSTORM OR SANDSTORM:
VSBY 1/2 MILE OR LESS
8 = SMOKE OR HAZE
[NO. OF DAYS WITH] [WEATHER - DAYS WITH] 9 = BLOWING SNOW
X = TORNADO
MAX 32 OR BELOW: 1 0.01 INCH OR MORE: 12
MAX 90 OR ABOVE: 0 0.10 INCH OR MORE: 2
MIN 32 OR BELOW: 30 0.50 INCH OR MORE: 0
MIN 0 OR BELOW: 0 1.00 INCH OR MORE: 0
[HDD (BASE 65) ]
TOTAL THIS MO. 884 CLEAR (SCALE 0-3) 15
DPTR FM NORMAL 8 PTCLDY (SCALE 4-7) 14
TOTAL FM JUL 1 1929 CLOUDY (SCALE 8-10) 2
DPTR FM NORMAL -177
[CDD (BASE 65) ]
TOTAL THIS MO. 0
DPTR FM NORMAL 0 [PRESSURE DATA]
TOTAL FM JAN 1 0 HIGHEST SLP 30.52 ON 16
DPTR FM NORMAL 0 LOWEST SLP 29.32 ON 26
[REMARKS]
#FINAL-10-21#