407
CXUS54 KLZK 020611
CF6LZK
PRELIMINARY LOCAL CLIMATOLOGICAL DATA (WS FORM: F-6)
STATION: North Little Rock
MONTH: JUNE
YEAR: 2020
LATITUDE: 34 50 N
LONGITUDE: 92 16 W
TEMPERATURE IN F: :PCPN: SNOW: WIND :SUNSHINE: SKY :PK WND
================================================================================
1 2 3 4 5 6A 6B 7 8 9 10 11 12 13 14 15 16 17 18
12Z AVG MX 2MIN
DY MAX MIN AVG DEP HDD CDD WTR SNW DPTH SPD SPD DIR MIN PSBL S-S WX SPD DR
================================================================================
1 83 63 73 -2 0 8 0.00 0.0 0 5.0 12 150 M M 0 17 90
2 86 63 75 -1 0 10 0.00 0.0 0 3.0 10 200 M M 0 15 180
3 83 70 77 1 0 12 0.02 0.0 0 3.0 13 320 M M 0 3 23 320
4 87 72 80 4 0 15 0.03 0.0 0 5.0 14 220 M M 0 3 20 220
5 93 72 83 7 0 18 0.01 0.0 0 6.0 16 200 M M 0 3 24 220
6 92 69 81 4 0 16 0.00 0.0 0 7.0 15 90 M M 0 18 150
7 94 73 84 7 0 19 0.00 0.0 0 10.0 20 90 M M 0 26 110
8 80 72 76 -1 0 11 2.63 0.0 0 12.0 23 40 M M 0 12 32 60
9 89 71 80 3 0 15 0.05 0.0 0 12.0 21 200 M M 0 30 200
10 81 65 73 -5 0 8 0.00 0.0 0 7.0 16 300 M M 0 27 300
11 83 61 72 -6 0 7 0.00 0.0 0 5.0 11 360 M M 0 15 360
12 87 65 76 -2 0 11 0.00 0.0 0 4.0 13 90 M M 0 16 90
13 90 70 80 2 0 15 0.00 0.0 0 4.0 14 130 M M 0 3 17 130
14 90 69 80 1 0 15 0.00 0.0 0 4.0 12 110 M M 0 15 90
15 90 70 80 1 0 15 0.00 0.0 0 5.0 11 90 M M 0 14 90
16 84 66 75 -4 0 10 0.00 0.0 0 4.5 9 90 M M 0 M M
17 88 64 76 -3 0 11 0.00 0.0 0 3.0 10 110 M M 0 14 110
18 88 66 77 -3 0 12 0.00 0.0 0 4.0 10 150 M M 0 16 150
19 90 70 80 0 0 15 0.00 0.0 0 5.0 11 220 M M 0 17 180
20 87 70 79 -1 0 14 0.02 0.0 0 5.0 13 150 M M 0 19 220
21 86 68 77 -3 0 12 0.50 0.0 0 4.0 12 340 M M 0 3 17 340
22 85 68 77 -3 0 12 0.24 0.0 0 4.5 9 200 M M 0 M M
23 85 67 76 -4 0 11 1.07 0.0 0 4.0 19 220 M M 0 3 30 240
24 84 69 77 -4 0 12 0.00 0.0 0 5.0 13 40 M M 0 17 60
25 88 65 77 -4 0 12 0.00 0.0 0 7.0 16 90 M M 0 20 90
26 82 70 76 -5 0 11 0.14 0.0 0 8.0 21 220 M M 0 36 220
27 88 70 79 -2 0 14 T 0.0 0 7.0 13 220 M M 0 M M
28 90 71 81 0 0 16 0.06 0.0 0 9.0 23 200 M M 0 38 42 150
29 77 71 74 -7 0 9 0.78 0.0 0 6.0 20 130 M M 0 3 28 150
30 89 74 82 0 0 17 T 0.0 0 8.0 15 220 M M 0 21 220
================================================================================
SM 2599 2054 0 383 5.55 0.0 176.0 M 0
================================================================================
AV 86.6 68.5 5.9 FASTST M M 0 MAX(MPH)
MISC ----> # 23 40 # 42 150
================================================================================
NOTES:
# LAST OF SEVERAL OCCURRENCES
COLUMN 17 PEAK WIND IN M.P.H.
PRELIMINARY LOCAL CLIMATOLOGICAL DATA (WS FORM: F-6) , PAGE 2
STATION: North Little Rock
MONTH: JUNE
YEAR: 2020
LATITUDE: 34 50 N
LONGITUDE: 92 16 W
[TEMPERATURE DATA] [PRECIPITATION DATA] SYMBOLS USED IN COLUMN 16
AVERAGE MONTHLY: 77.6 TOTAL FOR MONTH: 5.55 1 = FOG OR MIST
DPTR FM NORMAL: -1.1 DPTR FM NORMAL: 2.24 2 = FOG REDUCING VISIBILITY
HIGHEST: 94 ON 7 GRTST 24HR 2.63 ON 8- 8 TO 1/4 MILE OR LESS
LOWEST: 61 ON 11 3 = THUNDER
SNOW, ICE PELLETS, HAIL 4 = ICE PELLETS
TOTAL MONTH: 0.0 INCH 5 = HAIL
GRTST 24HR 0.0 6 = FREEZING RAIN OR DRIZZLE
GRTST DEPTH: 0 7 = DUSTSTORM OR SANDSTORM:
VSBY 1/2 MILE OR LESS
8 = SMOKE OR HAZE
[NO. OF DAYS WITH] [WEATHER - DAYS WITH] 9 = BLOWING SNOW
X = TORNADO
MAX 32 OR BELOW: 0 0.01 INCH OR MORE: 12
MAX 90 OR ABOVE: 8 0.10 INCH OR MORE: 6
MIN 32 OR BELOW: 0 0.50 INCH OR MORE: 4
MIN 0 OR BELOW: 0 1.00 INCH OR MORE: 2
[HDD (BASE 65) ]
TOTAL THIS MO. 0 CLEAR (SCALE 0-3) 30
DPTR FM NORMAL -1 PTCLDY (SCALE 4-7) 0
TOTAL FM JUL 1 3003 CLOUDY (SCALE 8-10) 0
DPTR FM NORMAL -3
[CDD (BASE 65) ]
TOTAL THIS MO. 383
DPTR FM NORMAL -30 [PRESSURE DATA]
TOTAL FM JAN 1 562 HIGHEST SLP M ON M
DPTR FM NORMAL -147 LOWEST SLP 29.48 ON 8
[REMARKS]
#FINAL-06-20#