000
CXUS54 KLZK 011330
CF6M19
PRELIMINARY LOCAL CLIMATOLOGICAL DATA (WS FORM: F-6)
STATION: NEWPORT AIRPORT
MONTH: FEBRUARY
YEAR: 2023
LATITUDE: 35 35 N
LONGITUDE: 91 16 W
TEMPERATURE IN F: :PCPN: SNOW: WIND :SUNSHINE: SKY :PK WND
================================================================================
1 2 3 4 5 6A 6B 7 8 9 10 11 12 13 14 15 16 17 18
12Z AVG MX 2MIN
DY MAX MIN AVG DEP HDD CDD WTR SNW DPTH SPD SPD DIR MIN PSBL S-S WX SPD DR
================================================================================
1 29 24 27 -11 38 0 0.11 M M 8.3 17 30 M M 7 6 M M
2 35 27 31 -7 34 0 0.01 M M 3.5 8 320 M M 5 6 M M
3 35 27 31 -8 34 0 0.00 M M 9.5 15 30 M M 0 M M
4 44 26 35 -4 30 0 0.00 M M 10.3 15 180 M M 0 1 M M
5 62 36 49 10 16 0 0.00 M M 8.5 15 200 M M 0 M M
6 63 36 50 11 15 0 0.00 M M 9.4 23 170 M M 4 12 23 170
7 59 48 54 15 11 0 T M M 9.6 14 30 M M 7 M M
8 62 46 54 14 11 0 3.13 M M 13.0 24 160 M M 10 13 35 220
9 58 43 51 11 14 0 T M M 14.6 30 230 M M 6 40 230
10 47 38 43 3 22 0 0.00 M M 10.5 17 30 M M 8 M M
11 49 33 41 1 24 0 0.00 M M 12.5 18 30 M M 1 8 M M
12 56 30 43 2 22 0 0.00 M M 7.5 12 190 M M 0 8 M M
13 66 37 52 11 13 0 0.00 M M 7.4 12 130 M M 0 M M
14 57 46 52 11 13 0 0.40 M M 16.7 30 160 M M 3 128 40 170
15 71 52 62 20 3 0 0.01 M M 13.6 21 210 M M 5 123 M M
16 67 33 50 8 15 0 0.42 M M 17.1 28 320 M M 10 138 35 200
17 46 32 39 -3 26 0 0.00 M M 12.1 17 340 M M 3 23 340
18 52 28 40 -2 25 0 T M M 9.4 15 160 M M 1 M M
19 60 39 50 7 15 0 0.00 M M 14.1 24 200 M M 0 32 210
20 71 50 61 18 4 0 0.00 M M 10.7 17 200 M M 1 25 240
21 67 44 56 13 9 0 0.00 M M 6.2 13 170 M M 2 M M
22 74 54 64 20 1 0 0.14 M M 20.2 37 190 M M 6 48 190
23 65 47 56 12 9 0 T M M 11.4 16 340 M M 8 1 M M
24 48 36 42 -2 23 0 T M M 14.2 21 20 M M 10 25 30
25 49 42 46 1 19 0 0.09 M M 4.4 10 200 M M 10 M M
26 62 46 54 9 11 0 T M M 8.4 15 190 M M 10 1 M M
27 75 51 63 18 2 0 0.01 M M 18.6 29 200 M M 2 39 230
28 75 44 60 14 5 0 M M M 8.3 22 180 M M 0 8 M M
================================================================================
SM 1604 1095 464 0 4.32 M 310.0 M 119
================================================================================
AV 57.3 39.1 11.1 FASTST M M 4 MAX(MPH)
MISC ----> 37 190 48 190
================================================================================
NOTES:
# LAST OF SEVERAL OCCURRENCES
COLUMN 17 PEAK WIND IN M.P.H.
PRELIMINARY LOCAL CLIMATOLOGICAL DATA (WS FORM: F-6) , PAGE 2
STATION: NEWPORT AIRPORT
MONTH: FEBRUARY
YEAR: 2023
LATITUDE: 35 35 N
LONGITUDE: 91 16 W
[TEMPERATURE DATA] [PRECIPITATION DATA] SYMBOLS USED IN COLUMN 16
AVERAGE MONTHLY: 48.2 TOTAL FOR MONTH: 4.32 1 = FOG OR MIST
DPTR FM NORMAL: 6.6 DPTR FM NORMAL: 0.65 2 = FOG REDUCING VISIBILITY
HIGHEST: 75 ON 28,27 GRTST 24HR 3.13 ON 8- 8 TO 1/4 MILE OR LESS
LOWEST: 24 ON 1 3 = THUNDER
SNOW, ICE PELLETS, HAIL 4 = ICE PELLETS
TOTAL MONTH: M 5 = HAIL
GRTST 24HR M ON M 6 = FREEZING RAIN OR DRIZZLE
GRTST DEPTH: M ON M 7 = DUSTSTORM OR SANDSTORM:
VSBY 1/2 MILE OR LESS
8 = SMOKE OR HAZE
[NO. OF DAYS WITH] [WEATHER - DAYS WITH] 9 = BLOWING SNOW
X = TORNADO
MAX 32 OR BELOW: 1 0.01 INCH OR MORE: 9
MAX 90 OR ABOVE: 0 0.10 INCH OR MORE: 5
MIN 32 OR BELOW: 7 0.50 INCH OR MORE: 1
MIN 0 OR BELOW: 0 1.00 INCH OR MORE: 1
[HDD (BASE 65) ]
TOTAL THIS MO. 464 CLEAR (SCALE 0-3) 13
DPTR FM NORMAL -193 PTCLDY (SCALE 4-7) 9
TOTAL FM JUL 1 2474 CLOUDY (SCALE 8-10) 6
DPTR FM NORMAL -479
[CDD (BASE 65) ]
TOTAL THIS MO. 0
DPTR FM NORMAL 0 [PRESSURE DATA]
TOTAL FM JAN 1 0 HIGHEST SLP M ON M
DPTR FM NORMAL 0 LOWEST SLP M ON M
[REMARKS]
#FINAL-02-23#