000
CXUS53 KDTX 010635
CF6MBS
PRELIMINARY LOCAL CLIMATOLOGICAL DATA (WS FORM: F-6)
STATION: TRI CITIES MI
MONTH: MARCH
YEAR: 2020
LATITUDE: 43 31 N
LONGITUDE: 84 5 W
TEMPERATURE IN F: :PCPN: SNOW: WIND :SUNSHINE: SKY :PK WND
================================================================================
1 2 3 4 5 6A 6B 7 8 9 10 11 12 13 14 15 16 17 18
12Z AVG MX 2MIN
DY MAX MIN AVG DEP HDD CDD WTR SNW DPTH SPD SPD DIR MIN PSBL S-S WX SPD DR
================================================================================
1 47 23 35 7 30 0 0.00 0.0 1 12.2 23 180 M M 3 32 170
2 49 30 40 12 25 0 0.00 0.0 0 9.7 16 250 M M 0 18 22 250
3 43 27 35 6 30 0 0.01 0.0 0 9.4 24 250 M M 7 34 250
4 43 26 35 6 30 0 0.00 0.0 0 10.3 24 260 M M 2 32 260
5 48 24 36 6 29 0 0.06 0.0 0 9.2 20 200 M M 4 18 29 210
6 36 25 31 1 34 0 0.05 T 0 14.0 29 10 M M 8 18 37 360
7 46 19 33 3 32 0 0.00 0.0 0 9.2 20 220 M M 0 26 220
8 62 32 47 16 18 0 0.00 0.0 0 13.1 25 220 M M 0 33 190
9 60 47 54 23 11 0 0.16 0.0 0 15.5 30 220 M M 5 39 220
10 51 33 42 11 23 0 0.15 0.0 0 9.9 28 320 M M 5 8 36 320
11 42 33 38 6 27 0 T T 0 3.7 12 110 M M 8 8 13 110
12 53 39 46 14 19 0 0.00 0.0 0 8.7 17 150 M M 8 8 25 180
13 50 30 40 8 25 0 0.09 0.0 0 20.5 32 250 M M 6 46 270
14 35 28 32 -1 33 0 0.00 0.0 0 5.9 12 330 M M 5 16 290
15 36 26 31 -2 34 0 0.00 0.0 0 12.2 21 40 M M 1 27 40
16 47 22 35 1 30 0 0.00 0.0 0 7.5 20 220 M M 4 8 25 230
17 49 31 40 6 25 0 T 0.0 0 11.6 21 290 M M 5 8 29 260
18 47 31 39 5 26 0 0.00 0.0 0 8.8 18 30 M M 4 8 22 30
19 56 30 43 8 22 0 0.22 0.0 0 8.0 20 200 M M 4 8 28 210
20 59 26 43 8 22 0 0.24 0.0 0 17.5 25 310 M M 9 8 41 320
21 31 20 26 -10 39 0 0.00 0.0 0 11.1 18 350 M M 5 22 60
22 41 19 30 -6 35 0 T T 0 7.8 16 160 M M 5 26 170
23 42 30 36 0 29 0 0.10 1.5 2 5.8 13 260 M M 8 8 18 250
24 45 31 38 1 27 0 0.00 0.0 0 5.3 14 50 M M 8 8 17 20
25 54 29 42 5 23 0 0.00 0.0 0 6.6 17 250 M M 2 8 24 250
26 52 37 45 7 20 0 0.00 0.0 0 9.4 16 340 M M 6 20 250
27 50 36 43 5 22 0 0.00 0.0 0 9.8 16 30 M M 6 20 100
28 45 39 42 4 23 0 0.92 0.0 0 11.8 20 30 M M 10 8 25 60
29 61 43 52 13 13 0 0.23 0.0 0 18.7 35 220 M M 9 38 47 220
30 46 37 42 3 23 0 0.02 0.0 0 13.5 24 250 M M 10 8 31 250
31 41 37 39 -1 26 0 0.01 0.0 0 12.5 20 30 M M 10 8 25 40
================================================================================
SM 1467 940 805 0 2.26 1.5 329.2 M 167
================================================================================
AV 47.3 30.3 10.6 FASTST M M 5 MAX(MPH)
MISC ----> 35 220 47 220
================================================================================
NOTES:
# LAST OF SEVERAL OCCURRENCES
COLUMN 17 PEAK WIND IN M.P.H.
PRELIMINARY LOCAL CLIMATOLOGICAL DATA (WS FORM: F-6) , PAGE 2
STATION: TRI CITIES MI
MONTH: MARCH
YEAR: 2020
LATITUDE: 43 31 N
LONGITUDE: 84 5 W
[TEMPERATURE DATA] [PRECIPITATION DATA] SYMBOLS USED IN COLUMN 16
AVERAGE MONTHLY: 38.8 TOTAL FOR MONTH: 2.26 1 = FOG OR MIST
DPTR FM NORMAL: 5.1 DPTR FM NORMAL: 0.20 2 = FOG REDUCING VISIBILITY
HIGHEST: 62 ON 8 GRTST 24HR 1.14 ON 28-29 TO 1/4 MILE OR LESS
LOWEST: 19 ON 22, 7 3 = THUNDER
SNOW, ICE PELLETS, HAIL 4 = ICE PELLETS
TOTAL MONTH: 1.5 INCHES 5 = HAIL
GRTST 24HR 1.5 ON 23-23 6 = FREEZING RAIN OR DRIZZLE
GRTST DEPTH: 2 ON 23 7 = DUSTSTORM OR SANDSTORM:
VSBY 1/2 MILE OR LESS
8 = SMOKE OR HAZE
[NO. OF DAYS WITH] [WEATHER - DAYS WITH] 9 = BLOWING SNOW
X = TORNADO
MAX 32 OR BELOW: 1 0.01 INCH OR MORE: 13
MAX 90 OR ABOVE: 0 0.10 INCH OR MORE: 7
MIN 32 OR BELOW: 21 0.50 INCH OR MORE: 1
MIN 0 OR BELOW: 0 1.00 INCH OR MORE: 0
[HDD (BASE 65) ]
TOTAL THIS MO. 805 CLEAR (SCALE 0-3) 7
DPTR FM NORMAL -164 PTCLDY (SCALE 4-7) 17
TOTAL FM JUL 1 5439 CLOUDY (SCALE 8-10) 7
DPTR FM NORMAL -629
[CDD (BASE 65) ]
TOTAL THIS MO. 0
DPTR FM NORMAL 0 [PRESSURE DATA]
TOTAL FM JAN 1 0 HIGHEST SLP M ON M
DPTR FM NORMAL 0 LOWEST SLP 29.44 ON 29
[REMARKS]
#FINAL-03-20#