680
CXUS54 KLIX 010810
CF6MCB
PRELIMINARY LOCAL CLIMATOLOGICAL DATA (WS FORM: F-6)
STATION: MCCOMB
MONTH: MARCH
YEAR: 2021
LATITUDE: 31 10 N
LONGITUDE: 90 28 W
TEMPERATURE IN F: :PCPN: SNOW: WIND :SUNSHINE: SKY :PK WND
================================================================================
1 2 3 4 5 6A 6B 7 8 9 10 11 12 13 14 15 16 17 18
12Z AVG MX 2MIN
DY MAX MIN AVG DEP HDD CDD WTR SNW DPTH SPD SPD DIR MIN PSBL S-S WX SPD DR
================================================================================
1 70 55 63 8 2 0 0.21 M M 6.9 20 50 M M 10 1 30 40
2 55 42 49 -6 16 0 1.86 M M 9.3 16 360 M M 10 1 26 40
3 64 38 51 -5 14 0 0.00 M M 5.9 14 360 M M 3 19 10
4 72 34 53 -3 12 0 0.00 M M 2.1 9 160 M M 0 13 10
5 71 41 56 0 9 0 0.03 M M 4.8 17 360 M M 3 1 23 360
6 66 41 54 -2 11 0 0.00 M M 8.8 20 340 M M 2 24 340
7 66 39 53 -4 12 0 0.00 M M 4.5 13 40 M M 0 19 70
8 73 33 53 -4 12 0 0.00 M M 3.8 15 160 M M 0 20 160
9 75 39 57 0 8 0 0.00 M M 7.6 22 170 M M 1 1 28 170
10 78 57 68 11 0 3 T 0.0 M 12.4 25 170 M M 7 1 32 160
11 80 58 69 11 0 4 0.00 M M 10.6 20 160 M M 6 1 25 160
12 82 62 72 14 0 7 0.00 0.0 M 5.6 15 160 M M 7 1 19 160
13 81 59 70 12 0 5 0.00 0.0 M 5.2 14 180 M M 5 12 18 160
14 80 59 70 12 0 5 T M M 9.0 21 160 M M 8 1 26 150
15 85 68 77 19 0 12 0.07 M M 11.5 21 190 M M 9 1 29 220
16 83 67 75 16 0 10 0.57 M M 6.8 18 190 M M 8 13 25 190
17 81 64 73 14 0 8 1.15 M M 11.9 35 230 M M 9 13 53 230
18 64 50 57 -2 8 0 0.00 M M 11.3 24 330 M M 4 32 290
19 54 49 52 -7 13 0 0.00 M M 9.3 16 330 M M 10 23 330
20 66 48 57 -3 8 0 0.00 M M 4.7 12 360 M M 9 14 350
21 72 44 58 -2 7 0 0.00 M M 3.0 13 170 M M 0 8 19 180
22 75 42 59 -1 6 0 0.00 M M 6.5 17 160 M M 4 8 23 150
23 63 60 62 2 3 0 2.08 0.0 M 7.8 24 310 M M 9 13 30 320
24 74 56 65 5 0 0 1.36 0.0 M 5.3 15 160 M M 9 13 21 110
25 77 65 71 11 0 6 1.38 0.0 M 10.5 21 170 M M 8 13 28 170
26 75 62 69 8 0 4 0.00 M M 4.8 10 90 M M 9 1 15 80
27 86 71 79 18 0 14 0.15 0.0 M 11.9 22 160 M M 7 30 160
28 73 52 63 2 2 0 0.31 0.0 M 8.2 23 350 M M 5 1 30 350
29 72 41 57 -4 8 0 M M M 3.1 8 90 M M 0 M M
30 78 51 65 3 0 0 0.25 M M 7.8 18 160 M M 5 1 24 180
31 78 51 65 3 0 0 0.11 M M 9.6 23 340 M M 9 13 29 350
================================================================================
SM 2269 1598 151 78 9.53 0.0 230.5 M 176
================================================================================
AV 73.2 51.5 7.4 FASTST M M 6 MAX(MPH)
MISC ----> 35 230 53 230
================================================================================
NOTES:
# LAST OF SEVERAL OCCURRENCES
COLUMN 17 PEAK WIND IN M.P.H.
PRELIMINARY LOCAL CLIMATOLOGICAL DATA (WS FORM: F-6) , PAGE 2
STATION: MCCOMB
MONTH: MARCH
YEAR: 2021
LATITUDE: 31 10 N
LONGITUDE: 90 28 W
[TEMPERATURE DATA] [PRECIPITATION DATA] SYMBOLS USED IN COLUMN 16
AVERAGE MONTHLY: 62.4 TOTAL FOR MONTH: 9.53 1 = FOG OR MIST
DPTR FM NORMAL: 3.8 DPTR FM NORMAL: 3.71 2 = FOG REDUCING VISIBILITY
HIGHEST: 86 ON 27 GRTST 24HR 2.74 ON 24-25 TO 1/4 MILE OR LESS
LOWEST: 33 ON 8 3 = THUNDER
SNOW, ICE PELLETS, HAIL 4 = ICE PELLETS
TOTAL MONTH: 0.0 INCH 5 = HAIL
GRTST 24HR 0.0 6 = FREEZING RAIN OR DRIZZLE
GRTST DEPTH: M ON M 7 = DUSTSTORM OR SANDSTORM:
VSBY 1/2 MILE OR LESS
8 = SMOKE OR HAZE
[NO. OF DAYS WITH] [WEATHER - DAYS WITH] 9 = BLOWING SNOW
X = TORNADO
MAX 32 OR BELOW: 0 0.01 INCH OR MORE: 13
MAX 90 OR ABOVE: 0 0.10 INCH OR MORE: 11
MIN 32 OR BELOW: 0 0.50 INCH OR MORE: 6
MIN 0 OR BELOW: 0 1.00 INCH OR MORE: 5
[HDD (BASE 65) ]
TOTAL THIS MO. 151 CLEAR (SCALE 0-3) 9
DPTR FM NORMAL -81 PTCLDY (SCALE 4-7) 10
TOTAL FM JUL 1 1738 CLOUDY (SCALE 8-10) 12
DPTR FM NORMAL -197
[CDD (BASE 65) ]
TOTAL THIS MO. 78
DPTR FM NORMAL 46 [PRESSURE DATA]
TOTAL FM JAN 1 111 HIGHEST SLP M ON M
DPTR FM NORMAL 65 LOWEST SLP 29.64 ON 17
[REMARKS]
#FINAL-03-21#