000
CXAK56 PAFG 010950
CF6MCG
PRELIMINARY LOCAL CLIMATOLOGICAL DATA (WS FORM: F-6)
STATION: MCGRATH AK
MONTH: JANUARY
YEAR: 2023
LATITUDE: 62 57 N
LONGITUDE: 155 36 W
TEMPERATURE IN F: :PCPN: SNOW: WIND :SUNSHINE: SKY :PK WND
================================================================================
1 2 3 4 5 6A 6B 7 8 9 10 11 12 13 14 15 16 17 18
12Z AVG MX 2MIN
DY MAX MIN AVG DEP HDD CDD WTR SNW DPTH SPD SPD DIR MIN PSBL S-S WX SPD DR
================================================================================
1 22 -19 2 9 63 0 0.00 M M 1.4 7 260 M M 3 8 270
2 11 -4 4 11 61 0 0.00 M M 0.5 8 260 M M 1 9 270
3 5 -9 -2 5 67 0 0.00 M M 0.1 5 220 M M 1 6 240
4 M M M M M M M M M M M M M M M 8 M M
5 M M M M M M M M M M M M M M M M M
6 9 -8 1 8 64 0 T M M 0.0 3 30 M M 10 18 4 20
7 11 -2 5 12 60 0 0.00 M M 0.5 5 320 M M 10 18 6 330
8 -1 -18 -9 -1 74 0 0.00 M M 1.2 6 310 M M 6 8 7 320
9 8 -23 -7 1 72 0 0.00 M M 1.9 6 260 M M 2 7 290
10 12 -5 4 12 61 0 0.00 M M 0.3 5 330 M M 8 6 340
11 23 6 15 23 50 0 0.08 M M 0.1 8 100 M M 10 1 11 110
12 23 12 18 25 47 0 0.07 M M 0.6 6 150 M M 10 8 7 130
13 20 3 12 19 53 0 T M M 1.2 6 130 M M 10 8 7 140
14 10 -9 1 8 64 0 0.00 M M 0.4 5 260 M M 6 18 4 290
15 14 -8 3 10 62 0 0.01 M M 0.3 5 20 M M 7 8 6 20
16 18 -7 6 13 59 0 T M M 0.1 3 350 M M 5 4 340
17 1 -14 -6 1 71 0 0.00 M M 0.4 5 30 M M 4 6 230
18 10 -6 2 8 63 0 0.05 M M 0.1 4 330 M M 9 18 M M
19 5 -8 -1 5 66 0 0.01 M M 0.9 6 280 M M 6 6 320
20 13 -9 2 8 63 0 0.00 M M 0.9 7 340 M M 5 8 8 330
21 16 -21 -2 4 67 0 0.01 M M 3.5 12 290 M M 2 8 16 290
22 -3 -23 -13 -8 78 0 0.00 M M 6.7 16 20 M M 0 22 30
23 -2 -28 -15 -10 80 0 0.00 M M 3.6 10 10 M M 5 13 360
24 5 -14 -4 0 69 0 0.20 M M 6.0 12 10 M M 9 14 10
25 27 2 15 19 50 0 0.32 M M 2.3 12 280 M M 10 8 14 290
26 19 -23 -2 2 67 0 T M M 2.0 13 260 M M 3 8 17 260
27 25 -6 10 13 55 0 0.16 M M 1.3 7 140 M M 6 10 150
28 25 14 20 23 45 0 0.23 M M 1.2 6 140 M M 10 18 7 160
29 32 20 26 28 39 0 0.06 M M 0.8 7 110 M M 10 128 9 100
30 30 20 25 27 40 0 T M M 0.1 3 130 M M 9 8 4 150
31 31 17 24 25 41 0 0.03 M M 0.8 6 130 M M 10 18 7 130
================================================================================
SM 419 -170 1751 0 1.23 M 39.2 M 187
================================================================================
AV 14.4 -5.9 1.4 FASTST M M 6 MAX(MPH)
MISC ----> 16 20 22 30
================================================================================
NOTES:
# LAST OF SEVERAL OCCURRENCES
COLUMN 17 PEAK WIND IN M.P.H.
PRELIMINARY LOCAL CLIMATOLOGICAL DATA (WS FORM: F-6) , PAGE 2
STATION: MCGRATH AK
MONTH: JANUARY
YEAR: 2023
LATITUDE: 62 57 N
LONGITUDE: 155 36 W
[TEMPERATURE DATA] [PRECIPITATION DATA] SYMBOLS USED IN COLUMN 16
AVERAGE MONTHLY: 4.3 TOTAL FOR MONTH: 1.23 1 = FOG OR MIST
DPTR FM NORMAL: 10.1 DPTR FM NORMAL: 0.08 2 = FOG REDUCING VISIBILITY
HIGHEST: 32 ON 29 GRTST 24HR 0.32 ON 25-25 TO 1/4 MILE OR LESS
LOWEST: -28 ON 23 3 = THUNDER
SNOW, ICE PELLETS, HAIL 4 = ICE PELLETS
TOTAL MONTH: M 5 = HAIL
GRTST 24HR M ON M 6 = FREEZING RAIN OR DRIZZLE
GRTST DEPTH: M ON M 7 = DUSTSTORM OR SANDSTORM:
VSBY 1/2 MILE OR LESS
8 = SMOKE OR HAZE
[NO. OF DAYS WITH] [WEATHER - DAYS WITH] 9 = BLOWING SNOW
X = TORNADO
MAX 32 OR BELOW: 29 0.01 INCH OR MORE: 12
MAX 90 OR ABOVE: 0 0.10 INCH OR MORE: 4
MIN 32 OR BELOW: 29 0.50 INCH OR MORE: 0
MIN 0 OR BELOW: 21 1.00 INCH OR MORE: 0
[HDD (BASE 65) ]
TOTAL THIS MO. 1751 CLEAR (SCALE 0-3) 6
DPTR FM NORMAL -442 PTCLDY (SCALE 4-7) 11
TOTAL FM JUL 1 7208 CLOUDY (SCALE 8-10) 14
DPTR FM NORMAL -913
[CDD (BASE 65) ]
TOTAL THIS MO. 0
DPTR FM NORMAL 0 [PRESSURE DATA]
TOTAL FM JAN 1 0 HIGHEST SLP M ON M
DPTR FM NORMAL 0 LOWEST SLP 28.77 ON 1
[REMARKS]
#FINAL-01-23#