000
CXUS53 KEAX 010736
CF6MCI
PRELIMINARY LOCAL CLIMATOLOGICAL DATA (WS FORM: F-6)
STATION: KANSAS CITY INTERNATIONAL MO
MONTH: SEPTEMBER
YEAR: 2023
LATITUDE: 39 19 N
LONGITUDE: 94 43 W
TEMPERATURE IN F: :PCPN: SNOW: WIND :SUNSHINE: SKY :PK WND
================================================================================
1 2 3 4 5 6A 6B 7 8 9 10 11 12 13 14 15 16 17 18
12Z AVG MX 2MIN
DY MAX MIN AVG DEP HDD CDD WTR SNW DPTH SPD SPD DIR MIN PSBL S-S WX SPD DR
================================================================================
1 88 59 74 1 0 9 0.00 0.0 0 9.2 14 190 M M 0 23 150
2 93 58 76 3 0 11 0.00 0.0 0 8.6 14 190 M M 0 8 19 140
3 94 60 77 4 0 12 0.00 0.0 0 9.8 17 180 M M 0 24 200
4 96 71 84 12 0 19 0.00 0.0 0 14.0 24 170 M M 4 32 180
5 96 65 81 9 0 16 0.12 0.0 0 13.9 26 190 M M 4 38 35 210
6 78 61 70 -2 0 5 0.00 0.0 0 8.6 16 320 M M 3 8 24 320
7 83 53 68 -4 0 3 0.00 0.0 0 6.2 13 80 M M 2 18 17 80
8 84 61 73 2 0 8 0.01 0.0 0 7.2 14 50 M M 3 18 18 60
9 85 59 72 1 0 7 0.00 0.0 0 4.5 12 110 M M 4 18 17 70
10 86 58 72 2 0 7 0.00 0.0 0 6.6 13 110 M M 6 22 40
11 71 57 64 -6 1 0 0.08 0.0 0 5.5 12 20 M M 9 1 17 360
12 79 54 67 -3 0 2 0.00 0.0 0 4.7 10 60 M M 1 128 14 10
13 81 53 67 -2 0 2 0.00 0.0 0 5.5 12 160 M M 2 18 17 170
14 82 54 68 -1 0 3 0.00 0.0 0 7.1 18 160 M M 2 8 26 170
15 84 53 69 0 0 4 0.02 0.0 0 5.9 14 220 M M 6 8 19 190
16 80 57 69 1 0 4 0.07 0.0 0 4.8 14 340 M M 7 138 20 300
17 78 53 66 -2 0 1 0.00 0.0 0 7.2 15 350 M M 1 18 21 350
18 86 49 68 0 0 3 0.00 0.0 0 10.3 17 170 M M 1 18 28 170
19 85 62 74 7 0 9 0.00 0.0 0 13.0 28 200 M M 4 8 35 200
20 83 62 73 6 0 8 0.00 0.0 0 10.2 17 110 M M 5 24 110
21 84 61 73 7 0 8 T 0.0 0 10.5 21 120 M M 6 26 110
22 77 64 71 5 0 6 0.47 0.0 0 8.1 21 120 M M 8 13 27 320
23 77 64 71 5 0 6 0.24 0.0 0 11.5 25 160 M M 6 13 33 160
24 84 60 72 7 0 7 0.00 0.0 0 5.8 14 310 M M 1 12 22 320
25 86 56 71 6 0 6 0.00 0.0 0 5.8 14 320 M M 2 8 21 330
26 82 58 70 6 0 5 0.00 0.0 0 5.8 12 40 M M 4 16 60
27 82 56 69 5 0 4 0.00 0.0 0 6.1 12 90 M M 3 16 90
28 87 61 74 10 0 9 0.00 0.0 0 8.6 14 130 M M 1 22 110
29 92 63 78 15 0 13 0.00 0.0 0 11.4 21 150 M M 1 8 29 180
30 92 66 79 16 0 14 0.00 0.0 M 11.8 20 170 M M 1 26 180
================================================================================
SM 2535 1768 1 211 1.01 0.0 248.2 M 97
================================================================================
AV 84.5 58.9 8.3 FASTST M M 3 MAX(MPH)
MISC ----> 28 200 # 35 210
================================================================================
NOTES:
# LAST OF SEVERAL OCCURRENCES
COLUMN 17 PEAK WIND IN M.P.H.
PRELIMINARY LOCAL CLIMATOLOGICAL DATA (WS FORM: F-6) , PAGE 2
STATION: KANSAS CITY INTERNATIONAL MO
MONTH: SEPTEMBER
YEAR: 2023
LATITUDE: 39 19 N
LONGITUDE: 94 43 W
[TEMPERATURE DATA] [PRECIPITATION DATA] SYMBOLS USED IN COLUMN 16
AVERAGE MONTHLY: 71.7 TOTAL FOR MONTH: 1.01 1 = FOG OR MIST
DPTR FM NORMAL: 3.3 DPTR FM NORMAL: -3.03 2 = FOG REDUCING VISIBILITY
HIGHEST: 96 ON 5, 4 GRTST 24HR 0.47 ON 21-22 TO 1/4 MILE OR LESS
LOWEST: 49 ON 18 3 = THUNDER
SNOW, ICE PELLETS, HAIL 4 = ICE PELLETS
TOTAL MONTH: 0.0 INCH 5 = HAIL
GRTST 24HR 0.0 6 = FREEZING RAIN OR DRIZZLE
GRTST DEPTH: 0 7 = DUSTSTORM OR SANDSTORM:
VSBY 1/2 MILE OR LESS
8 = SMOKE OR HAZE
[NO. OF DAYS WITH] [WEATHER - DAYS WITH] 9 = BLOWING SNOW
X = TORNADO
MAX 32 OR BELOW: 0 0.01 INCH OR MORE: 7
MAX 90 OR ABOVE: 6 0.10 INCH OR MORE: 3
MIN 32 OR BELOW: 0 0.50 INCH OR MORE: 0
MIN 0 OR BELOW: 0 1.00 INCH OR MORE: 0
[HDD (BASE 65) ]
TOTAL THIS MO. 1 CLEAR (SCALE 0-3) 17
DPTR FM NORMAL -57 PTCLDY (SCALE 4-7) 12
TOTAL FM JUL 1 1 CLOUDY (SCALE 8-10) 1
DPTR FM NORMAL -57
[CDD (BASE 65) ]
TOTAL THIS MO. 211
DPTR FM NORMAL 53 [PRESSURE DATA]
TOTAL FM JAN 1 1446 HIGHEST SLP M ON M
DPTR FM NORMAL 115 LOWEST SLP 29.65 ON 4
[REMARKS]
#FINAL-09-23#