000
CXUS52 KFFC 050032
CLMMCN
CLIMATE REPORT
NATIONAL WEATHER SERVICE PEACHTREE CITY GA
832 PM EDT TUE JUL 04 2023
...................................
...THE MACON CLIMATE SUMMARY FOR THE MONTH OF JUNE 2023...
CLIMATE NORMAL PERIOD: 1991 TO 2020
CLIMATE RECORD PERIOD: 1899 TO 2023
WEATHER OBSERVED NORMAL DEPART LAST YEAR`S
VALUE DATE(S) VALUE FROM VALUE DATE(S)
NORMAL
................................................................
TEMPERATURE (F)
RECORD
HIGH 108 06/30/2012
LOW 46 06/02/1972
06/12/1913
HIGHEST 95 06/30 105 -10 105 06/22
LOWEST 54 06/10 46 8 60 06/20
AVG. MAXIMUM 88.7 90.9 -2.2 95.2
AVG. MINIMUM 65.4 68.1 -2.7 68.5
MEAN 77.1 79.5 -2.4 81.9
DAYS MAX >= 90 15 18.2 -3.2 22
DAYS MAX <= 32 0 0.0 0.0 0
DAYS MIN <= 32 0 0.0 0.0 0
DAYS MIN <= 0 0 0.0 0.0 0
PRECIPITATION (INCHES)
RECORD
MAXIMUM 12.25 2013
MINIMUM 0.40 1917
TOTALS 6.08 4.44 1.64
DAILY AVG. 0.20 0.15 0.05 0.23
DAYS >= .01 12 11.2 0.8 6
DAYS >= .10 10 7.4 2.6 3
DAYS >= .50 3 2.7 0.3 2
DAYS >= 1.00 2 1.2 0.8 2
GREATEST
24 HR. TOTAL 2.47 06/22 TO 06/22 3.45 06/24 TO 06/24
DEGREE DAYS
HEATING TOTAL 0 0 0 0
SINCE 7/1 1674 2146 -472 MM
COOLING TOTAL 370 435 -65 479
SINCE 1/1 742 800 -58 MM
................................................................
WIND (MPH)
AVERAGE WIND SPEED 5.2
HIGHEST WIND SPEED/DIRECTION 39/360 DATE 06/25
HIGHEST GUST SPEED/DIRECTION 56/020 DATE 06/25
SKY COVER
POSSIBLE SUNSHINE (PERCENT) MM
AVERAGE SKY COVER 0.29
NUMBER OF DAYS FAIR 20
NUMBER OF DAYS PC 7
NUMBER OF DAYS CLOUDY 3
AVERAGE RH (PERCENT) 73
WEATHER CONDITIONS. NUMBER OF DAYS WITH
THUNDERSTORM 14 MIXED PRECIP 0
HEAVY RAIN 4 RAIN 9
LIGHT RAIN 13 FREEZING RAIN 0
LT FREEZING RAIN 0 HAIL 0
HEAVY SNOW 0 SNOW 0
LIGHT SNOW 0 SLEET 0
FOG 23 FOG W/VIS <= 1/4 MILE 1
HAZE 7
- INDICATES NEGATIVE NUMBERS.
R INDICATES RECORD WAS SET OR TIED.
MM INDICATES DATA IS MISSING.
T INDICATES TRACE AMOUNT.
$$