000
CXUS52 KMLB 040334
CF6MCO
PRELIMINARY LOCAL CLIMATOLOGICAL DATA (WS FORM: F-6)
STATION: ORLANDO INTL
MONTH: DECEMBER
YEAR: 2022
LATITUDE: 28 25 N
LONGITUDE: 81 19 W
TEMPERATURE IN F: :PCPN: SNOW: WIND :SUNSHINE: SKY :PK WND
================================================================================
1 2 3 4 5 6A 6B 7 8 9 10 11 12 13 14 15 16 17 18
12Z AVG MX 2MIN
DY MAX MIN AVG DEP HDD CDD WTR SNW DPTH SPD SPD DIR MIN PSBL S-S WX SPD DR
================================================================================
1 78 62 70 4 0 5 0.00 0.0 0 12.5 23 40 M M 4 27 40
2 81 62 72 6 0 7 0.00 0.0 0 9.7 21 70 M M 4 27 110
3 83 62 73 8 0 8 0.00 0.0 0 5.5 14 100 M M 4 16 100
4 80 59 70 5 0 5 0.00 0.0 0 4.1 12 330 M M 2 14 330
5 79 63 71 6 0 6 0.00 0.0 0 5.3 12 60 M M 5 13 60
6 83 62 73 8 0 8 0.00 0.0 0 2.8 12 50 M M 4 13 50
7 82 62 72 7 0 7 0.00 0.0 0 5.0 12 60 M M 3 1 25 280
8 84 64 74 9 0 9 0.00 0.0 0 4.0 9 360 M M 2 12 10
9 82 63 73 9 0 8 0.00 0.0 0 4.5 10 320 M M 1 18 330
10 81 62 72 8 0 7 0.00 0.0 0 6.6 15 30 M M 4 12 18 40
11 75 62 69 5 0 4 0.00 0.0 0 8.1 13 10 M M 8 16 350
12 74 61 68 4 0 3 0.00 0.0 0 6.3 13 10 M M 7 1 16 360
13 77 60 69 5 0 4 0.02 0.0 0 9.8 18 40 M M 5 1 22 60
14 80 65 73 9 0 8 T 0.0 0 9.0 15 120 M M 6 1 23 150
15 74 65 70 6 0 5 0.53 0.0 0 9.8 23 240 M M 9 13 33 230
16 69 53 61 -2 4 0 T 0.0 0 7.1 16 350 M M 6 21 350
17 72 51 62 -1 3 0 0.00 0.0 0 5.6 10 50 M M 6 13 10
18 68 48 58 -5 7 0 0.05 0.0 0 8.0 17 340 M M 5 22 360
19 75 46 61 -2 4 0 0.00 0.0 0 7.5 16 30 M M 2 21 40
20 69 55 62 -1 3 0 0.01 0.0 0 5.5 14 180 M M 9 17 170
21 66 59 63 1 2 0 0.29 0.0 0 8.2 18 340 M M 10 1 23 340
22 68 57 63 1 2 0 0.05 0.0 0 4.4 14 330 M M 10 12 15 330
23 73 41 57 -5 8 0 T 0.0 0 11.9 23 320 M M 4 1 28 310
24 46 31 39 -23 26 0 0.00 0.0 0 10.2 21 330 M M 5 25 330
25 46 30 38 -24 27 0 0.00 0.0 0 8.8 17 320 M M 9 21 320
26 56 37 47 -15 18 0 0.00 0.0 0 7.1 13 320 M M 9 15 320
27 66 40 53 -9 12 0 0.00 0.0 0 8.3 14 330 M M 4 21 290
28 75 44 60 -2 5 0 0.00 0.0 0 6.6 12 80 M M 1 15 80
29 80 52 66 5 0 1 0.00 0.0 0 7.1 15 90 M M 2 20 100
30 82 54 68 7 0 3 0.00 0.0 0 6.2 13 90 M M 4 15 100
31 77 65 71 10 0 6 T 0.0 0 6.0 15 180 M M 9 12 19 190
================================================================================
SM 2281 1697 121 104 0.95 0.0 221.5 M 163
================================================================================
AV 73.6 54.7 7.1 FASTST M M 5 MAX(MPH)
MISC ----> # 23 40 33 230
================================================================================
NOTES:
# LAST OF SEVERAL OCCURRENCES
COLUMN 17 PEAK WIND IN M.P.H.
PRELIMINARY LOCAL CLIMATOLOGICAL DATA (WS FORM: F-6) , PAGE 2
STATION: ORLANDO INTL
MONTH: DECEMBER
YEAR: 2022
LATITUDE: 28 25 N
LONGITUDE: 81 19 W
[TEMPERATURE DATA] [PRECIPITATION DATA] SYMBOLS USED IN COLUMN 16
AVERAGE MONTHLY: 64.2 TOTAL FOR MONTH: 0.95 1 = FOG OR MIST
DPTR FM NORMAL: 0.9 DPTR FM NORMAL: -1.53 2 = FOG REDUCING VISIBILITY
HIGHEST: 84 ON 8 GRTST 24HR 0.53 ON 15-15 TO 1/4 MILE OR LESS
LOWEST: 30 ON 25 3 = THUNDER
SNOW, ICE PELLETS, HAIL 4 = ICE PELLETS
TOTAL MONTH: 0.0 INCH 5 = HAIL
GRTST 24HR 0.0 6 = FREEZING RAIN OR DRIZZLE
GRTST DEPTH: 0 7 = DUSTSTORM OR SANDSTORM:
VSBY 1/2 MILE OR LESS
8 = SMOKE OR HAZE
[NO. OF DAYS WITH] [WEATHER - DAYS WITH] 9 = BLOWING SNOW
X = TORNADO
MAX 32 OR BELOW: 0 0.01 INCH OR MORE: 6
MAX 90 OR ABOVE: 0 0.10 INCH OR MORE: 2
MIN 32 OR BELOW: 2 0.50 INCH OR MORE: 1
MIN 0 OR BELOW: 0 1.00 INCH OR MORE: 0
[HDD (BASE 65) ]
TOTAL THIS MO. 121 CLEAR (SCALE 0-3) 7
DPTR FM NORMAL -6 PTCLDY (SCALE 4-7) 16
TOTAL FM JUL 1 142 CLOUDY (SCALE 8-10) 8
DPTR FM NORMAL -35
[CDD (BASE 65) ]
TOTAL THIS MO. 104
DPTR FM NORMAL 28 [PRESSURE DATA]
TOTAL FM JAN 1 4214 HIGHEST SLP 30.35 ON 3
DPTR FM NORMAL 763 LOWEST SLP 29.86 ON 15
[REMARKS]
#FINAL-12-22#