000
CXUS52 KMLB 012055
CF6MCO
PRELIMINARY LOCAL CLIMATOLOGICAL DATA (WS FORM: F-6)
STATION: ORLANDO INTL
MONTH: JANUARY
YEAR: 2024
LATITUDE: 28 25 N
LONGITUDE: 81 19 W
TEMPERATURE IN F: :PCPN: SNOW: WIND :SUNSHINE: SKY :PK WND
================================================================================
1 2 3 4 5 6A 6B 7 8 9 10 11 12 13 14 15 16 17 18
12Z AVG MX 2MIN
DY MAX MIN AVG DEP HDD CDD WTR SNW DPTH SPD SPD DIR MIN PSBL S-S WX SPD DR
================================================================================
1 72 42 57 -4 8 0 0.00 0.0 0 4.3 16 280 M M 4 128 22 260
2 64 49 57 -4 8 0 0.00 0.0 0 8.6 14 340 M M 6 19 300
3 71 48 60 -1 5 0 0.01 0.0 0 5.3 15 190 M M 9 21 180
4 65 50 58 -3 7 0 T 0.0 0 9.1 17 360 M M 6 1 22 360
5 74 48 61 0 4 0 0.00 0.0 0 10.0 20 80 M M 5 25 80
6 80 66 73 13 0 8 0.58 0.0 0 12.7 22 180 M M 8 1 30 180
7 70 52 61 1 4 0 0.09 0.0 0 8.6 17 300 M M 8 1 27 310
8 68 49 59 -1 6 0 T 0.0 0 10.9 21 120 M M 9 29 130
9 80 58 69 9 0 4 0.47 0.0 0 15.5 40 260 M M 9 138 59 270
10 65 51 58 -2 7 0 0.00 0.0 0 8.6 16 300 M M 4 25 300
11 66 46 56 -4 9 0 0.05 0.0 0 6.0 15 50 M M 6 19 60
12 80 57 69 9 0 4 0.06 0.0 0 10.7 21 220 M M 9 1 29 200
13 76 53 65 5 0 0 0.01 0.0 0 11.6 23 210 M M 10 13 34 210
14 57 51 54 -6 11 0 0.08 0.0 0 7.6 16 360 M M 8 1 22 360
15 77 54 66 6 0 1 0.02 0.0 0 4.5 14 170 M M 9 2 20 140
16 79 62 71 11 0 6 0.08 0.0 0 10.5 21 230 M M 9 12 29 210
17 62 44 53 -7 12 0 0.00 0.0 0 10.0 17 340 M M 7 22 340
18 75 47 61 1 4 0 0.09 0.0 0 6.9 20 300 M M 8 1 25 300
19 77 56 67 7 0 2 0.04 0.0 0 5.4 20 320 M M 8 1 28 290
20 60 44 52 -8 13 0 0.00 0.0 0 10.4 17 360 M M 5 24 360
21 61 38 50 -10 15 0 0.00 0.0 0 13.4 21 30 M M 4 33 40
22 71 45 58 -3 7 0 0.00 0.0 0 8.0 21 90 M M 7 29 90
23 77 62 70 9 0 5 T 0.0 0 9.9 20 100 M M 7 1 29 100
24 80 63 72 11 0 7 0.00 0.0 0 9.3 17 130 M M 7 26 130
25 85 63 74 13 0 9 0.00 0.0 0 7.5 18 140 M M 5 1 25 140
26 82 65 74 13 0 9 0.00 0.0 0 4.6 15 180 M M 6 1 19 150
27 85 61 73 12 0 8 0.00 0.0 0 8.1 20 180 M M 6 1 25 170
28 73 53 63 2 2 0 0.01 0.0 0 12.0 22 270 M M 5 31 260
29 62 48 55 -6 10 0 0.00 0.0 0 9.9 18 330 M M 2 25 340
30 70 46 58 -3 7 0 0.00 0.0 0 5.3 14 270 M M 3 8 19 210
31 73 48 61 -1 4 0 0.00 0.0 0 10.0 25 280 M M 1 35 300
================================================================================
SM 2237 1619 143 63 1.59 0.0 275.2 M 200
================================================================================
AV 72.2 52.2 8.9 FASTST M M 6 MAX(MPH)
MISC ----> 40 260 59 270
================================================================================
NOTES:
# LAST OF SEVERAL OCCURRENCES
COLUMN 17 PEAK WIND IN M.P.H.
PRELIMINARY LOCAL CLIMATOLOGICAL DATA (WS FORM: F-6) , PAGE 2
STATION: ORLANDO INTL
MONTH: JANUARY
YEAR: 2024
LATITUDE: 28 25 N
LONGITUDE: 81 19 W
[TEMPERATURE DATA] [PRECIPITATION DATA] SYMBOLS USED IN COLUMN 16
AVERAGE MONTHLY: 62.2 TOTAL FOR MONTH: 1.59 1 = FOG OR MIST
DPTR FM NORMAL: 1.6 DPTR FM NORMAL: -0.89 2 = FOG REDUCING VISIBILITY
HIGHEST: 85 ON 27,25 GRTST 24HR 0.58 ON 6-6 TO 1/4 MILE OR LESS
LOWEST: 38 ON 21 3 = THUNDER
SNOW, ICE PELLETS, HAIL 4 = ICE PELLETS
TOTAL MONTH: 0.0 INCH 5 = HAIL
GRTST 24HR 0.0 6 = FREEZING RAIN OR DRIZZLE
GRTST DEPTH: 0 7 = DUSTSTORM OR SANDSTORM:
VSBY 1/2 MILE OR LESS
8 = SMOKE OR HAZE
[NO. OF DAYS WITH] [WEATHER - DAYS WITH] 9 = BLOWING SNOW
X = TORNADO
MAX 32 OR BELOW: 0 0.01 INCH OR MORE: 13
MAX 90 OR ABOVE: 0 0.10 INCH OR MORE: 2
MIN 32 OR BELOW: 0 0.50 INCH OR MORE: 1
MIN 0 OR BELOW: 0 1.00 INCH OR MORE: 0
[HDD (BASE 65) ]
TOTAL THIS MO. 143 CLEAR (SCALE 0-3) 3
DPTR FM NORMAL -37 PTCLDY (SCALE 4-7) 19
TOTAL FM JUL 1 248 CLOUDY (SCALE 8-10) 9
DPTR FM NORMAL -108
[CDD (BASE 65) ]
TOTAL THIS MO. 63
DPTR FM NORMAL 17 [PRESSURE DATA]
TOTAL FM JAN 1 63 HIGHEST SLP 30.49 ON 21
DPTR FM NORMAL 17 LOWEST SLP 29.66 ON 9
[REMARKS]
#FINAL-01-24#