000
CXUS53 KPAH 230730
CF6MDH
PRELIMINARY LOCAL CLIMATOLOGICAL DATA (WS FORM: F-6)
STATION: CARBONDALE IL
MONTH: APRIL
YEAR: 2024
LATITUDE: 37 46 N
LONGITUDE: 89 15 W
TEMPERATURE IN F: :PCPN: SNOW: WIND :SUNSHINE: SKY :PK WND
================================================================================
1 2 3 4 5 6A 6B 7 8 9 10 11 12 13 14 15 16 17 18
12Z AVG MX 2MIN
DY MAX MIN AVG DEP HDD CDD WTR SNW DPTH SPD SPD DIR MIN PSBL S-S WX SPD DR
================================================================================
1 83 68 76 24 0 11 0.01 M M 13.0 22 170 M M 7 30 160
2 76 45 61 9 4 0 0.24 M M 14.8 32 300 M M 7 13 56 300
3 52 42 47 -5 18 0 0.01 M M 11.5 24 290 M M 7 38 310
4 50 38 44 -9 21 0 0.00 M M 10.0 20 340 M M 9 28 320
5 53 31 42 -11 23 0 0.00 M M 4.7 15 30 M M 4 20 330
6 63 29 46 -8 19 0 0.00 M M 5.5 14 100 M M 0 1 18 100
7 76 46 61 7 4 0 0.07 M M 13.2 28 200 M M 5 123 39 170
8 78 39 59 5 6 0 0.00 M M 5.6 17 180 M M 1 12 24 170
9 71 60 66 11 0 1 0.05 M M 9.0 20 220 M M 9 1 29 200
10 63 56 60 5 5 0 1.12 M M 6.5 13 340 M M 10 1 18 320
11 69 52 61 6 4 0 0.33 M M 14.1 25 300 M M 5 1 40 270
12 68 45 57 1 8 0 0.00 M M 11.5 25 300 M M 1 43 330
13 78 39 59 3 6 0 0.00 M M 7.2 21 200 M M 0 28 190
14 82 57 70 14 0 5 0.00 M M 13.5 23 200 M M 0 30 210
15 87 61 74 17 0 9 0.00 M M 7.1 18 200 M M 0 23 200
16 83 66 75 18 0 10 0.58 M M 16.6 33 180 M M 4 13 46 180
17 86 57 72 15 0 7 0.00 M M 11.4 25 250 M M 2 36 270
18 83 51 67 9 0 2 0.88 M M 8.1 32 180 M M 5 13 47 170
19 61 46 54 -4 11 0 T M M 10.7 22 350 M M 4 30 330
20 60 41 51 -7 14 0 0.00 M M 8.3 17 340 M M 1 8 26 350
21 59 39 49 -9 16 0 0.00 M M 7.5 18 300 M M 4 28 340
22 66 35 51 -8 14 0 0.00 M M 6.6 18 190 M M 0 26 180
================================================================================
SM 1547 1043 173 45 3.29 M 216.4 M 85
================================================================================
AV 70.3 47.4 9.8 FASTST M M 4 MAX(MPH)
MISC ----> 33 180 56 300
================================================================================
NOTES:
# LAST OF SEVERAL OCCURRENCES
COLUMN 17 PEAK WIND IN M.P.H.
PRELIMINARY LOCAL CLIMATOLOGICAL DATA (WS FORM: F-6) , PAGE 2
STATION: CARBONDALE IL
MONTH: APRIL
YEAR: 2024
LATITUDE: 37 46 N
LONGITUDE: 89 15 W
[TEMPERATURE DATA] [PRECIPITATION DATA] SYMBOLS USED IN COLUMN 16
AVERAGE MONTHLY: 58.9 TOTAL FOR MONTH: 3.29 1 = FOG OR MIST
DPTR FM NORMAL: 3.5 DPTR FM NORMAL: -0.46 2 = FOG REDUCING VISIBILITY
HIGHEST: 87 ON 15 GRTST 24HR 1.44 ON 10-11 TO 1/4 MILE OR LESS
LOWEST: 29 ON 6 3 = THUNDER
SNOW, ICE PELLETS, HAIL 4 = ICE PELLETS
TOTAL MONTH: M 5 = HAIL
GRTST 24HR M ON M 6 = FREEZING RAIN OR DRIZZLE
GRTST DEPTH: M ON M 7 = DUSTSTORM OR SANDSTORM:
VSBY 1/2 MILE OR LESS
8 = SMOKE OR HAZE
[NO. OF DAYS WITH] [WEATHER - DAYS WITH] 9 = BLOWING SNOW
X = TORNADO
MAX 32 OR BELOW: 0 0.01 INCH OR MORE: 9
MAX 90 OR ABOVE: 0 0.10 INCH OR MORE: 5
MIN 32 OR BELOW: 2 0.50 INCH OR MORE: 3
MIN 0 OR BELOW: 0 1.00 INCH OR MORE: 1
[HDD (BASE 65) ]
TOTAL THIS MO. 173 CLEAR (SCALE 0-3) 9
DPTR FM NORMAL -54 PTCLDY (SCALE 4-7) 10
TOTAL FM JUL 1 3510 CLOUDY (SCALE 8-10) 3
DPTR FM NORMAL -819
[CDD (BASE 65) ]
TOTAL THIS MO. 45
DPTR FM NORMAL 30 [PRESSURE DATA]
TOTAL FM JAN 1 67 HIGHEST SLP M ON M
DPTR FM NORMAL 48 LOWEST SLP 29.42 ON 2
[REMARKS]