000
CXUS51 KCTP 011050
CLSMDT
CLIMATE REPORT
NATIONAL WEATHER SERVICE STATE COLLEGE PA
550 AM EST THU DEC 01 2022
...................................
...THE HARRISBURG PA CLIMATE SUMMARY FOR THE SEASON, FROM
9/1/2022 TO 11/30/2022...
CLIMATE NORMAL PERIOD 1991 TO 2020
CLIMATE RECORD PERIOD 1888 TO 2022
WEATHER OBSERVED NORMAL DEPART LAST YEAR`S
VALUE DATE(S) VALUE FROM VALUE DATE(S)
NORMAL
................................................................
TEMPERATURE (F)
RECORD
HIGH 102 09/03/1953
09/02/1953
LOW 10 11/30/1929
HIGHEST 92 09/04 88 09/15
LOWEST 20 11/21 26 11/20
AVG. MAXIMUM 65.8 65.7 0.1 67.3
AVG. MINIMUM 47.5 46.7 0.8 49.7
MEAN 56.6 56.2 0.4 58.5
DAYS MAX >= 90 1 1.8 -0.8 0
DAYS MAX <= 32 0 0.2 -0.2 0
DAYS MIN <= 32 9 11.1 -2.1 14
DAYS MIN <= 0 0 0.0 0.0 0
PRECIPITATION (INCHES)
RECORD
MAXIMUM 27.08 2011
MINIMUM 3.29 1914
TOTALS 10.26 11.61 -1.35 15.07
DAILY AVG. 0.11 0.13 -0.02 0.17
DAYS >= .01 29 26.9 2.1 29
DAYS >= .10 17 17.1 -0.1 14
DAYS >= .50 8 7.8 0.2 7
DAYS >= 1.00 2 3.3 -1.3 5
GREATEST
24 HR. TOTAL 2.33 09/05 TO 09/06 6.64 08/31 TO 09/01
STORM TOTAL 1.93 6.64
(MM/DD(HH)) MM
SNOWFALL (INCHES)
RECORDS
TOTAL 15.4 1953
24 HR TOTAL 0.1 11/27/2021 TO 11/27/2021
SNOW DEPTH MM MM
TOTALS T 1.0 -1.0 0.1
LIQUID EQUIV T 0.00 0.00 0.00
SINCE 7/1 T 1.0 -1.0 MM
LIQUID 7/1 -0.10 0.10 -0.20 MM
SNOWDEPTH AVG. 0 -1
DAYS >= TRACE 2 0.7 1.3 4
DAYS >= 1.0 0 0.2 -0.2 0
GREATEST
SNOW DEPTH 0 MM MM
24 HR TOTAL MM 0.1 11/27 TO 11/27
STORM TOTAL 0.0 0.1
(MM/DD(HH)) MM
DEGREE DAYS
HEATING TOTAL 894 952 -58 774
SINCE 7/1 894 953 -59 MM
COOLING TOTAL 154 151 3 209
SINCE 1/1 1360 1172 188 MM
FREEZE DATES
RECORD
EARLIEST 09/24/1963
LATEST 05/11/1966
EARLIEST 11/14
LATEST 04/11
................................................................
WIND (MPH)
AVERAGE WIND SPEED 6.1
RESULTANT WIND SPEED/DIRECTION 2/290
HIGHEST WIND SPEED/DIRECTION 32/320 DATE 09/22
HIGHEST GUST SPEED/DIRECTION 43/270 DATE 11/30
SKY COVER
POSSIBLE SUNSHINE (PERCENT) MM
AVERAGE SKY COVER 0.53
NUMBER OF DAYS FAIR 30
NUMBER OF DAYS PC 32
NUMBER OF DAYS CLOUDY 29
AVERAGE RH (PERCENT) 68
WEATHER CONDITIONS. NUMBER OF DAYS WITH
THUNDERSTORM 1 MIXED PRECIP 0
HEAVY RAIN 11 RAIN 16
LIGHT RAIN 37 FREEZING RAIN 0
LT FREEZING RAIN 0 HAIL 0
HEAVY SNOW 0 SNOW 0
LIGHT SNOW 2 SLEET 0
FOG 35 FOG W/VIS <= 1/4 MILE 4
HAZE 10
- INDICATES NEGATIVE NUMBERS.
R INDICATES RECORD WAS SET OR TIED.
MM INDICATES DATA IS MISSING.
T INDICATES TRACE AMOUNT.
$$