000
CXUS54 KMEG 011000
CF6MEG
PRELIMINARY LOCAL CLIMATOLOGICAL DATA (WS FORM: F-6)
STATION: MEMPHIS/GERMANTOWN WFO
MONTH: JANUARY
YEAR: 2021
LATITUDE: 35 7 N
LONGITUDE: 89 48 W
TEMPERATURE IN F: :PCPN: SNOW: WIND :SUNSHINE: SKY :PK WND
================================================================================
1 2 3 4 5 6A 6B 7 8 9 10 11 12 13 14 15 16 17 18
12Z AVG MX 2MIN
DY MAX MIN AVG DEP HDD CDD WTR SNW DPTH SPD SPD DIR MIN PSBL S-S WX SPD DR
================================================================================
1 56 43 50 11 15 0 0.70 0.0 0 M M M M M M 1 M M
2 44 38 41 2 24 0 0.06 0.0 0 M M M M M M 1 M M
3 55 29 42 3 23 0 T 0.0 0 M M M M M M M M
4 57 36 47 8 18 0 0.00 0.0 0 M M M M M M M M
5 52 32 42 3 23 0 0.00 0.0 0 M M M M M M M M
6 53 29 41 2 24 0 0.00 0.0 0 M M M M M M M M
7 46 33 40 1 25 0 0.22 T 0 M M M M M M M M
8 40 33 37 -2 28 0 T T 0 M M M M M M M M
9 36 33 35 -4 30 0 T T 0 M M M M M M M M
10 36 32 34 -5 31 0 0.00 0.0 0 M M M M M M M M
11 34 25 30 -9 35 0 0.01 0.1 0 M M M M M M M M
12 46 20 33 -6 32 0 0.00 0.0 0 M M M M M M M M
13 52 28 40 1 25 0 0.00 0.0 0 M M M M M M M M
14 55 35 45 6 20 0 0.00 0.0 0 M M M M M M M M
15 47 31 39 0 26 0 T T 0 M M M M M M M M
16 45 34 40 1 25 0 T T 0 M M M M M 0 M M
17 51 31 41 2 24 0 T 0.0 0 M M M M M 0 M M
18 57 29 43 4 22 0 0.00 0.0 0 M M M M M 0 M M
19 60 36 48 9 17 0 0.00 0.0 0 M M M M M 0 M M
20 50 30 40 1 25 0 0.23 0.0 0 M M M M M M 1 M M
21 52 42 47 8 18 0 0.25 0.0 0 M M M M M M M M
22 50 36 43 4 22 0 0.00 0.0 0 M M M M M M M M
23 54 29 42 3 23 0 0.00 0.0 0 M M M M M M M M
24 51 42 47 8 18 0 0.52 0.0 0 M M M M M M 3 M M
25 72 50 61 22 4 0 1.57 0.0 0 M M M M M M 13 M M
26 62 44 53 14 12 0 0.00 0.0 0 M M M M M 0 1 M M
27 46 34 40 0 25 0 0.01 T 0 M M M M M 0 14 M M
28 42 29 36 -4 29 0 0.00 0.0 0 M M M M M 0 M M
29 55 27 41 1 24 0 0.00 0.0 0 M M M M M M M M
30 60 46 53 13 12 0 0.25 0.0 0 M M M M M M M M
31 60 38 49 9 16 0 0.00 0.0 0 M M M M M M M M
================================================================================
SM 1576 1054 695 0 3.82 0.1 M M 0
================================================================================
AV 50.8 34.0 M FASTST M M 0 MAX(MPH)
MISC ----> M M M M
================================================================================
NOTES:
# LAST OF SEVERAL OCCURRENCES
COLUMN 17 PEAK WIND IN M.P.H.
PRELIMINARY LOCAL CLIMATOLOGICAL DATA (WS FORM: F-6) , PAGE 2
STATION: MEMPHIS/GERMANTOWN WFO
MONTH: JANUARY
YEAR: 2021
LATITUDE: 35 7 N
LONGITUDE: 89 48 W
[TEMPERATURE DATA] [PRECIPITATION DATA] SYMBOLS USED IN COLUMN 16
AVERAGE MONTHLY: 42.4 TOTAL FOR MONTH: 3.82 1 = FOG OR MIST
DPTR FM NORMAL: 3.3 DPTR FM NORMAL: -0.14 2 = FOG REDUCING VISIBILITY
HIGHEST: 72 ON 25 GRTST 24HR 1.57 ON 25-25 TO 1/4 MILE OR LESS
LOWEST: 20 ON 12 3 = THUNDER
SNOW, ICE PELLETS, HAIL 4 = ICE PELLETS
TOTAL MONTH: 0.1 INCH 5 = HAIL
GRTST 24HR 0.1 ON 11-11 6 = FREEZING RAIN OR DRIZZLE
GRTST DEPTH: 0 7 = DUSTSTORM OR SANDSTORM:
VSBY 1/2 MILE OR LESS
8 = SMOKE OR HAZE
[NO. OF DAYS WITH] [WEATHER - DAYS WITH] 9 = BLOWING SNOW
X = TORNADO
MAX 32 OR BELOW: 0 0.01 INCH OR MORE: 10
MAX 90 OR ABOVE: 0 0.10 INCH OR MORE: 7
MIN 32 OR BELOW: 14 0.50 INCH OR MORE: 3
MIN 0 OR BELOW: 0 1.00 INCH OR MORE: 1
[HDD (BASE 65) ]
TOTAL THIS MO. 695 CLEAR (SCALE 0-3) 7
DPTR FM NORMAL -110 PTCLDY (SCALE 4-7) 0
TOTAL FM JUL 1 1849 CLOUDY (SCALE 8-10) 24
DPTR FM NORMAL -276
[CDD (BASE 65) ]
TOTAL THIS MO. 0
DPTR FM NORMAL 0 [PRESSURE DATA]
TOTAL FM JAN 1 0 HIGHEST SLP M ON M
DPTR FM NORMAL 0 LOWEST SLP M ON M
[REMARKS]
#FINAL-01-21#