000
CXUS54 KJAN 011845
CF6MEI
PRELIMINARY LOCAL CLIMATOLOGICAL DATA (WS FORM: F-6)
STATION: MERIDIAN
MONTH: JANUARY
YEAR: 2022
LATITUDE: 32 19 N
LONGITUDE: 88 45 W
TEMPERATURE IN F: :PCPN: SNOW: WIND :SUNSHINE: SKY :PK WND
================================================================================
1 2 3 4 5 6A 6B 7 8 9 10 11 12 13 14 15 16 17 18
12Z AVG MX 2MIN
DY MAX MIN AVG DEP HDD CDD WTR SNW DPTH SPD SPD DIR MIN PSBL S-S WX SPD DR
================================================================================
1 82 73 78 30 0 13 0.60 0.0 0 14.6 28 230 M M 8 13 40 220
2 74 32 53 5 12 0 0.32 T 0 10.3 25 330 M M 9 13 37 310
3 43 32 38 -10 27 0 T M M 10.3 20 330 M M 9 27 330
4 53 30 42 -6 23 0 0.00 0.0 0 4.3 13 200 M M 3 18 170
5 67 36 52 4 13 0 0.00 0.0 0 3.4 12 350 M M 7 12 15 340
6 67 37 52 4 13 0 0.01 0.0 0 11.2 23 310 M M 9 1 33 300
7 49 29 39 -8 26 0 0.00 0.0 0 8.1 16 20 M M 4 20 10
8 68 30 49 2 16 0 0.00 0.0 0 7.4 18 140 M M 2 26 150
9 71 47 59 12 6 0 0.84 0.0 0 10.5 23 10 M M 9 13 30 20
10 55 32 44 -3 21 0 0.00 0.0 0 10.6 20 360 M M 1 26 350
11 55 28 42 -5 23 0 0.00 0.0 0 2.7 12 20 M M 0 19 50
12 61 28 45 -2 20 0 0.00 0.0 0 2.2 9 210 M M 0 8 14 220
13 68 34 51 4 14 0 0.00 0.0 0 4.5 17 260 M M 0 24 250
14 65 33 49 2 16 0 0.00 0.0 0 0.8 8 50 M M 0 11 40
15 55 35 45 -2 20 0 1.18 0.0 0 6.9 21 300 M M 6 1 34 280
16 38 31 35 -12 30 0 0.29 M M 9.6 18 290 M M 9 1 29 330
17 52 31 42 -5 23 0 0.00 0.0 0 4.9 15 320 M M 2 21 300
18 60 28 44 -3 21 0 0.00 0.0 0 4.5 16 160 M M 0 22 160
19 71 43 57 9 8 0 0.79 0.0 0 9.3 20 170 M M 6 13 25 200
20 57 31 44 -4 21 0 0.39 0.0 0 12.1 24 360 M M 7 1 31 360
21 42 26 34 -14 31 0 0.00 0.0 0 11.5 20 20 M M 0 25 10
22 47 22 35 -13 30 0 0.00 0.0 0 5.0 12 350 M M 0 16 350
23 56 19 38 -10 27 0 0.00 0.0 0 3.3 15 280 M M 0 23 260
24 64 28 46 -2 19 0 T 0.0 0 5.8 15 220 M M 1 21 200
25 59 39 49 1 16 0 0.15 0.0 0 6.5 16 350 M M 7 1 20 10
26 52 30 41 -7 24 0 0.00 0.0 0 10.1 17 20 M M 0 23 20
27 63 27 45 -3 20 0 0.00 0.0 0 2.4 8 40 M M 1 10 50
28 53 37 45 -3 20 0 0.00 0.0 0 12.5 24 330 M M 5 34 300
29 49 24 37 -11 28 0 0.00 0.0 0 6.0 21 340 M M 0 30 360
30 70 29 50 1 15 0 0.00 0.0 0 8.2 18 230 M M 0 28 250
31 69 31 50 1 15 0 0.00 0.0 0 3.1 14 200 M M 0 20 160
================================================================================
SM 1835 1012 598 13 4.57 T 222.6 M 105
================================================================================
AV 59.2 32.6 7.2 FASTST M M 3 MAX(MPH)
MISC ----> 28 230 40 220
================================================================================
NOTES:
# LAST OF SEVERAL OCCURRENCES
COLUMN 17 PEAK WIND IN M.P.H.
PRELIMINARY LOCAL CLIMATOLOGICAL DATA (WS FORM: F-6) , PAGE 2
STATION: MERIDIAN
MONTH: JANUARY
YEAR: 2022
LATITUDE: 32 19 N
LONGITUDE: 88 45 W
[TEMPERATURE DATA] [PRECIPITATION DATA] SYMBOLS USED IN COLUMN 16
AVERAGE MONTHLY: 45.9 TOTAL FOR MONTH: 4.57 1 = FOG OR MIST
DPTR FM NORMAL: -1.8 DPTR FM NORMAL: -1.04 2 = FOG REDUCING VISIBILITY
HIGHEST: 82 ON 1 GRTST 24HR 1.41 ON 1- 2 TO 1/4 MILE OR LESS
LOWEST: 19 ON 23 3 = THUNDER
SNOW, ICE PELLETS, HAIL 4 = ICE PELLETS
TOTAL MONTH: T 5 = HAIL
GRTST 24HR T ON 2- 2 6 = FREEZING RAIN OR DRIZZLE
GRTST DEPTH: 0 7 = DUSTSTORM OR SANDSTORM:
VSBY 1/2 MILE OR LESS
8 = SMOKE OR HAZE
[NO. OF DAYS WITH] [WEATHER - DAYS WITH] 9 = BLOWING SNOW
X = TORNADO
MAX 32 OR BELOW: 0 0.01 INCH OR MORE: 9
MAX 90 OR ABOVE: 0 0.10 INCH OR MORE: 8
MIN 32 OR BELOW: 21 0.50 INCH OR MORE: 4
MIN 0 OR BELOW: 0 1.00 INCH OR MORE: 1
[HDD (BASE 65) ]
TOTAL THIS MO. 598 CLEAR (SCALE 0-3) 18
DPTR FM NORMAL 57 PTCLDY (SCALE 4-7) 8
TOTAL FM JUL 1 1197 CLOUDY (SCALE 8-10) 5
DPTR FM NORMAL -209
[CDD (BASE 65) ]
TOTAL THIS MO. 13
DPTR FM NORMAL 8 [PRESSURE DATA]
TOTAL FM JAN 1 13 HIGHEST SLP 30.61 ON 11
DPTR FM NORMAL 8 LOWEST SLP 29.66 ON 16
[REMARKS]
#FINAL-01-22#