000
CXUS54 KJAN 022129
CF6MEI
PRELIMINARY LOCAL CLIMATOLOGICAL DATA (WS FORM: F-6)
STATION: MERIDIAN
MONTH: SEPTEMBER
YEAR: 2023
LATITUDE: 32 19 N
LONGITUDE: 88 45 W
TEMPERATURE IN F: :PCPN: SNOW: WIND :SUNSHINE: SKY :PK WND
================================================================================
1 2 3 4 5 6A 6B 7 8 9 10 11 12 13 14 15 16 17 18
12Z AVG MX 2MIN
DY MAX MIN AVG DEP HDD CDD WTR SNW DPTH SPD SPD DIR MIN PSBL S-S WX SPD DR
================================================================================
1 94 70 82 2 0 17 0.41 0.0 0 5.6 16 110 M M 3 13 25 130
2 84 76 80 0 0 15 0.01 0.0 0 5.4 15 40 M M 6 1 21 40
3 90 73 82 2 0 17 0.00 0.0 0 5.2 13 80 M M 4 17 50
4 92 73 83 3 0 18 0.00 0.0 0 5.2 16 170 M M 1 21 200
5 94 72 83 3 0 18 0.00 0.0 0 3.3 13 100 M M 1 18 100
6 95 69 82 2 0 17 0.20 0.0 0 3.7 23 310 M M 1 13 33 330
7 94 69 82 2 0 17 T 0.0 0 5.8 17 230 M M 2 23 220
8 91 66 79 0 0 14 0.00 0.0 0 6.5 15 340 M M 0 8 25 350
9 91 62 77 -2 0 12 0.00 0.0 0 4.6 15 10 M M 1 8 21 30
10 91 65 78 -1 0 13 0.00 0.0 0 4.2 13 40 M M 1 21 10
11 95 66 81 2 0 16 0.00 0.0 0 2.7 12 350 M M 0 16 120
12 97 66 82 4 0 17 0.00 0.0 0 3.9 13 10 M M 3 19 280
13 85 72 79 1 0 14 0.02 0.0 0 3.9 12 360 M M 4 1 16 10
14 81 67 74 -4 0 9 0.16 0.0 0 5.9 10 40 M M 6 1 14 10
15 89 67 78 0 0 13 0.00 0.0 0 1.9 9 10 M M 6 13 10
16 94 69 82 5 0 17 0.00 0.0 0 3.0 13 350 M M 3 21 340
17 91 62 77 0 0 12 0.00 0.0 0 5.1 18 350 M M 0 25 360
18 90 56 73 -4 0 8 0.00 0.0 0 3.8 15 40 M M 0 24 360
19 91 54 73 -4 0 8 0.00 0.0 0 2.4 12 210 M M 0 15 190
20 90 60 75 -1 0 10 0.00 0.0 0 M 13 70 M M 0 19 100
21 92 63 78 2 0 13 0.00 0.0 0 4.9 14 40 M M 1 20 30
22 90 64 77 1 0 12 0.00 0.0 0 3.9 13 40 M M 0 18 20
23 93 63 78 3 0 13 0.00 0.0 0 2.3 12 20 M M 1 17 30
24 94 62 78 3 0 13 0.24 0.0 0 3.3 17 360 M M 3 1 22 360
25 85 70 78 3 0 13 0.05 0.0 0 4.3 17 60 M M 5 1 24 70
26 91 68 80 6 0 15 0.00 0.0 0 3.3 9 50 M M 0 13 80
27 86 67 77 3 0 12 0.00 0.0 0 4.9 13 90 M M 3 18 17 50
28 77 63 70 -4 0 5 0.00 0.0 0 3.9 12 100 M M 5 16 70
29 90 59 75 2 0 10 0.00 0.0 0 3.7 15 40 M M 0 20 50
30 93 61 77 4 0 12 0.00 0.0 0 4.6 16 70 M M 1 22 60
================================================================================
SM 2710 1974 0 400 1.09 0.0 121.2 M 61
================================================================================
AV 90.3 65.8 4.2 FASTST M M 2 MAX(MPH)
MISC ----> 23 310 33 330
================================================================================
NOTES:
# LAST OF SEVERAL OCCURRENCES
COLUMN 17 PEAK WIND IN M.P.H.
PRELIMINARY LOCAL CLIMATOLOGICAL DATA (WS FORM: F-6) , PAGE 2
STATION: MERIDIAN
MONTH: SEPTEMBER
YEAR: 2023
LATITUDE: 32 19 N
LONGITUDE: 88 45 W
[TEMPERATURE DATA] [PRECIPITATION DATA] SYMBOLS USED IN COLUMN 16
AVERAGE MONTHLY: 78.1 TOTAL FOR MONTH: 1.09 1 = FOG OR MIST
DPTR FM NORMAL: 0.8 DPTR FM NORMAL: -2.08 2 = FOG REDUCING VISIBILITY
HIGHEST: 97 ON 12 GRTST 24HR 0.42 ON 1- 2 TO 1/4 MILE OR LESS
LOWEST: 54 ON 19 3 = THUNDER
SNOW, ICE PELLETS, HAIL 4 = ICE PELLETS
TOTAL MONTH: 0.0 INCH 5 = HAIL
GRTST 24HR 0.0 6 = FREEZING RAIN OR DRIZZLE
GRTST DEPTH: 0 7 = DUSTSTORM OR SANDSTORM:
VSBY 1/2 MILE OR LESS
8 = SMOKE OR HAZE
[NO. OF DAYS WITH] [WEATHER - DAYS WITH] 9 = BLOWING SNOW
X = TORNADO
MAX 32 OR BELOW: 0 0.01 INCH OR MORE: 7
MAX 90 OR ABOVE: 23 0.10 INCH OR MORE: 4
MIN 32 OR BELOW: 0 0.50 INCH OR MORE: 0
MIN 0 OR BELOW: 0 1.00 INCH OR MORE: 0
[HDD (BASE 65) ]
TOTAL THIS MO. 0 CLEAR (SCALE 0-3) 22
DPTR FM NORMAL -2 PTCLDY (SCALE 4-7) 8
TOTAL FM JUL 1 0 CLOUDY (SCALE 8-10) 0
DPTR FM NORMAL 0
[CDD (BASE 65) ]
TOTAL THIS MO. 400
DPTR FM NORMAL 30 [PRESSURE DATA]
TOTAL FM JAN 1 2545 HIGHEST SLP 30.14 ON 30
DPTR FM NORMAL 229 LOWEST SLP 29.84 ON 7
[REMARKS]
#FINAL-09-23#