000
CXUS54 KLZK 011330
CF6MEZ
PRELIMINARY LOCAL CLIMATOLOGICAL DATA (WS FORM: F-6)
STATION: MENA AIRPORT
MONTH: JANUARY
YEAR: 2023
LATITUDE: 34 9 N
LONGITUDE: 94 15 W
TEMPERATURE IN F: :PCPN: SNOW: WIND :SUNSHINE: SKY :PK WND
================================================================================
1 2 3 4 5 6A 6B 7 8 9 10 11 12 13 14 15 16 17 18
12Z AVG MX 2MIN
DY MAX MIN AVG DEP HDD CDD WTR SNW DPTH SPD SPD DIR MIN PSBL S-S WX SPD DR
================================================================================
1 72 41 57 19 8 0 0.00 M M 3.1 9 220 M M 1 1 20 99
2 71 65 68 30 0 3 0.05 M M 4.9 10 140 M M 5 1 23 99
3 70 47 59 21 6 0 0.04 M M 6.9 12 260 M M 1 1 21 260
4 53 31 42 4 23 0 0.00 M M 3.8 9 270 M M 0 M M
5 56 30 43 5 22 0 0.00 M M 7.1 17 280 M M 0 29 280
6 62 25 44 6 21 0 0.00 M M 2.1 7 99 M M 1 M M
7 67 48 58 20 7 0 0.00 M M 6.2 12 360 M M 4 1 17 240
8 57 30 44 6 21 0 0.00 M M 2.2 8 30 M M 0 M M
9 59 26 43 5 22 0 0.00 M M 1.6 6 99 M M 0 M M
10 68 35 52 14 13 0 0.00 M M 3.1 7 250 M M 0 16 230
11 71 48 60 22 5 0 T M M 4.5 9 240 M M 0 12 18 240
12 64 33 49 11 16 0 0.00 M M 13.2 20 290 M M 5 30 310
13 48 22 35 -3 30 0 0.00 M M 4.8 13 340 M M 0 18 340
14 49 19 34 -4 31 0 0.00 M M 2.4 8 280 M M 0 M M
15 58 44 51 13 14 0 0.00 M M 4.7 9 130 M M 5 16 230
16 69 49 59 20 6 0 T M M 4.8 8 240 M M 4 1 20 99
17 70 38 54 15 11 0 0.00 M M 0.7 6 250 M M 0 1 M M
18 65 46 56 17 9 0 0.02 M M 6.4 17 290 M M 4 13 36 M
19 54 28 41 2 24 0 0.00 M M 9.2 20 290 M M 0 27 290
20 56 27 42 3 23 0 0.00 M M 1.3 7 60 M M 1 M M
21 51 28 40 1 25 0 T M M 2.0 12 90 M M 7 1 M M
22 43 37 40 1 25 0 T M M 7.2 16 300 M M 10 21 300
23 51 22 37 -2 28 0 0.00 M M 2.0 8 340 M M 0 M M
24 35 26 31 -8 34 0 0.15 M M 4.2 10 70 M M 6 12 M M
25 35 32 34 -5 31 0 0.08 M M 7.8 15 290 M M 9 1 M M
26 45 27 36 -3 29 0 0.00 M M 5.5 12 290 M M 1 17 320
27 56 28 42 3 23 0 0.00 M M 5.7 12 250 M M 0 20 250
28 57 43 50 11 15 0 T M M 5.4 13 250 M M 7 1 23 250
29 58 33 46 6 19 0 T M M 5.2 12 270 M M 9 12 M M
30 33 28 31 -9 34 0 0.08 M M 7.2 12 20 M M 10 1 M M
31 29 25 27 -13 38 0 0.01 M M 5.7 10 50 M M 10 1 M M
================================================================================
SM 1732 1061 613 3 0.43 M 151.0 M 100
================================================================================
AV 55.9 34.2 4.9 FASTST M M 3 MAX(MPH)
MISC ----> # 20 290 36 9999
================================================================================
NOTES:
# LAST OF SEVERAL OCCURRENCES
COLUMN 17 PEAK WIND IN M.P.H.
PRELIMINARY LOCAL CLIMATOLOGICAL DATA (WS FORM: F-6) , PAGE 2
STATION: MENA AIRPORT
MONTH: JANUARY
YEAR: 2023
LATITUDE: 34 9 N
LONGITUDE: 94 15 W
[TEMPERATURE DATA] [PRECIPITATION DATA] SYMBOLS USED IN COLUMN 16
AVERAGE MONTHLY: 45.0 TOTAL FOR MONTH: 0.43 1 = FOG OR MIST
DPTR FM NORMAL: 6.2 DPTR FM NORMAL: -3.29 2 = FOG REDUCING VISIBILITY
HIGHEST: 72 ON 1 GRTST 24HR 2.98 ON 2- 3 TO 1/4 MILE OR LESS
LOWEST: 19 ON 14 3 = THUNDER
SNOW, ICE PELLETS, HAIL 4 = ICE PELLETS
TOTAL MONTH: M 5 = HAIL
GRTST 24HR M ON M 6 = FREEZING RAIN OR DRIZZLE
GRTST DEPTH: M ON M 7 = DUSTSTORM OR SANDSTORM:
VSBY 1/2 MILE OR LESS
8 = SMOKE OR HAZE
[NO. OF DAYS WITH] [WEATHER - DAYS WITH] 9 = BLOWING SNOW
X = TORNADO
MAX 32 OR BELOW: 1 0.01 INCH OR MORE: 7
MAX 90 OR ABOVE: 0 0.10 INCH OR MORE: 1
MIN 32 OR BELOW: 17 0.50 INCH OR MORE: 0
MIN 0 OR BELOW: 0 1.00 INCH OR MORE: 0
[HDD (BASE 65) ]
TOTAL THIS MO. 613 CLEAR (SCALE 0-3) 17
DPTR FM NORMAL -201 PTCLDY (SCALE 4-7) 9
TOTAL FM JUL 1 1999 CLOUDY (SCALE 8-10) 5
DPTR FM NORMAL -260
[CDD (BASE 65) ]
TOTAL THIS MO. 3
DPTR FM NORMAL 3 [PRESSURE DATA]
TOTAL FM JAN 1 3 HIGHEST SLP M ON M
DPTR FM NORMAL 3 LOWEST SLP M ON M
[REMARKS]
#FINAL-01-23#