000
CXUS54 KLZK 011130
CF6MEZ
PRELIMINARY LOCAL CLIMATOLOGICAL DATA (WS FORM: F-6)
STATION: Mena Airport
MONTH: SEPTEMBER
YEAR: 2020
LATITUDE: 34 9 N
LONGITUDE: 94 15 W
TEMPERATURE IN F: :PCPN: SNOW: WIND :SUNSHINE: SKY :PK WND
================================================================================
1 2 3 4 5 6A 6B 7 8 9 10 11 12 13 14 15 16 17 18
12Z AVG MX 2MIN
DY MAX MIN AVG DEP HDD CDD WTR SNW DPTH SPD SPD DIR MIN PSBL S-S WX SPD DR
================================================================================
1 81 70 76 0 0 11 3.30 M M 2.5 10 260 M M 8 3 M M
2 77 72 75 -1 0 10 0.22 M M 0.4 7 50 M M 9 M M
3 82 72 77 2 0 12 0.00 M M 0.8 6 260 M M 4 M M
4 90 70 80 5 0 15 0.00 M M 0.8 5 70 M M 2 M M
5 88 68 78 3 0 13 0.00 M M 0.9 7 100 M M 2 M M
6 88 64 76 2 0 11 0.00 M M 0.8 7 240 M M 2 M M
7 88 68 78 4 0 13 0.00 M M 1.2 8 240 M M 0 M M
8 88 68 78 4 0 13 0.00 M M 1.0 5 140 M M 1 M M
9 90 66 78 5 0 13 0.00 M M 1.2 8 90 M M 5 M M
10 86 68 77 4 0 12 0.57 M M 1.0 5 70 M M 7 M M
11 82 68 75 2 0 10 0.00 M M 1.8 7 100 M M 7 M M
12 86 68 77 5 0 12 0.00 M M 1.0 7 270 M M 5 M M
13 82 66 74 2 0 9 0.00 M M 2.0 8 40 M M 2 M M
14 81 63 72 0 0 7 0.00 M M 3.1 8 40 M M 6 M M
15 86 64 75 4 0 10 0.00 M M 2.2 6 90 M M 1 M M
16 86 63 75 4 0 10 0.00 M M 1.5 7 340 M M 5 M M
17 81 64 73 3 0 8 0.00 M M 1.7 7 340 M M 2 M M
18 81 59 70 0 0 5 0.00 M M 2.6 10 50 M M 2 M M
19 77 52 65 -5 0 0 0.00 M M 3.9 9 70 M M 0 M M
20 81 48 65 -4 0 0 0.00 M M 3.5 13 70 M M 1 M M
21 72 54 63 -6 2 0 0.07 M M 3.9 10 80 M M 7 16 80
22 66 59 63 -5 2 0 1.57 M M 6.5 10 80 M M 10 M M
23 66 61 64 -4 1 0 0.09 M M 5.1 10 20 M M 10 M M
24 77 59 68 0 0 3 0.00 M M 1.8 6 20 M M 7 M M
25 79 59 69 2 0 4 0.00 M M 1.0 6 250 M M 5 M M
26 77 61 69 2 0 4 0.00 M M 0.9 6 200 M M 8 M M
27 79 59 69 2 0 4 0.11 M M 1.3 14 330 M M 7 3 30 330
28 70 46 58 -8 7 0 0.02 M M 6.7 15 310 M M 3 22 310
29 73 45 59 -7 6 0 0.00 M M 5.0 14 300 M M 0 20 300
30 86 48 67 1 0 2 0.00 M M 3.4 9 240 M M 0 17 240
================================================================================
SM 2426 1852 18 211 5.95 M 69.5 M 128
================================================================================
AV 80.9 61.7 2.3 FASTST M M 4 MAX(MPH)
MISC ----> # 15 310 # 30 330
================================================================================
NOTES:
# LAST OF SEVERAL OCCURRENCES
COLUMN 17 PEAK WIND IN M.P.H.
PRELIMINARY LOCAL CLIMATOLOGICAL DATA (WS FORM: F-6) , PAGE 2
STATION: Mena Airport
MONTH: SEPTEMBER
YEAR: 2020
LATITUDE: 34 9 N
LONGITUDE: 94 15 W
[TEMPERATURE DATA] [PRECIPITATION DATA] SYMBOLS USED IN COLUMN 16
AVERAGE MONTHLY: 71.3 TOTAL FOR MONTH: 5.95 1 = FOG OR MIST
DPTR FM NORMAL: 0.4 DPTR FM NORMAL: 1.16 2 = FOG REDUCING VISIBILITY
HIGHEST: 90 ON 9, 4 GRTST 24HR 3.30 ON 1- 1 TO 1/4 MILE OR LESS
LOWEST: 45 ON 29 3 = THUNDER
SNOW, ICE PELLETS, HAIL 4 = ICE PELLETS
TOTAL MONTH: M 5 = HAIL
GRTST 24HR M ON M 6 = FREEZING RAIN OR DRIZZLE
GRTST DEPTH: M ON M 7 = DUSTSTORM OR SANDSTORM:
VSBY 1/2 MILE OR LESS
8 = SMOKE OR HAZE
[NO. OF DAYS WITH] [WEATHER - DAYS WITH] 9 = BLOWING SNOW
X = TORNADO
MAX 32 OR BELOW: 0 0.01 INCH OR MORE: 8
MAX 90 OR ABOVE: 2 0.10 INCH OR MORE: 5
MIN 32 OR BELOW: 0 0.50 INCH OR MORE: 3
MIN 0 OR BELOW: 0 1.00 INCH OR MORE: 2
[HDD (BASE 65) ]
TOTAL THIS MO. 18 CLEAR (SCALE 0-3) 14
DPTR FM NORMAL -12 PTCLDY (SCALE 4-7) 13
TOTAL FM JUL 1 18 CLOUDY (SCALE 8-10) 3
DPTR FM NORMAL -13
[CDD (BASE 65) ]
TOTAL THIS MO. 211
DPTR FM NORMAL 4 [PRESSURE DATA]
TOTAL FM JAN 1 1634 HIGHEST SLP M ON M
DPTR FM NORMAL 166 LOWEST SLP M ON M
[REMARKS]
#FINAL-09-20#