000
CXUS51 KCLE 021500
CLSMFD
CLIMATE REPORT
NATIONAL WEATHER SERVICE CLEVELAND, OH
1100 AM EDT WED JUN 02 2021
...................................
...THE MANSFIELD OH CLIMATE SUMMARY FOR THE SEASON, FROM
3/1/2021 TO 5/31/2021...
CLIMATE NORMAL PERIOD 1991 TO 2020
CLIMATE RECORD PERIOD 1916 TO 2021
WEATHER OBSERVED NORMAL DEPART
VALUE DATE(S) VALUE FROM
NORMAL
................................................
TEMPERATURE (F)
RECORD
HIGH 92 05/18/1962
LOW -6 03/02/1980
HIGHEST 89 05/23
05/25
LOWEST 17 03/02
AVG. MAXIMUM 63.3 59.5 3.8
AVG. MINIMUM 41.2 39.1 2.1
MEAN 52.3 49.3 3.0
DAYS MAX >= 90 0 0.2
DAYS MAX <= 32 0 4.7
DAYS MIN <= 32 20 29.8
DAYS MIN <= 0 0 0.1
PRECIPITATION (INCHES)
RECORD
MAXIMUM 18.41 2011
MINIMUM 4.59 1934
TOTALS 10.74 11.80 -1.06
DAYS >= .01 31 42.8
DAYS >= .10 19 26.0
DAYS >= .50 5 7.8
DAYS >= 1.00 2 1.8
SNOWFALL (INCHES)
RECORDS
TOTAL 34.4 2005
TOTALS 5.5 9.5
DAYS >= TRACE 5
DAYS >= 1.0 2 3.1
DEGREE DAYS
HEATING TOTAL 1254 1511 -257
COOLING TOTAL 105 63 42
................................................
WIND (MPH)
HIGHEST GUST SPEED/DIRECTION 63/210 DATE 03/26
SKY COVER
POSSIBLE SUNSHINE (PERCENT) MM
NUMBER OF DAYS FAIR 47
NUMBER OF DAYS PC 24
NUMBER OF DAYS CLOUDY 21
WEATHER CONDITIONS. NUMBER OF DAYS WITH
THUNDERSTORM 0 MIXED PRECIP 0
HEAVY RAIN 9 RAIN 14
LIGHT RAIN 31 FREEZING RAIN 0
LT FREEZING RAIN 0 HAIL 0
HEAVY SNOW 1 SNOW 2
LIGHT SNOW 5 SLEET 0
FOG 38 FOG W/VIS <= 1/4 MILE 6
HAZE 12
- INDICATES NEGATIVE NUMBERS.
R INDICATES RECORD WAS SET OR TIED.
MM INDICATES DATA IS MISSING.
T INDICATES TRACE AMOUNT.
$$