000
CXUS53 KGRB 131524
CF6MFI
PRELIMINARY LOCAL CLIMATOLOGICAL DATA (WS FORM: F-6)
STATION: MARSHFIELD WI
MONTH: JULY
YEAR: 2023
LATITUDE: 44 37 N
LONGITUDE: 90 11 W
TEMPERATURE IN F: :PCPN: SNOW: WIND :SUNSHINE: SKY :PK WND
================================================================================
1 2 3 4 5 6A 6B 7 8 9 10 11 12 13 14 15 16 17 18
12Z AVG MX 2MIN
DY MAX MIN AVG DEP HDD CDD WTR SNW DPTH SPD SPD DIR MIN PSBL S-S WX SPD DR
================================================================================
1 86 61 74 6 0 9 0.00 0.0 0 5.5 10 30 M M 1 1 19 330
2 84 61 73 5 0 8 0.00 0.0 0 6.7 13 30 M M 2 19 360
3 90 58 74 6 0 9 0.53 0.0 0 6.0 36 340 M M 3 13 53 340
4 84 62 73 5 0 8 0.01 0.0 0 4.2 16 330 M M 2 13 21 350
5 78 59 69 0 0 4 T 0.0 0 8.2 16 340 M M 4 1 21 330
6 74 50 62 -7 3 0 0.00 0.0 0 8.1 17 320 M M 4 22 330
7 74 47 61 -8 4 0 0.00 0.0 0 3.7 9 150 M M 1 14 180
8 79 53 66 -3 0 1 0.00 0.0 0 7.0 14 310 M M 1 1 20 330
9 80 53 67 -2 0 2 0.00 0.0 0 6.3 20 240 M M 1 1 28 240
10 88 58 73 4 0 8 0.05 0.0 0 13.1 23 220 M M 2 13 33 230
11 74 53 64 -5 1 0 T 0.0 0 6.3 16 340 M M 2 24 340
12 70 56 63 -6 2 0 0.08 0.0 0 5.7 14 110 M M 7 1 18 120
13 77 51 64 -5 1 0 T 0.0 0 4.3 12 170 M M 6 12 14 170
14 84 61 73 4 0 8 0.30 0.0 0 6.8 25 280 M M 3 13 38 300
15 81 59 70 1 0 5 0.20 0.0 0 6.7 18 340 M M 2 1238 26 340
16 77 53 65 -4 0 0 0.03 0.0 0 8.9 29 310 M M 3 138 41 310
17 71 50 61 -8 4 0 0.00 0.0 0 8.8 17 320 M M 4 24 310
18 79 50 65 -4 0 0 0.00 0.0 0 4.5 13 320 M M 1 18 310
19 81 55 68 -1 0 3 0.33 0.0 0 6.9 24 300 M M 3 13 35 300
20 75 56 66 -3 0 1 0.03 0.0 0 11.2 24 330 M M 7 123 33 340
21 82 53 68 -1 0 3 0.00 0.0 0 5.7 13 320 M M 0 18 320
22 83 55 69 0 0 4 0.19 0.0 0 5.3 23 310 M M 2 13 33 260
23 81 54 68 -1 0 3 0.00 0.0 0 6.4 14 310 M M 1 18 20 320
24 83 57 70 1 0 5 0.00 0.0 0 3.7 13 250 M M 2 18 18 270
25 89 62 76 7 0 11 0.00 0.0 0 5.8 12 240 M M 1 18 20 240
26 84 68 76 7 0 11 0.08 0.0 0 6.1 14 310 M M 3 138 19 330
27 92 64 78 9 0 13 1.24 0.0 0 7.4 30 360 M M 3 123 47 10
28 84 63 74 5 0 9 0.28 0.0 0 5.0 18 360 M M 5 13 29 20
29 80 56 68 -1 0 3 0.00 0.0 0 7.1 17 320 M M 2 12 25 340
30 76 50 63 -6 2 0 0.00 0.0 0 6.5 15 320 M M 1 20 300
31 79 51 65 -4 0 0 0.00 0.0 0 3.3 9 280 M M 1 13 310
================================================================================
SM 2499 1739 17 128 3.35 0.0 201.2 M 80
================================================================================
AV 80.6 56.1 6.5 FASTST M M 3 MAX(MPH)
MISC ----> 36 340 53 340
================================================================================
NOTES:
# LAST OF SEVERAL OCCURRENCES
COLUMN 17 PEAK WIND IN M.P.H.
PRELIMINARY LOCAL CLIMATOLOGICAL DATA (WS FORM: F-6) , PAGE 2
STATION: MARSHFIELD WI
MONTH: JULY
YEAR: 2023
LATITUDE: 44 37 N
LONGITUDE: 90 11 W
[TEMPERATURE DATA] [PRECIPITATION DATA] SYMBOLS USED IN COLUMN 16
AVERAGE MONTHLY: 68.4 TOTAL FOR MONTH: 3.35 1 = FOG OR MIST
DPTR FM NORMAL: -0.6 DPTR FM NORMAL: 0.31 2 = FOG REDUCING VISIBILITY
HIGHEST: 92 ON 27 GRTST 24HR 1.52 ON 27-28 TO 1/4 MILE OR LESS
LOWEST: 47 ON 7 3 = THUNDER
SNOW, ICE PELLETS, HAIL 4 = ICE PELLETS
TOTAL MONTH: 0.0 INCH 5 = HAIL
GRTST 24HR 0.0 6 = FREEZING RAIN OR DRIZZLE
GRTST DEPTH: 0 7 = DUSTSTORM OR SANDSTORM:
VSBY 1/2 MILE OR LESS
8 = SMOKE OR HAZE
[NO. OF DAYS WITH] [WEATHER - DAYS WITH] 9 = BLOWING SNOW
X = TORNADO
MAX 32 OR BELOW: 0 0.01 INCH OR MORE: 13
MAX 90 OR ABOVE: 2 0.10 INCH OR MORE: 7
MIN 32 OR BELOW: 0 0.50 INCH OR MORE: 2
MIN 0 OR BELOW: 0 1.00 INCH OR MORE: 1
[HDD (BASE 65) ]
TOTAL THIS MO. 17 CLEAR (SCALE 0-3) 21
DPTR FM NORMAL -6 PTCLDY (SCALE 4-7) 10
TOTAL FM JUL 1 17 CLOUDY (SCALE 8-10) 0
DPTR FM NORMAL -14
[CDD (BASE 65) ]
TOTAL THIS MO. 128
DPTR FM NORMAL -19 [PRESSURE DATA]
TOTAL FM JAN 1 291 HIGHEST SLP 30.20 ON 31
DPTR FM NORMAL 46 LOWEST SLP 29.69 ON 10
[REMARKS]
#FINAL-07-23#