000
CXUS53 KGRB 040455
CF6MFI
PRELIMINARY LOCAL CLIMATOLOGICAL DATA (WS FORM: F-6)
STATION: MARSHFIELD WI
MONTH: SEPTEMBER
YEAR: 2022
LATITUDE: 44 37 N
LONGITUDE: 90 11 W
TEMPERATURE IN F: :PCPN: SNOW: WIND :SUNSHINE: SKY :PK WND
================================================================================
1 2 3 4 5 6A 6B 7 8 9 10 11 12 13 14 15 16 17 18
12Z AVG MX 2MIN
DY MAX MIN AVG DEP HDD CDD WTR SNW DPTH SPD SPD DIR MIN PSBL S-S WX SPD DR
================================================================================
1 85 57 71 7 0 6 0.00 0.0 0 5.7 15 200 M M 0 1 21 220
2 83 62 73 9 0 8 0.11 0.0 0 9.3 20 220 M M 1 13 27 200
3 75 54 65 1 0 0 T 0.0 0 10.1 16 60 M M 1 24 40
4 71 47 59 -5 6 0 0.00 0.0 0 5.7 13 110 M M 4 1 17 90
5 72 48 60 -3 5 0 0.00 0.0 0 4.5 12 140 M M 3 1 17 110
6 77 48 63 0 2 0 0.00 0.0 0 1.8 8 300 M M 2 12 12 340
7 83 55 69 6 0 4 0.00 0.0 0 3.3 12 310 M M 2 1 19 300
8 82 57 70 8 0 5 0.00 0.0 0 8.2 20 200 M M 0 1 28 190
9 81 60 71 9 0 6 T 0.0 0 8.8 17 190 M M 3 23 190
10 62 51 57 -5 8 0 0.37 0.0 0 5.6 16 340 M M 9 12 22 340
11 66 51 59 -2 6 0 T 0.0 0 7.5 15 360 M M 3 12 20 350
12 72 51 62 1 3 0 0.19 0.0 0 10.3 16 340 M M 8 1 24 10
13 77 43 60 0 5 0 0.00 0.0 0 5.7 13 290 M M 0 8 18 310
14 70 54 62 2 3 0 0.00 0.0 0 8.0 12 120 M M 2 12 17 110
15 80 55 68 8 0 3 0.00 0.0 0 9.3 18 200 M M 2 26 200
16 80 57 69 10 0 4 T 0.0 0 7.3 16 210 M M 2 1 22 200
17 78 61 70 11 0 5 T 0.0 0 8.4 17 220 M M 3 1 26 220
18 76 58 67 8 0 2 0.00 0.0 0 8.3 15 290 M M 6 1 23 240
19 76 50 63 5 2 0 T 0.0 0 3.5 9 190 M M 2 12 14 260
20 80 61 71 13 0 6 0.34 0.0 0 8.1 21 10 M M 5 13 32 350
21 68 46 57 0 8 0 0.00 0.0 0 13.2 25 310 M M 3 33 310
22 61 40 51 -6 14 0 0.00 0.0 0 6.2 16 10 M M 1 23 10
23 59 41 50 -6 15 0 T 0.0 0 6.4 16 220 M M 4 1 23 200
24 57 48 53 -3 12 0 T 0.0 0 5.1 13 210 M M 10 1 15 220
25 67 47 57 1 8 0 0.24 0.0 0 11.5 33 310 M M 7 13 46 290
26 57 39 48 -7 17 0 0.00 0.0 0 12.3 23 300 M M 7 32 290
27 51 35 43 -12 22 0 0.00 0.0 0 9.7 18 340 M M 5 26 340
28 57 30 44 -10 21 0 0.00 0.0 0 3.1 12 60 M M 0 15 10
29 62 35 49 -5 16 0 0.00 0.0 0 6.4 15 180 M M 0 21 190
30 67 37 52 -2 13 0 0.00 0.0 0 3.9 13 170 M M 0 1 16 140
================================================================================
SM 2132 1478 186 49 1.25 0.0 217.2 M 95
================================================================================
AV 71.1 49.3 7.2 FASTST M M 3 MAX(MPH)
MISC ----> 33 310 46 290
================================================================================
NOTES:
# LAST OF SEVERAL OCCURRENCES
COLUMN 17 PEAK WIND IN M.P.H.
PRELIMINARY LOCAL CLIMATOLOGICAL DATA (WS FORM: F-6) , PAGE 2
STATION: MARSHFIELD WI
MONTH: SEPTEMBER
YEAR: 2022
LATITUDE: 44 37 N
LONGITUDE: 90 11 W
[TEMPERATURE DATA] [PRECIPITATION DATA] SYMBOLS USED IN COLUMN 16
AVERAGE MONTHLY: 60.2 TOTAL FOR MONTH: 1.25 1 = FOG OR MIST
DPTR FM NORMAL: 0.9 DPTR FM NORMAL: -1.78 2 = FOG REDUCING VISIBILITY
HIGHEST: 85 ON 1 GRTST 24HR 0.37 ON 10-10 TO 1/4 MILE OR LESS
LOWEST: 30 ON 28 3 = THUNDER
SNOW, ICE PELLETS, HAIL 4 = ICE PELLETS
TOTAL MONTH: 0.0 INCH 5 = HAIL
GRTST 24HR 0.0 6 = FREEZING RAIN OR DRIZZLE
GRTST DEPTH: 0 7 = DUSTSTORM OR SANDSTORM:
VSBY 1/2 MILE OR LESS
8 = SMOKE OR HAZE
[NO. OF DAYS WITH] [WEATHER - DAYS WITH] 9 = BLOWING SNOW
X = TORNADO
MAX 32 OR BELOW: 0 0.01 INCH OR MORE: 5
MAX 90 OR ABOVE: 0 0.10 INCH OR MORE: 5
MIN 32 OR BELOW: 1 0.50 INCH OR MORE: 0
MIN 0 OR BELOW: 0 1.00 INCH OR MORE: 0
[HDD (BASE 65) ]
TOTAL THIS MO. 186 CLEAR (SCALE 0-3) 17
DPTR FM NORMAL -19 PTCLDY (SCALE 4-7) 11
TOTAL FM JUL 1 199 CLOUDY (SCALE 8-10) 2
DPTR FM NORMAL -67
[CDD (BASE 65) ]
TOTAL THIS MO. 49
DPTR FM NORMAL 14 [PRESSURE DATA]
TOTAL FM JAN 1 439 HIGHEST SLP 30.58 ON 28
DPTR FM NORMAL 51 LOWEST SLP 29.74 ON 25
[REMARKS]
#FINAL-09-22#