000
CXUS56 KMFR 010930
CF6MFR
PRELIMINARY LOCAL CLIMATOLOGICAL DATA (WS FORM: F-6)
STATION: MEDFORD OR
MONTH: JULY
YEAR: 2022
LATITUDE: 42 22 N
LONGITUDE: 122 52 W
TEMPERATURE IN F: :PCPN: SNOW: WIND :SUNSHINE: SKY :PK WND
================================================================================
1 2 3 4 5 6A 6B 7 8 9 10 11 12 13 14 15 16 17 18
12Z AVG MX 2MIN
DY MAX MIN AVG DEP HDD CDD WTR SNW DPTH SPD SPD DIR MIN PSBL S-S WX SPD DR
================================================================================
1 88 56 72 1 0 7 0.00 0.0 0 4.3 16 340 M M 0 24 280
2 81 57 69 -3 0 4 0.01 0.0 0 7.2 22 140 M M 2 38 31 60
3 80 57 69 -3 0 4 T 0.0 0 6.1 17 280 M M 5 26 280
4 77 61 69 -3 0 4 0.26 0.0 0 3.8 15 260 M M 9 18 23 210
5 78 63 71 -2 0 6 0.13 0.0 0 6.3 17 300 M M 9 25 320
6 82 62 72 -1 0 7 0.00 0.0 0 7.1 20 300 M M 7 28 300
7 84 60 72 -1 0 7 0.00 0.0 0 6.6 17 290 M M 4 23 300
8 87 58 73 -1 0 8 0.00 0.0 0 4.5 16 290 M M 0 21 350
9 90 60 75 1 0 10 0.00 0.0 0 7.1 17 360 M M 2 26 320
10 93 60 77 3 0 12 0.00 0.0 0 4.6 15 320 M M 0 19 280
11 104 60 82 8 0 17 0.00 0.0 0 3.8 12 320 M M 0 15 290
12 98 67 83 8 0 18 0.00 0.0 0 5.7 20 350 M M 0 25 350
13 93 68 81 6 0 16 0.00 0.0 0 6.9 20 360 M M 0 26 360
14 93 62 78 3 0 13 0.00 0.0 0 5.6 20 350 M M 0 26 300
15 92 64 78 2 0 13 0.00 0.0 0 7.0 17 360 M M 0 22 300
16 93 60 77 1 0 12 0.00 0.0 0 5.2 16 360 M M 0 22 360
17 87 63 75 -1 0 10 0.00 0.0 0 7.2 17 320 M M 0 22 300
18 94 56 75 -1 0 10 0.00 0.0 0 4.0 16 280 M M 0 23 280
19 98 61 80 4 0 15 0.00 0.0 0 4.8 15 300 M M 0 23 290
20 101 63 82 6 0 17 0.00 0.0 0 4.7 16 290 M M 0 24 290
21 97 59 78 2 0 13 0.00 0.0 0 5.6 20 270 M M 0 28 320
22 91 57 74 -3 0 9 0.00 0.0 0 5.8 18 350 M M 0 25 350
23 92 54 73 -4 0 8 0.00 0.0 0 3.8 16 350 M M 0 21 260
24 101 58 80 3 0 15 0.00 0.0 0 3.7 15 350 M M 0 21 350
25 107 63 85 8 0 20 0.00 0.0 0 3.5 16 280 M M 0 20 290
26 106 69 88 11 0 23 0.00 0.0 0 5.4 18 270 M M 0 27 300
27 105 73 89 12 0 24 0.00 0.0 0 4.6 16 260 M M 0 20 270
28 111 69 90 13 0 25 0.00 0.0 0 3.3 13 340 M M 1 17 340
29 114 71 93 16 0 28 0.00 0.0 0 3.5 15 350 M M 0 19 340
30 99 77 88 11 0 23 0.00 0.0 0 4.4 17 160 M M 1 8 21 140
31 97 72 85 8 0 20 T 0.0 M 5.5 14 300 M M 3 8 22 310
================================================================================
SM 2913 1940 0 418 0.40 0.0 161.6 M 43
================================================================================
AV 94.0 62.6 5.2 FASTST M M 1 MAX(MPH)
MISC ----> 22 140 31 60
================================================================================
NOTES:
# LAST OF SEVERAL OCCURRENCES
COLUMN 17 PEAK WIND IN M.P.H.
PRELIMINARY LOCAL CLIMATOLOGICAL DATA (WS FORM: F-6) , PAGE 2
STATION: MEDFORD OR
MONTH: JULY
YEAR: 2022
LATITUDE: 42 22 N
LONGITUDE: 122 52 W
[TEMPERATURE DATA] [PRECIPITATION DATA] SYMBOLS USED IN COLUMN 16
AVERAGE MONTHLY: 78.3 TOTAL FOR MONTH: 0.40 1 = FOG OR MIST
DPTR FM NORMAL: 3.2 DPTR FM NORMAL: 0.16 2 = FOG REDUCING VISIBILITY
HIGHEST: 114 ON 29 GRTST 24HR 0.36 ON 4- 5 TO 1/4 MILE OR LESS
LOWEST: 54 ON 23 3 = THUNDER
SNOW, ICE PELLETS, HAIL 4 = ICE PELLETS
TOTAL MONTH: 0.0 INCH 5 = HAIL
GRTST 24HR 0.0 6 = FREEZING RAIN OR DRIZZLE
GRTST DEPTH: 0 7 = DUSTSTORM OR SANDSTORM:
VSBY 1/2 MILE OR LESS
8 = SMOKE OR HAZE
[NO. OF DAYS WITH] [WEATHER - DAYS WITH] 9 = BLOWING SNOW
X = TORNADO
MAX 32 OR BELOW: 0 0.01 INCH OR MORE: 3
MAX 90 OR ABOVE: 22 0.10 INCH OR MORE: 2
MIN 32 OR BELOW: 0 0.50 INCH OR MORE: 0
MIN 0 OR BELOW: 0 1.00 INCH OR MORE: 0
[HDD (BASE 65) ]
TOTAL THIS MO. 0 CLEAR (SCALE 0-3) 26
DPTR FM NORMAL -4 PTCLDY (SCALE 4-7) 3
TOTAL FM JUL 1 0 CLOUDY (SCALE 8-10) 2
DPTR FM NORMAL 0
[CDD (BASE 65) ]
TOTAL THIS MO. 418
DPTR FM NORMAL 101 [PRESSURE DATA]
TOTAL FM JAN 1 566 HIGHEST SLP M ON M
DPTR FM NORMAL 97 LOWEST SLP 29.68 ON 29
[REMARKS]
#FINAL-07-22#