000
CXUS56 KMFR 180029 RRA
CLAMFR
CLIMATE REPORT
NATIONAL WEATHER SERVICE MEDFORD, OR
416 PM PST WED FEB 17 2021
...................................
...THE MEDFORD OR CLIMATE SUMMARY FOR THE YEAR OF 2020...
CLIMATE NORMAL PERIOD 1981 TO 2010
CLIMATE RECORD PERIOD 1911 TO 2021
WEATHER OBSERVED NORMAL DEPART LAST YEAR`S
VALUE DATE(S) VALUE FROM VALUE DATE(S)
NORMAL
................................................................
TEMPERATURE (F)
RECORD
HIGH 115 07/20/1946
LOW -10 12/13/1919
HIGHEST 108 08/15 105 08/27
LOWEST 22 11/09 23 02/19
AVG. MAXIMUM 69.9 68.0 1.9 68.0
AVG. MINIMUM 44.4 43.2 1.2 43.6
MEAN 57.2 55.6 1.6 55.8
DAYS MAX >= 90 72 53.9 18.1 56
DAYS MAX <= 32 0 0.6 -0.6 0
DAYS MIN <= 32 70 55.1 14.9 70
DAYS MIN <= 0 0 0.0 0.0 0
PRECIPITATION (INCHES)
RECORD
MAXIMUM 31.41 1996
MINIMUM 6.38
TOTALS 15.43 18.35 -2.92 20.33
DAILY AVG. 0.04 0.05 -0.01 0.05
DAYS >= .01 94 102.6 -8.6 91
DAYS >= .10 44 50.9 -6.9 47
DAYS >= .50 6 8.1 -2.1 13
DAYS >= 1.00 2 1.6 0.4 2
GREATEST
24 HR. TOTAL 1.77 11/14 TO 11/15
SNOWFALL (INCHES)
RECORDS
TOTAL 24.1 1930
TOTALS 0.5 4.1 -3.6 6.8
SINCE 7/1 0.0 1.7 -1.7 T
DAYS >= TRACE 3 5.1 -2.1 12
DAYS >= 1.0 0 1.6 -1.6 2
DEGREE DAYS
HEATING TOTAL 3848 4250 -402 4164
SINCE 7/1 1298 1763 -465 1757
COOLING TOTAL 1155 828 327 932
SINCE 1/1 1155 829 -829 932
FREEZE DATES
................................................................
WIND (MPH)
AVERAGE WIND SPEED 3.6
HIGHEST WIND SPEED/DIRECTION 35/150 DATE 12/25
HIGHEST GUST SPEED/DIRECTION 46/200 DATE 06/11
SKY COVER
POSSIBLE SUNSHINE (PERCENT) MM
AVERAGE SKY COVER 0.40
NUMBER OF DAYS FAIR 194
NUMBER OF DAYS PC 82
NUMBER OF DAYS CLOUDY 88
AVERAGE RH (PERCENT) 59
WEATHER CONDITIONS. NUMBER OF DAYS WITH
THUNDERSTORM 5 MIXED PRECIP 0
HEAVY RAIN 10 RAIN 34
LIGHT RAIN 110 FREEZING RAIN 0
LT FREEZING RAIN 0 HAIL 0
HEAVY SNOW 0 SNOW 1
LIGHT SNOW 3 SLEET 0
FOG 119 FOG W/VIS <= 1/4 MILE 41
HAZE 76
- INDICATES NEGATIVE NUMBERS.
R INDICATES RECORD WAS SET OR TIED.
MM INDICATES DATA IS MISSING.
T INDICATES TRACE AMOUNT.
$$