000
CXUS51 KPBZ 010730
CF6MGW
PRELIMINARY LOCAL CLIMATOLOGICAL DATA (WS FORM: F-6)
STATION: MORGANTOWN WV
MONTH: MAY
YEAR: 2022
LATITUDE: 39 39 N
LONGITUDE: 79 55 W
TEMPERATURE IN F: :PCPN: SNOW: WIND :SUNSHINE: SKY :PK WND
================================================================================
1 2 3 4 5 6A 6B 7 8 9 10 11 12 13 14 15 16 17 18
12Z AVG MX 2MIN
DY MAX MIN AVG DEP HDD CDD WTR SNW DPTH SPD SPD DIR MIN PSBL S-S WX SPD DR
================================================================================
1 75 56 66 7 0 1 0.69 M M 7.2 17 210 M M 7 13 30 210
2 74 50 62 3 3 0 0.00 M M 4.9 15 280 M M 2 1 22 220
3 85 52 69 9 0 4 0.62 M M 4.5 23 290 M M 2 138 35 280
4 67 55 61 1 4 0 0.05 M M 6.2 14 230 M M 10 1 19 280
5 69 53 61 1 4 0 0.00 M M 5.4 10 80 M M 9 17 70
6 65 53 59 -1 6 0 0.64 M M 5.1 14 80 M M 10 1 24 90
7 56 47 52 -8 13 0 0.50 M M 8.9 18 60 M M 10 1 27 70
8 67 43 55 -6 10 0 0.00 M M 5.5 12 30 M M 4 16 40
9 76 39 58 -3 7 0 0.00 M M 4.0 12 120 M M 0 15 110
10 79 43 61 0 4 0 0.00 M M 4.4 16 120 M M 0 21 120
11 82 50 66 5 0 1 0.00 M M 5.0 13 360 M M 0 19 10
12 81 49 65 3 0 0 0.00 M M 5.1 17 140 M M 1 23 110
13 79 58 69 7 0 4 0.00 M M 6.8 16 100 M M 4 23 90
14 83 60 72 10 0 7 T M M 3.4 14 170 M M 4 20 180
15 80 59 70 8 0 5 T M M 3.6 10 240 M M 6 3 16 200
16 69 52 61 -1 4 0 0.59 M M 5.4 17 350 M M 5 138 31 250
17 76 50 63 0 2 0 0.00 M M 5.9 17 280 M M 3 1 28 280
18 73 48 61 -2 4 0 0.08 M M 2.9 8 160 M M 6 12 150
19 79 60 70 7 0 5 0.04 M M 6.0 14 230 M M 6 1 23 220
20 84 62 73 10 0 8 0.42 M M 6.9 16 150 M M 3 13 23 200
21 89 68 79 15 0 14 0.00 M M 7.5 16 270 M M 3 25 270
22 83 57 70 6 0 5 0.04 M M 5.2 16 320 M M 5 1 22 260
23 66 53 60 -4 5 0 0.03 M M 4.8 10 10 M M 6 1 14 20
24 74 52 63 -1 2 0 0.00 M M 5.2 13 80 M M 6 17 90
25 78 58 68 3 0 3 0.00 M M 9.0 16 110 M M 0 24 100
26 85 64 75 10 0 10 0.02 M M 8.0 21 140 M M 5 1 27 120
27 77 60 69 4 0 4 1.14 M M 5.5 15 230 M M 8 1 24 220
28 73 58 66 1 0 1 0.06 M M 3.9 10 230 M M 10 1 14 230
29 82 56 69 3 0 4 0.00 M M 2.0 9 210 M M 1 12 14 210
30 88 59 74 8 0 9 0.00 M M 2.8 9 170 M M 1 13 180
31 90 62 76 10 0 11 0.00 M M 2.8 10 220 M M 1 16 280
================================================================================
SM 2384 1686 68 96 4.92 M 163.8 M 138
================================================================================
AV 76.9 54.4 5.3 FASTST M M 4 MAX(MPH)
MISC ----> 23 290 35 280
================================================================================
NOTES:
# LAST OF SEVERAL OCCURRENCES
COLUMN 17 PEAK WIND IN M.P.H.
PRELIMINARY LOCAL CLIMATOLOGICAL DATA (WS FORM: F-6) , PAGE 2
STATION: MORGANTOWN WV
MONTH: MAY
YEAR: 2022
LATITUDE: 39 39 N
LONGITUDE: 79 55 W
[TEMPERATURE DATA] [PRECIPITATION DATA] SYMBOLS USED IN COLUMN 16
AVERAGE MONTHLY: 65.6 TOTAL FOR MONTH: 4.92 1 = FOG OR MIST
DPTR FM NORMAL: 3.0 DPTR FM NORMAL: 0.59 2 = FOG REDUCING VISIBILITY
HIGHEST: 90 ON 31 GRTST 24HR 1.16 ON 26-27 TO 1/4 MILE OR LESS
LOWEST: 39 ON 9 3 = THUNDER
SNOW, ICE PELLETS, HAIL 4 = ICE PELLETS
TOTAL MONTH: M 5 = HAIL
GRTST 24HR M ON M 6 = FREEZING RAIN OR DRIZZLE
GRTST DEPTH: M ON M 7 = DUSTSTORM OR SANDSTORM:
VSBY 1/2 MILE OR LESS
8 = SMOKE OR HAZE
[NO. OF DAYS WITH] [WEATHER - DAYS WITH] 9 = BLOWING SNOW
X = TORNADO
MAX 32 OR BELOW: 0 0.01 INCH OR MORE: 14
MAX 90 OR ABOVE: 1 0.10 INCH OR MORE: 7
MIN 32 OR BELOW: 0 0.50 INCH OR MORE: 6
MIN 0 OR BELOW: 0 1.00 INCH OR MORE: 1
[HDD (BASE 65) ]
TOTAL THIS MO. 68 CLEAR (SCALE 0-3) 12
DPTR FM NORMAL -78 PTCLDY (SCALE 4-7) 14
TOTAL FM JUL 1 4432 CLOUDY (SCALE 8-10) 5
DPTR FM NORMAL -508
[CDD (BASE 65) ]
TOTAL THIS MO. 96
DPTR FM NORMAL 26 [PRESSURE DATA]
TOTAL FM JAN 1 122 HIGHEST SLP 30.36 ON 10
DPTR FM NORMAL 33 LOWEST SLP 29.53 ON 6
[REMARKS]
#FINAL-05-22#