000
CXUS53 KTOP 010810
CF6MHK
PRELIMINARY LOCAL CLIMATOLOGICAL DATA (WS FORM: F-6)
STATION: MANHATTAN KS
MONTH: MAY
YEAR: 2023
LATITUDE: 39 9 N
LONGITUDE: 96 40 W
TEMPERATURE IN F: :PCPN: SNOW: WIND :SUNSHINE: SKY :PK WND
================================================================================
1 2 3 4 5 6A 6B 7 8 9 10 11 12 13 14 15 16 17 18
12Z AVG MX 2MIN
DY MAX MIN AVG DEP HDD CDD WTR SNW DPTH SPD SPD DIR MIN PSBL S-S WX SPD DR
================================================================================
1 68 35 52 -7 13 0 0.00 M M 5.3 17 360 M M 0 8 29 350
2 70 34 52 -8 13 0 0.00 M M 3.6 15 20 M M 0 24 360
3 78 30 54 -6 11 0 0.00 M M 1.4 9 220 M M 1 13 210
4 76 55 66 6 0 1 0.00 M M 9.2 22 130 M M 9 3 29 140
5 83 59 71 10 0 6 0.15 M M 8.5 21 180 M M 6 138 30 180
6 94 66 80 19 0 15 0.00 M M 9.8 20 230 M M 3 18 27 230
7 94 58 76 15 0 11 0.17 M M 10.7 23 170 M M 1 13 32 190
8 86 56 71 9 0 6 0.00 M M 6.4 14 60 M M 0 22 50
9 80 60 70 8 0 5 2.23 M M 9.5 41 90 M M 2 13 58 90
10 84 59 72 10 0 7 0.00 M M 5.7 14 130 M M 1 20 120
11 77 60 69 6 0 4 0.13 M M 7.7 17 110 M M 5 18 24 110
12 90 64 77 14 0 12 0.00 M M 9.0 22 210 M M 2 31 180
13 83 57 70 6 0 5 0.00 M M 4.9 16 250 M M 1 23 230
14 83 64 74 10 0 9 T M M 5.2 17 40 M M 4 3 24 50
15 68 56 62 -2 3 0 0.38 M M 7.0 15 40 M M 10 18 21 20
16 70 52 61 -4 4 0 0.00 M M 2.7 10 40 M M 8 18 14 40
17 82 49 66 1 0 1 0.00 M M 1.6 9 60 M M 2 128 14 100
18 84 53 69 3 0 4 0.00 M M 2.8 13 220 M M 2 1 18 190
19 69 49 59 -7 6 0 0.01 M M 6.9 22 30 M M 6 8 34 20
20 73 41 57 -9 8 0 0.00 M M 2.6 13 40 M M 0 17 40
21 79 43 61 -6 4 0 0.00 M M 3.6 13 190 M M 0 1 17 190
22 81 50 66 -1 0 1 0.00 M M 4.0 13 160 M M 3 8 18 180
23 83 53 68 0 0 3 0.00 M M 3.2 13 150 M M 2 1 20 160
24 85 55 70 2 0 5 T M M 4.0 24 170 M M 1 18 34 160
25 87 55 71 3 0 6 0.06 M M 5.6 24 150 M M 2 35 150
26 84 56 70 1 0 5 0.00 M M 7.4 17 90 M M 1 24 150
27 84 53 69 0 0 4 0.00 M M 7.2 14 160 M M 0 23 100
28 82 61 72 3 0 7 0.08 M M 4.2 16 220 M M 7 18 21 220
29 89 62 76 6 0 11 0.00 M M 6.8 17 170 M M 3 23 180
30 93 64 79 9 0 14 0.00 M M 6.3 16 100 M M 1 24 110
31 88 67 78 8 0 13 0.64 M M 8.3 24 170 M M 3 38 33 170
================================================================================
SM 2527 1676 62 155 3.85 M 181.1 M 86
================================================================================
AV 81.5 54.1 5.8 FASTST M M 3 MAX(MPH)
MISC ----> 41 90 58 90
================================================================================
NOTES:
# LAST OF SEVERAL OCCURRENCES
COLUMN 17 PEAK WIND IN M.P.H.
PRELIMINARY LOCAL CLIMATOLOGICAL DATA (WS FORM: F-6) , PAGE 2
STATION: MANHATTAN KS
MONTH: MAY
YEAR: 2023
LATITUDE: 39 9 N
LONGITUDE: 96 40 W
[TEMPERATURE DATA] [PRECIPITATION DATA] SYMBOLS USED IN COLUMN 16
AVERAGE MONTHLY: 67.8 TOTAL FOR MONTH: 3.85 1 = FOG OR MIST
DPTR FM NORMAL: 3.0 DPTR FM NORMAL: -0.80 2 = FOG REDUCING VISIBILITY
HIGHEST: 94 ON 7, 6 GRTST 24HR 2.23 ON 9- 9 TO 1/4 MILE OR LESS
LOWEST: 30 ON 3 3 = THUNDER
SNOW, ICE PELLETS, HAIL 4 = ICE PELLETS
TOTAL MONTH: M 5 = HAIL
GRTST 24HR M ON M 6 = FREEZING RAIN OR DRIZZLE
GRTST DEPTH: M ON M 7 = DUSTSTORM OR SANDSTORM:
VSBY 1/2 MILE OR LESS
8 = SMOKE OR HAZE
[NO. OF DAYS WITH] [WEATHER - DAYS WITH] 9 = BLOWING SNOW
X = TORNADO
MAX 32 OR BELOW: 0 0.01 INCH OR MORE: 9
MAX 90 OR ABOVE: 4 0.10 INCH OR MORE: 6
MIN 32 OR BELOW: 1 0.50 INCH OR MORE: 2
MIN 0 OR BELOW: 0 1.00 INCH OR MORE: 1
[HDD (BASE 65) ]
TOTAL THIS MO. 62 CLEAR (SCALE 0-3) 21
DPTR FM NORMAL -51 PTCLDY (SCALE 4-7) 8
TOTAL FM JUL 1 4912 CLOUDY (SCALE 8-10) 2
DPTR FM NORMAL -184
[CDD (BASE 65) ]
TOTAL THIS MO. 155
DPTR FM NORMAL 47 [PRESSURE DATA]
TOTAL FM JAN 1 186 HIGHEST SLP M ON M
DPTR FM NORMAL 55 LOWEST SLP 29.59 ON 7
[REMARKS]
#FINAL-05-23#