000
CXUS53 KTOP 010910
CF6MHK
PRELIMINARY LOCAL CLIMATOLOGICAL DATA (WS FORM: F-6)
STATION: MANHATTAN KS
MONTH: FEBRUARY
YEAR: 2024
LATITUDE: 39 9 N
LONGITUDE: 96 40 W
TEMPERATURE IN F: :PCPN: SNOW: WIND :SUNSHINE: SKY :PK WND
================================================================================
1 2 3 4 5 6A 6B 7 8 9 10 11 12 13 14 15 16 17 18
12Z AVG MX 2MIN
DY MAX MIN AVG DEP HDD CDD WTR SNW DPTH SPD SPD DIR MIN PSBL S-S WX SPD DR
================================================================================
1 71 44 58 27 7 0 0.00 M M 7.7 18 170 M M 0 25 180
2 70 43 57 26 8 0 0.00 M M 7.1 21 150 M M 2 28 160
3 57 45 51 20 14 0 0.55 M M 11.4 20 70 M M 9 18 27 110
4 50 36 43 12 22 0 0.18 M M 8.4 16 30 M M 8 1 23 60
5 44 30 37 6 28 0 0.00 M M 3.4 9 260 M M 5 128 14 290
6 58 29 44 12 21 0 0.00 M M 5.2 16 220 M M 5 128 20 220
7 61 43 52 20 13 0 0.00 M M 12.4 24 180 M M 1 35 210
8 65 33 49 17 16 0 T M M 12.3 25 220 M M 1 44 180
9 58 31 45 13 20 0 0.00 M M 7.2 15 40 M M 1 22 70
10 42 27 35 3 30 0 0.00 M M 7.5 17 30 M M 4 22 40
11 47 24 36 3 29 0 0.00 M M 5.4 14 30 M M 3 21 20
12 57 19 38 5 27 0 0.00 M M 2.5 13 350 M M 0 1 21 360
13 66 24 45 12 20 0 0.00 M M 5.1 20 240 M M 0 27 220
14 70 25 48 14 17 0 0.00 M M 7.6 25 210 M M 0 36 210
15 48 32 40 6 25 0 0.00 M M 9.2 15 20 M M 4 28 10
16 35 19 27 -7 38 0 0.03 M M 11.6 23 30 M M 8 1 31 40
17 37 6 22 -12 43 0 0.00 M M 5.8 15 260 M M 0 21 250
18 56 18 37 2 28 0 0.00 M M 4.5 12 220 M M 0 17 250
19 59 22 41 6 24 0 0.00 M M 4.6 18 200 M M 1 24 220
20 73 23 48 13 17 0 0.00 M M 3.7 16 210 M M 0 28 210
21 73 34 54 18 11 0 0.00 M M 4.2 14 180 M M 0 8 20 140
22 68 36 52 16 13 0 0.00 M M 5.3 18 40 M M 1 28 30
23 68 29 49 13 16 0 0.00 M M 5.6 18 280 M M 1 31 340
24 70 25 48 11 17 0 0.00 M M 5.7 24 230 M M 0 33 230
25 76 26 51 14 14 0 0.00 M M 3.8 16 280 M M 0 25 320
26 83 30 57 19 8 0 0.00 M M 5.1 16 220 M M 0 19 230
27 69 21 45 7 20 0 T M M 8.0 21 360 M M 3 8 39 10
28 43 13 28 -10 37 0 0.00 M M 2.9 14 270 M M 0 8 23 20
29 60 20 40 1 25 0 0.02 M M 15.3 29 210 M M 1 1 40 190
================================================================================
SM 1734 807 608 0 0.78 M 198.5 M 58
================================================================================
AV 59.8 27.8 6.8 FASTST M M 2 MAX(MPH)
MISC ----> 29 210 44 180
================================================================================
NOTES:
# LAST OF SEVERAL OCCURRENCES
COLUMN 17 PEAK WIND IN M.P.H.
PRELIMINARY LOCAL CLIMATOLOGICAL DATA (WS FORM: F-6) , PAGE 2
STATION: MANHATTAN KS
MONTH: FEBRUARY
YEAR: 2024
LATITUDE: 39 9 N
LONGITUDE: 96 40 W
[TEMPERATURE DATA] [PRECIPITATION DATA] SYMBOLS USED IN COLUMN 16
AVERAGE MONTHLY: 43.8 TOTAL FOR MONTH: 0.78 1 = FOG OR MIST
DPTR FM NORMAL: 9.8 DPTR FM NORMAL: -0.18 2 = FOG REDUCING VISIBILITY
HIGHEST: 83 ON 26 GRTST 24HR 0.61 ON 3- 4 TO 1/4 MILE OR LESS
LOWEST: 6 ON 17 3 = THUNDER
SNOW, ICE PELLETS, HAIL 4 = ICE PELLETS
TOTAL MONTH: M 5 = HAIL
GRTST 24HR M ON M 6 = FREEZING RAIN OR DRIZZLE
GRTST DEPTH: M ON M 7 = DUSTSTORM OR SANDSTORM:
VSBY 1/2 MILE OR LESS
8 = SMOKE OR HAZE
[NO. OF DAYS WITH] [WEATHER - DAYS WITH] 9 = BLOWING SNOW
X = TORNADO
MAX 32 OR BELOW: 0 0.01 INCH OR MORE: 4
MAX 90 OR ABOVE: 0 0.10 INCH OR MORE: 2
MIN 32 OR BELOW: 21 0.50 INCH OR MORE: 1
MIN 0 OR BELOW: 0 1.00 INCH OR MORE: 0
[HDD (BASE 65) ]
TOTAL THIS MO. 608 CLEAR (SCALE 0-3) 22
DPTR FM NORMAL -261 PTCLDY (SCALE 4-7) 5
TOTAL FM JUL 1 3526 CLOUDY (SCALE 8-10) 2
DPTR FM NORMAL -545
[CDD (BASE 65) ]
TOTAL THIS MO. 0
DPTR FM NORMAL 0 [PRESSURE DATA]
TOTAL FM JAN 1 0 HIGHEST SLP 30.55 ON 17
DPTR FM NORMAL 0 LOWEST SLP 29.34 ON 27
[REMARKS]
#FINAL-02-24#