000
CXUS52 KMFL 011353
CLMMIA
CLIMATE REPORT
NATIONAL WEATHER SERVICE MIAMI, FL
853 AM EST MON JAN 01 2024
...................................
...THE MIAMI CLIMATE SUMMARY FOR THE MONTH OF DECEMBER 2023...
CLIMATE NORMAL PERIOD: 1991 TO 2020
CLIMATE RECORD PERIOD: 1895 TO 2023
WEATHER OBSERVED NORMAL DEPART LAST YEAR`S
VALUE DATE(S) VALUE FROM VALUE
NORMAL
..............................................................
TEMPERATURE (F)
RECORD
HIGH 89 12/10/2009
12/03/1902
12/13/1900
LOW 30 12/25/1989
12/12/1934
HIGHEST 89R 12/03 85
LOWEST 54 12/31 45
AVG. MAXIMUM 77.1 78.2 -1.1 79.0
AVG. MINIMUM 65.4 64.3 1.1 65.6
MEAN 71.2 71.2 0.0 72.3
DAYS MAX >= 90 0 0
DAYS MAX <= 32 0 0
DAYS MIN <= 32 0 0
DAYS MIN <= 0 0 0
PRECIPITATION (INCHES)
RECORD
MAXIMUM 12.08 1905
MINIMUM 0.00 1906
TOTALS 3.85 2.44 1.41 1.73
DAILY AVG. 0.12 0.08 0.04
DAYS >= .01 11 12
DAYS >= .10 8 6
DAYS >= .50 4 0
DAYS >= 1.00 1 0
GREATEST
24 HR. TOTAL 1.26 12/16 TO 12/17 0.51
DEGREE DAYS
HEATING TOTAL 8 26 -18 41
SINCE 7/1 8 28 -20 MM
COOLING TOTAL 207 219 -12 276
SINCE 1/1 5536 4656 880 MM
..............................................................
WIND (MPH)
AVERAGE WIND SPEED 8.5
HIGHEST WIND SPEED/DIRECTION 30/140 DATE 12/16
HIGHEST GUST SPEED/DIRECTION 42/070 DATE 12/15
42/150 12/16
SKY COVER
POSSIBLE SUNSHINE (PERCENT) MM
AVERAGE SKY COVER 0.69
NUMBER OF DAYS FAIR 3
NUMBER OF DAYS PC 16
NUMBER OF DAYS CLOUDY 12
AVERAGE RH (PERCENT) 71
WEATHER CONDITIONS. NUMBER OF DAYS WITH
THUNDERSTORM 1 MIXED PRECIP 0
HEAVY RAIN 5 RAIN 5
LIGHT RAIN 11 FREEZING RAIN 0
LT FREEZING RAIN 0 HAIL 0
HEAVY SNOW 0 SNOW 0
LIGHT SNOW 0 SLEET 0
FOG 9 FOG W/VIS <= 1/4 MILE 0
HAZE 3
- INDICATES NEGATIVE NUMBERS.
R INDICATES RECORD WAS SET OR TIED.
MM INDICATES DATA IS MISSING.
T INDICATES TRACE AMOUNT.
$$