000
CXUS52 KMFL 011244
CLMMIA
CLIMATE REPORT
NATIONAL WEATHER SERVICE MIAMI, FL
844 AM EDT FRI SEP 01 2023
...................................
...THE MIAMI CLIMATE SUMMARY FOR THE MONTH OF AUGUST 2023...
CLIMATE NORMAL PERIOD: 1991 TO 2020
CLIMATE RECORD PERIOD: 1895 TO 2023
WEATHER OBSERVED NORMAL DEPART LAST YEAR`S
VALUE DATE(S) VALUE FROM VALUE
NORMAL
..............................................................
TEMPERATURE (F)
RECORD
HIGH 98 08/01/1990
08/09/1987
08/06/1954
LOW 67 08/18/1938
08/04/1937
08/14/1911
HIGHEST 96 08/15 96
08/31
LOWEST 75 08/17 76
AVG. MAXIMUM 93.2 90.7 2.5 91.8
AVG. MINIMUM 80.0 77.7 2.3 79.4
MEAN 86.6 84.2 2.4 85.6
DAYS MAX >= 90 31 30
DAYS MAX <= 32 0 0
DAYS MIN <= 32 0 0
DAYS MIN <= 0 0 0
PRECIPITATION (INCHES)
RECORD
MAXIMUM 16.88 1943
MINIMUM 1.15 1938
TOTALS 10.25 9.58 0.67 5.17
DAILY AVG. 0.33 0.31 0.02
DAYS >= .01 23 16
DAYS >= .10 16 11
DAYS >= .50 5 5
DAYS >= 1.00 2 0
GREATEST
24 HR. TOTAL 3.42 08/17 TO 08/17 1.56
DEGREE DAYS
HEATING TOTAL 0 0 0 0
SINCE 7/1 0 0 0 MM
COOLING TOTAL 678 595 83 644
SINCE 1/1 3794 3135 659 MM
..............................................................
WIND (MPH)
AVERAGE WIND SPEED 6.4
HIGHEST WIND SPEED/DIRECTION 29/110 DATE 08/20
HIGHEST GUST SPEED/DIRECTION 37/120 DATE 08/29
SKY COVER
POSSIBLE SUNSHINE (PERCENT) MM
AVERAGE SKY COVER 0.60
NUMBER OF DAYS FAIR 0
NUMBER OF DAYS PC 27
NUMBER OF DAYS CLOUDY 4
AVERAGE RH (PERCENT) 72
WEATHER CONDITIONS. NUMBER OF DAYS WITH
THUNDERSTORM 23 MIXED PRECIP 0
HEAVY RAIN 8 RAIN 7
LIGHT RAIN 22 FREEZING RAIN 0
LT FREEZING RAIN 0 HAIL 0
HEAVY SNOW 0 SNOW 0
LIGHT SNOW 0 SLEET 0
FOG 9 FOG W/VIS <= 1/4 MILE 0
HAZE 5
- INDICATES NEGATIVE NUMBERS.
R INDICATES RECORD WAS SET OR TIED.
MM INDICATES DATA IS MISSING.
T INDICATES TRACE AMOUNT.
$$