000
CXUS55 KEAX 010836
CF6MKC
PRELIMINARY LOCAL CLIMATOLOGICAL DATA (WS FORM: F-6)
STATION: DOWNTOWN KANSAS CITY MO
MONTH: FEBRUARY
YEAR: 2021
LATITUDE: 39 7 N
LONGITUDE: 94 36 W
TEMPERATURE IN F: :PCPN: SNOW: WIND :SUNSHINE: SKY :PK WND
================================================================================
1 2 3 4 5 6A 6B 7 8 9 10 11 12 13 14 15 16 17 18
12Z AVG MX 2MIN
DY MAX MIN AVG DEP HDD CDD WTR SNW DPTH SPD SPD DIR MIN PSBL S-S WX SPD DR
================================================================================
1 35 25 30 -2 35 0 0.00 M M 7.1 15 350 M M 7 20 340
2 42 25 34 2 31 0 0.00 M M 5.3 10 120 M M 5 18 14 60
3 58 29 44 12 21 0 0.00 M M 7.8 17 180 M M 0 27 120
4 49 23 36 4 29 0 T M M 11.7 28 320 M M 5 18 40 320
5 39 21 30 -3 35 0 0.00 M M 5.6 15 240 M M 3 21 230
6 25 7 16 -17 49 0 T M M 9.2 18 10 M M 7 1 25 20
7 8 4 6 -27 59 0 0.03 M M 9.3 15 90 M M 8 18 23 70
8 8 5 7 -26 58 0 T M M 8.8 14 10 M M 10 18 18 10
9 14 8 11 -23 54 0 T M M 8.1 13 360 M M 10 15 20
10 15 10 13 -21 52 0 T M M 10.4 17 10 M M 10 22 20
11 15 9 12 -22 53 0 T M M 11.5 17 10 M M 10 23 350
12 9 1 5 -29 60 0 T M M 12.7 18 10 M M 7 26 360
13 8 -2 3 -32 62 0 0.00 M M 11.9 18 350 M M 5 25 360
14 3 -5 -1 -36 66 0 T M M 12.9 20 20 M M 10 8 25 10
15 -1 -8 -4 -39 69 0 T M M 10.6 17 10 M M 9 8 22 10
16 12 -9 2 -34 63 0 0.00 M M 3.6 12 80 M M 0 15 80
17 23 4 14 -22 51 0 T M M 5.4 10 70 M M 10 8 15 90
18 25 4 15 -21 50 0 0.00 M M 3.2 12 310 M M 1 18 15 300
19 33 7 20 -17 45 0 0.00 M M 7.7 17 220 M M 1 18 22 210
20 43 19 31 -6 34 0 0.00 M M 6.3 15 200 M M 0 18 200
21 42 29 36 -1 29 0 0.00 M M 10.7 21 280 M M 6 18 35 160
22 61 26 44 6 21 0 0.00 M M 9.7 23 250 M M 0 33 260
23 70 30 50 12 15 0 0.00 M M 6.2 20 200 M M 0 27 190
24 46 28 37 -1 28 0 0.00 M M 9.6 20 340 M M 4 25 340
25 46 25 36 -3 29 0 0.00 M M 2.2 8 150 M M 2 1 11 150
26 51 26 39 0 26 0 0.00 M M 5.7 14 200 M M 4 18 210
27 64 34 49 9 16 0 0.00 M M 8.9 21 150 M M 5 12 29 140
28 54 31 43 3 22 0 0.00 M M 9.7 22 330 M M 3 30 340
================================================================================
SM 897 406 1162 0 0.03 M 231.8 M 142
================================================================================
AV 32.0 14.5 8.3 FASTST M M 5 MAX(MPH)
MISC ----> 28 320 40 320
================================================================================
NOTES:
# LAST OF SEVERAL OCCURRENCES
COLUMN 17 PEAK WIND IN M.P.H.
PRELIMINARY LOCAL CLIMATOLOGICAL DATA (WS FORM: F-6) , PAGE 2
STATION: DOWNTOWN KANSAS CITY MO
MONTH: FEBRUARY
YEAR: 2021
LATITUDE: 39 7 N
LONGITUDE: 94 36 W
[TEMPERATURE DATA] [PRECIPITATION DATA] SYMBOLS USED IN COLUMN 16
AVERAGE MONTHLY: 23.3 TOTAL FOR MONTH: 0.03 1 = FOG OR MIST
DPTR FM NORMAL: -12.2 DPTR FM NORMAL: -1.45 2 = FOG REDUCING VISIBILITY
HIGHEST: 70 ON 23 GRTST 24HR 0.03 ON 6- 7 TO 1/4 MILE OR LESS
LOWEST: -9 ON 16 3 = THUNDER
SNOW, ICE PELLETS, HAIL 4 = ICE PELLETS
TOTAL MONTH: M 5 = HAIL
GRTST 24HR M ON M 6 = FREEZING RAIN OR DRIZZLE
GRTST DEPTH: M ON M 7 = DUSTSTORM OR SANDSTORM:
VSBY 1/2 MILE OR LESS
8 = SMOKE OR HAZE
[NO. OF DAYS WITH] [WEATHER - DAYS WITH] 9 = BLOWING SNOW
X = TORNADO
MAX 32 OR BELOW: 13 0.01 INCH OR MORE: 1
MAX 90 OR ABOVE: 0 0.10 INCH OR MORE: 0
MIN 32 OR BELOW: 27 0.50 INCH OR MORE: 0
MIN 0 OR BELOW: 4 1.00 INCH OR MORE: 0
[HDD (BASE 65) ]
TOTAL THIS MO. 1162 CLEAR (SCALE 0-3) 10
DPTR FM NORMAL 335 PTCLDY (SCALE 4-7) 10
TOTAL FM JUL 1 3838 CLOUDY (SCALE 8-10) 8
DPTR FM NORMAL 108
[CDD (BASE 65) ]
TOTAL THIS MO. 0
DPTR FM NORMAL 0 [PRESSURE DATA]
TOTAL FM JAN 1 0 HIGHEST SLP 30.67 ON 14
DPTR FM NORMAL 0 LOWEST SLP 29.51 ON 4
[REMARKS]
#FINAL-02-21#