000
CXUS53 KGRR 011433
CLMMKG
CLIMATE REPORT
NATIONAL WEATHER SERVICE GRAND RAPIDS, MICHIGAN
1033 AM EDT SAT JUL 01 2023
...................................
...THE MUSKEGON CLIMATE SUMMARY FOR THE MONTH OF JUNE 2023...
CLIMATE NORMAL PERIOD: 1991 TO 2020
CLIMATE RECORD PERIOD: 1896 TO 2023
WEATHER OBSERVED NORMAL DEPART LAST YEAR`S
VALUE DATE(S) VALUE FROM VALUE DATE(S)
NORMAL
................................................................
TEMPERATURE (F)
RECORD
HIGH 98 06/20/1995
LOW 31 06/11/1972
HIGHEST 94 06/21 89 5 93 06/14
LOWEST 45 06/13 41 4 44 06/04
AVG. MAXIMUM 80.4 77.7 2.7 78.8
AVG. MINIMUM 57.3 57.2 0.1 56.9
MEAN 68.9 67.4 1.5 67.8
DAYS MAX >= 90 7 0.8 6.2 3
DAYS MAX <= 32 0 0.0 0.0 0
DAYS MIN <= 32 0 0.0 0.0 0
DAYS MIN <= 0 0 0.0 0.0 0
PRECIPITATION (INCHES)
RECORD
MAXIMUM 8.18 1921
MINIMUM 0.19 1959
TOTALS 0.58 3.05 -2.47 2.11
DAILY AVG. 0.02 0.10 -0.08 0.07
DAYS >= .01 6 10.0 -4.0 10
DAYS >= .10 2 5.6 -3.6 4
DAYS >= .50 0 2.1 -2.1 1
DAYS >= 1.00 0 0.7 -0.7 0
GREATEST
24 HR. TOTAL 0.21 06/13 TO 06/13
SNOWFALL (INCHES)
RECORDS
TOTAL 0.0 MM
SNOW DEPTH 0 MM
TOTALS 0.0 0.0 0.0 0.0
SINCE 7/1 60.1 87.2 -27.1 MM
SNOWDEPTH AVG. 0 0
DAYS >= TRACE 0 0.0 0.0 0
DAYS >= 1.0 0 0.0 0.0 0
GREATEST
SNOW DEPTH 0 0 MM
DEGREE DAYS
HEATING TOTAL 46 50 -4 44
SINCE 7/1 5543 6300 -757 MM
COOLING TOTAL 170 124 46 136
SINCE 1/1 216 160 56 MM
FREEZE DATES
RECORD
EARLIEST 09/22/1976
LATEST 06/22/1992
EARLIEST 10/19 10/19
LATEST 04/27 04/28
................................................................
WIND (MPH)
AVERAGE WIND SPEED 6.9
RESULTANT WIND SPEED/DIRECTION 2/350
HIGHEST WIND SPEED/DIRECTION 29/200 DATE 06/25
HIGHEST GUST SPEED/DIRECTION 44/200 DATE 06/25
SKY COVER
POSSIBLE SUNSHINE (PERCENT) 0
AVERAGE SKY COVER 0.49
NUMBER OF DAYS FAIR 11
NUMBER OF DAYS PC 14
NUMBER OF DAYS CLOUDY 5
AVERAGE RH (PERCENT) 60
WEATHER CONDITIONS. NUMBER OF DAYS WITH
THUNDERSTORM 2 MIXED PRECIP 0
HEAVY RAIN 0 RAIN 2
LIGHT RAIN 8 FREEZING RAIN 0
LT FREEZING RAIN 0 HAIL 0
HEAVY SNOW 0 SNOW 0
LIGHT SNOW 0 SLEET 0
FOG 10 FOG W/VIS <= 1/4 MILE 3
HAZE 23
- INDICATES NEGATIVE NUMBERS.
R INDICATES RECORD WAS SET OR TIED.
MM INDICATES DATA IS MISSING.
T INDICATES TRACE AMOUNT.
$$