000
CXUS54 KMEG 040036
CF6MKL
PRELIMINARY LOCAL CLIMATOLOGICAL DATA (WS FORM: F-6)
STATION: JACKSON
MONTH: SEPTEMBER
YEAR: 2020
LATITUDE: 35 35 N
LONGITUDE: 88 55 W
TEMPERATURE IN F: :PCPN: SNOW: WIND :SUNSHINE: SKY :PK WND
================================================================================
1 2 3 4 5 6A 6B 7 8 9 10 11 12 13 14 15 16 17 18
12Z AVG MX 2MIN
DY MAX MIN AVG DEP HDD CDD WTR SNW DPTH SPD SPD DIR MIN PSBL S-S WX SPD DR
================================================================================
1 90 70 80 4 0 15 0.21 0.0 0 5.7 16 230 M M 5 1238 23 230
2 87 74 81 5 0 16 0.74 0.0 0 7.1 30 200 M M 6 13 47 200
3 86 72 79 3 0 14 0.04 0.0 0 6.2 15 270 M M 6 20 270
4 83 61 72 -4 0 7 0.00 0.0 0 4.6 14 360 M M 4 1 17 360
5 85 58 72 -3 0 7 0.00 0.0 0 2.2 8 30 M M 0 10 100
6 87 59 73 -2 0 8 0.00 0.0 0 2.4 7 180 M M 0 1 10 170
7 90 62 76 1 0 11 0.00 0.0 0 5.1 10 180 M M 0 17 250
8 86 62 74 0 0 9 0.00 0.0 0 2.6 10 190 M M 0 1 13 180
9 88 64 76 2 0 11 0.00 0.0 0 2.0 8 120 M M 0 12 11 120
10 89 64 77 3 0 12 0.00 0.0 0 2.0 9 50 M M 1 1 12 90
11 91 65 78 5 0 13 0.00 0.0 0 2.1 9 110 M M 1 1 13 110
12 77 69 73 0 0 8 1.36 0.0 0 2.9 12 110 M M 6 13 16 190
13 85 70 78 5 0 13 0.00 0.0 0 3.0 10 20 M M 7 12 14 20
14 84 67 76 4 0 11 0.00 0.0 0 8.5 16 30 M M 5 1 22 30
15 84 64 74 2 0 9 0.00 0.0 0 5.2 14 100 M M 1 29 90
16 83 67 75 4 0 10 0.00 0.0 0 3.7 12 110 M M 3 1 14 110
17 84 61 73 2 0 8 0.00 0.0 0 6.9 16 350 M M 1 20 20
18 78 59 69 -2 0 4 0.00 0.0 0 9.6 18 20 M M 1 23 20
19 76 52 64 -6 1 0 0.00 0.0 0 6.9 16 30 M M 2 20 10
20 80 54 67 -3 0 2 0.00 0.0 0 4.4 13 80 M M 3 17 60
21 77 51 64 -5 1 0 0.00 0.0 0 4.1 12 80 M M 0 1 17 170
22 69 52 61 -8 4 0 0.00 0.0 0 3.2 9 170 M M 4 14 150
23 64 57 61 -8 4 0 0.18 0.0 0 4.1 12 90 M M 9 1 15 90
24 67 57 62 -6 3 0 0.31 0.0 0 6.6 13 40 M M 10 1 16 50
25 70 63 67 -1 0 2 0.00 0.0 0 3.0 8 320 M M 10 1 11 310
26 75 59 67 0 0 2 0.00 0.0 0 3.3 9 190 M M 8 1 12 200
27 83 58 71 4 0 6 0.00 0.0 0 5.9 15 240 M M 2 20 240
28 71 49 60 -7 5 0 0.76 0.0 0 8.5 17 320 M M 5 13 24 320
29 70 47 59 -7 6 0 0.00 0.0 0 6.4 17 300 M M 2 22 300
30 81 47 64 -2 1 0 0.00 0.0 0 10.3 22 240 M M 0 27 230
================================================================================
SM 2420 1814 25 198 3.60 0.0 148.5 M 102
================================================================================
AV 80.7 60.5 4.9 FASTST M M 3 MAX(MPH)
MISC ----> # 30 200 # 47 200
================================================================================
NOTES:
# LAST OF SEVERAL OCCURRENCES
COLUMN 17 PEAK WIND IN M.P.H.
PRELIMINARY LOCAL CLIMATOLOGICAL DATA (WS FORM: F-6) , PAGE 2
STATION: JACKSON
MONTH: SEPTEMBER
YEAR: 2020
LATITUDE: 35 35 N
LONGITUDE: 88 55 W
[TEMPERATURE DATA] [PRECIPITATION DATA] SYMBOLS USED IN COLUMN 16
AVERAGE MONTHLY: 70.6 TOTAL FOR MONTH: 3.60 1 = FOG OR MIST
DPTR FM NORMAL: -0.8 DPTR FM NORMAL: 0.22 2 = FOG REDUCING VISIBILITY
HIGHEST: 91 ON 11 GRTST 24HR 1.36 ON 12-12 TO 1/4 MILE OR LESS
LOWEST: 47 ON 30,29 3 = THUNDER
SNOW, ICE PELLETS, HAIL 4 = ICE PELLETS
TOTAL MONTH: 0.0 INCH 5 = HAIL
GRTST 24HR 0.0 6 = FREEZING RAIN OR DRIZZLE
GRTST DEPTH: 0 7 = DUSTSTORM OR SANDSTORM:
VSBY 1/2 MILE OR LESS
8 = SMOKE OR HAZE
[NO. OF DAYS WITH] [WEATHER - DAYS WITH] 9 = BLOWING SNOW
X = TORNADO
MAX 32 OR BELOW: 0 0.01 INCH OR MORE: 7
MAX 90 OR ABOVE: 3 0.10 INCH OR MORE: 6
MIN 32 OR BELOW: 0 0.50 INCH OR MORE: 3
MIN 0 OR BELOW: 0 1.00 INCH OR MORE: 1
[HDD (BASE 65) ]
TOTAL THIS MO. 25 CLEAR (SCALE 0-3) 16
DPTR FM NORMAL -1 PTCLDY (SCALE 4-7) 10
TOTAL FM JUL 1 25 CLOUDY (SCALE 8-10) 4
DPTR FM NORMAL -1
[CDD (BASE 65) ]
TOTAL THIS MO. 198
DPTR FM NORMAL -22 [PRESSURE DATA]
TOTAL FM JAN 1 1573 HIGHEST SLP 30.35 ON 21
DPTR FM NORMAL -70 LOWEST SLP 29.72 ON 28
[REMARKS]
#FINAL-09-20#