256
CXUS54 KTSA 010950
CF6MLC
PRELIMINARY LOCAL CLIMATOLOGICAL DATA (WS FORM: F-6)
STATION: MCALESTER OKLAHOMA
MONTH: JANUARY
YEAR: 2021
LATITUDE: 34 52 N
LONGITUDE: 95 47 W
TEMPERATURE IN F: :PCPN: SNOW: WIND :SUNSHINE: SKY :PK WND
================================================================================
1 2 3 4 5 6A 6B 7 8 9 10 11 12 13 14 15 16 17 18
12Z AVG MX 2MIN
DY MAX MIN AVG DEP HDD CDD WTR SNW DPTH SPD SPD DIR MIN PSBL S-S WX SPD DR
================================================================================
1 40 36 38 -2 27 0 0.32 0.0 M 8.1 15 10 M M 10 13 25 20
2 48 30 39 -1 26 0 T M M 3.7 12 290 M M 7 1 15 280
3 55 30 43 3 22 0 0.00 0.0 M 3.2 16 220 M M 2 1 22 210
4 65 28 47 7 18 0 0.00 0.0 M 3.3 18 320 M M 2 25 320
5 64 27 46 6 19 0 0.00 0.0 M 4.6 14 200 M M 1 20 200
6 52 42 47 7 18 0 0.14 0.0 M 6.5 14 140 M M 9 1 25 140
7 43 39 41 1 24 0 0.04 0.0 M 9.2 16 20 M M 10 1 22 10
8 40 24 32 -8 33 0 0.00 0.0 M 7.8 15 360 M M 8 21 350
9 46 20 33 -7 32 0 0.00 0.0 M 1.0 8 360 M M 2 1 12 10
10 38 27 33 -7 32 0 0.00 0.0 M 6.1 14 10 M M 5 18 19 20
11 48 24 36 -4 29 0 0.00 0.0 M 3.5 12 10 M M 5 18 17 340
12 52 21 37 -3 28 0 0.00 0.0 M 4.5 14 210 M M 2 19 230
13 58 26 42 2 23 0 0.00 0.0 M 7.8 16 220 M M 2 18 25 220
14 59 37 48 8 17 0 0.00 0.0 M 10.7 26 330 M M 1 38 350
15 49 33 41 1 24 0 T M M 11.7 26 320 M M 4 44 310
16 52 22 37 -3 28 0 0.00 0.0 M 3.9 15 300 M M 3 19 310
17 57 26 42 2 23 0 T M M 6.8 23 290 M M 2 33 300
18 64 25 45 5 20 0 0.00 0.0 M 6.2 20 200 M M 4 30 180
19 56 36 46 6 19 0 0.00 0.0 M 9.0 20 340 M M 7 26 20
20 48 28 38 -2 27 0 0.07 0.0 M 4.9 17 190 M M 9 1 31 190
21 50 44 47 7 18 0 0.00 0.0 M 3.4 12 200 M M 10 1 16 210
22 59 34 47 7 18 0 0.00 0.0 M 5.4 15 20 M M 6 1 20 20
23 51 33 42 2 23 0 0.00 0.0 M 4.8 12 150 M M 8 23 140
24 62 45 54 13 11 0 0.18 0.0 M 5.4 12 190 M M 10 1 18 200
25 65 42 54 13 11 0 0.39 M M 9.2 21 210 M M 7 123 39 180
26 45 29 37 -4 28 0 0.00 0.0 M 7.4 14 340 M M 3 1 19 40
27 44 28 36 -5 29 0 T M M 8.3 22 340 M M 6 29 340
28 50 28 39 -2 26 0 0.00 0.0 M 4.0 8 220 M M 4 14 210
29 56 34 45 4 20 0 0.00 0.0 M 7.2 15 190 M M 1 26 170
30 69 43 56 15 9 0 0.16 0.0 M 13.9 32 230 M M 6 1 48 230
31 50 36 43 2 22 0 0.00 0.0 M 14.4 23 340 M M 7 34 330
================================================================================
SM 1635 977 704 0 1.30 0.0 205.9 M 163
================================================================================
AV 52.7 31.5 6.6 FASTST M M 5 MAX(MPH)
MISC ----> 32 230 48 230
================================================================================
NOTES:
# LAST OF SEVERAL OCCURRENCES
COLUMN 17 PEAK WIND IN M.P.H.
PRELIMINARY LOCAL CLIMATOLOGICAL DATA (WS FORM: F-6) , PAGE 2
STATION: MCALESTER OKLAHOMA
MONTH: JANUARY
YEAR: 2021
LATITUDE: 34 52 N
LONGITUDE: 95 47 W
[TEMPERATURE DATA] [PRECIPITATION DATA] SYMBOLS USED IN COLUMN 16
AVERAGE MONTHLY: 42.1 TOTAL FOR MONTH: 1.30 1 = FOG OR MIST
DPTR FM NORMAL: 1.8 DPTR FM NORMAL: -1.06 2 = FOG REDUCING VISIBILITY
HIGHEST: 69 ON 30 GRTST 24HR 1.54 ON 24-25 TO 1/4 MILE OR LESS
LOWEST: 20 ON 9 3 = THUNDER
SNOW, ICE PELLETS, HAIL 4 = ICE PELLETS
TOTAL MONTH: 0.0 INCH 5 = HAIL
GRTST 24HR 0.0 6 = FREEZING RAIN OR DRIZZLE
GRTST DEPTH: 0 7 = DUSTSTORM OR SANDSTORM:
VSBY 1/2 MILE OR LESS
8 = SMOKE OR HAZE
[NO. OF DAYS WITH] [WEATHER - DAYS WITH] 9 = BLOWING SNOW
X = TORNADO
MAX 32 OR BELOW: 0 0.01 INCH OR MORE: 7
MAX 90 OR ABOVE: 0 0.10 INCH OR MORE: 5
MIN 32 OR BELOW: 17 0.50 INCH OR MORE: 0
MIN 0 OR BELOW: 0 1.00 INCH OR MORE: 0
[HDD (BASE 65) ]
TOTAL THIS MO. 704 CLEAR (SCALE 0-3) 10
DPTR FM NORMAL -64 PTCLDY (SCALE 4-7) 14
TOTAL FM JUL 1 1843 CLOUDY (SCALE 8-10) 7
DPTR FM NORMAL -195
[CDD (BASE 65) ]
TOTAL THIS MO. 0
DPTR FM NORMAL -1 [PRESSURE DATA]
TOTAL FM JAN 1 0 HIGHEST SLP 30.65 ON 28
DPTR FM NORMAL -1 LOWEST SLP 29.47 ON 25
[REMARKS]
#FINAL-01-21#