000
CXUS54 KTSA 011434
CF6MLC
PRELIMINARY LOCAL CLIMATOLOGICAL DATA (WS FORM: F-6)
STATION: MCALESTER OKLAHOMA
MONTH: SEPTEMBER
YEAR: 2020
LATITUDE: 34 52 N
LONGITUDE: 95 47 W
TEMPERATURE IN F: :PCPN: SNOW: WIND :SUNSHINE: SKY :PK WND
================================================================================
1 2 3 4 5 6A 6B 7 8 9 10 11 12 13 14 15 16 17 18
12Z AVG MX 2MIN
DY MAX MIN AVG DEP HDD CDD WTR SNW DPTH SPD SPD DIR MIN PSBL S-S WX SPD DR
================================================================================
1 78 70 74 -5 0 9 4.14 0.0 0 3.7 29 340 M M 7 13 40 340
2 83 72 78 -1 0 13 0.25 0.0 0 1.9 9 20 M M 6 13 13 120
3 89 70 80 1 0 15 0.00 0.0 0 4.3 14 230 M M 1 1 17 210
4 91 69 80 2 0 15 0.00 0.0 0 1.7 9 200 M M 2 1 14 220
5 92 69 81 3 0 16 0.00 0.0 0 2.0 7 190 M M 4 1 12 200
6 90 69 80 2 0 15 0.00 0.0 0 5.3 15 210 M M 3 1 22 220
7 89 74 82 5 0 17 0.00 0.0 0 6.5 16 210 M M 1 24 210
8 89 72 81 4 0 16 T 0.0 0 5.6 13 160 M M 2 22 170
9 86 62 74 -2 0 9 0.62 0.0 0 6.6 13 310 M M 7 1 18 340
10 68 58 63 -13 2 0 0.08 0.0 0 7.8 12 340 M M 10 1 18 320
11 77 62 70 -6 0 5 0.00 0.0 0 5.5 10 360 M M 8 13 20
12 83 65 74 -1 0 9 0.00 0.0 0 1.2 7 320 M M 5 10 330
13 82 64 73 -2 0 8 0.00 0.0 0 5.9 15 10 M M 2 1 20 360
14 83 61 72 -2 0 7 0.00 0.0 0 4.4 14 20 M M 3 20 20
15 85 68 77 3 0 12 0.00 0.0 0 3.0 10 350 M M 4 16 10
16 88 64 76 2 0 11 0.00 0.0 0 2.6 12 10 M M 3 1 16 340
17 85 64 75 2 0 10 0.00 0.0 0 4.7 15 10 M M 2 21 10
18 81 61 71 -2 0 6 0.00 0.0 0 4.1 14 10 M M 5 18 22 10
19 80 55 68 -4 0 3 0.00 0.0 0 2.7 10 10 M M 4 1 14 50
20 81 53 67 -5 0 2 0.00 0.0 0 3.7 12 110 M M 2 18 120
21 82 61 72 0 0 7 0.02 0.0 0 4.7 10 80 M M 6 1 19 90
22 69 63 66 -5 0 1 1.19 0.0 0 3.2 9 100 M M 10 1 17 100
23 71 61 66 -5 0 1 T 0.0 0 4.4 10 30 M M 9 1 15 50
24 80 61 71 1 0 6 0.00 0.0 0 2.2 9 360 M M 5 13 350
25 79 59 69 -1 0 4 0.00 0.0 0 5.2 14 210 M M 3 24 170
26 80 63 72 2 0 7 0.00 0.0 0 7.0 14 190 M M 3 1 26 190
27 83 57 70 1 0 5 0.78 0.0 0 9.0 32 360 M M 8 13 46 360
28 74 47 61 -8 4 0 0.00 0.0 0 9.7 25 350 M M 3 37 340
29 78 43 61 -7 4 0 0.00 0.0 0 3.4 16 280 M M 2 22 310
30 88 50 69 1 0 4 0.00 0.0 0 5.9 13 210 M M 1 17 210
================================================================================
SM 2464 1867 10 233 7.08 0.0 137.9 M 131
================================================================================
AV 82.1 62.2 4.6 FASTST M M 4 MAX(MPH)
MISC ----> 32 360 46 360
================================================================================
NOTES:
# LAST OF SEVERAL OCCURRENCES
COLUMN 17 PEAK WIND IN M.P.H.
PRELIMINARY LOCAL CLIMATOLOGICAL DATA (WS FORM: F-6) , PAGE 2
STATION: MCALESTER OKLAHOMA
MONTH: SEPTEMBER
YEAR: 2020
LATITUDE: 34 52 N
LONGITUDE: 95 47 W
[TEMPERATURE DATA] [PRECIPITATION DATA] SYMBOLS USED IN COLUMN 16
AVERAGE MONTHLY: 72.2 TOTAL FOR MONTH: 7.08 1 = FOG OR MIST
DPTR FM NORMAL: -1.5 DPTR FM NORMAL: 3.11 2 = FOG REDUCING VISIBILITY
HIGHEST: 92 ON 5 GRTST 24HR 4.14 ON 31- 1 TO 1/4 MILE OR LESS
LOWEST: 43 ON 29 3 = THUNDER
SNOW, ICE PELLETS, HAIL 4 = ICE PELLETS
TOTAL MONTH: 0.0 INCH 5 = HAIL
GRTST 24HR 0.0 6 = FREEZING RAIN OR DRIZZLE
GRTST DEPTH: 0 7 = DUSTSTORM OR SANDSTORM:
VSBY 1/2 MILE OR LESS
8 = SMOKE OR HAZE
[NO. OF DAYS WITH] [WEATHER - DAYS WITH] 9 = BLOWING SNOW
X = TORNADO
MAX 32 OR BELOW: 0 0.01 INCH OR MORE: 7
MAX 90 OR ABOVE: 3 0.10 INCH OR MORE: 5
MIN 32 OR BELOW: 0 0.50 INCH OR MORE: 4
MIN 0 OR BELOW: 0 1.00 INCH OR MORE: 2
[HDD (BASE 65) ]
TOTAL THIS MO. 10 CLEAR (SCALE 0-3) 13
DPTR FM NORMAL -11 PTCLDY (SCALE 4-7) 14
TOTAL FM JUL 1 10 CLOUDY (SCALE 8-10) 3
DPTR FM NORMAL -10
[CDD (BASE 65) ]
TOTAL THIS MO. 233
DPTR FM NORMAL -51 [PRESSURE DATA]
TOTAL FM JAN 1 1957 HIGHEST SLP 30.30 ON 5
DPTR FM NORMAL -2 LOWEST SLP 29.66 ON 27
[REMARKS]
#FINAL-09-20#