000
CXUS53 KDVN 011358
CLMMLI
CLIMATE REPORT
NATIONAL WEATHER SERVICE QUAD CITIES IA IL
858 AM CDT WED NOV 01 2023
...................................
...THE MOLINE IL CLIMATE SUMMARY FOR THE MONTH OF OCTOBER 2023...
CLIMATE NORMAL PERIOD 1991 TO 2020
CLIMATE RECORD PERIOD 1872 TO 2023
WEATHER OBSERVED NORMAL DEPART LAST YEAR`S
VALUE DATE(S) VALUE FROM VALUE
NORMAL
..............................................................
TEMPERATURE (F)
RECORD
HIGH 95 10/03/2006
LOW 11 10/28/1925
HIGHEST 88 10/01 70 18
10/03
LOWEST 28 10/30 38 -10
AVG. MAXIMUM 65.0 64.8 0.2
AVG. MINIMUM 45.8 42.6 3.2
MEAN 55.4 53.7 1.7
DAYS MAX >= 90 0 0.1 -0.1
DAYS MAX <= 32 0 0.0 0.0
DAYS MIN <= 32 2 4.6 -2.6
DAYS MIN <= 0 0 0.0 0.0
PRECIPITATION (INCHES)
RECORD
MAXIMUM 9.41 1941
MINIMUM 0.01 1964
TOTALS 2.93 2.81 0.12
DAILY AVG. 0.09 0.09 -0.00
DAYS >= .01 11 9.0 2.0
DAYS >= .10 5
DAYS >= .50 3
DAYS >= 1.00 1 0.7 0.3
GREATEST
24 HR. TOTAL 1.43 10/11 TO 10/12
SNOWFALL (INCHES)
RECORDS
TOTAL 6.6 1967
TOTALS T 0.3 -0.3
SINCE 7/1 T 0.3 -0.3
SNOWDEPTH AVG. 0
DAYS >= TRACE 1 0.3 0.7
DAYS >= 1.0 0 0.1 -0.1
GREATEST
SNOW DEPTH 0
DEGREE DAYS
HEATING TOTAL 331 368 -37
SINCE 7/1 351 456 -105
COOLING TOTAL 41 17 24
SINCE 1/1 1141 1041 100
..............................................................
WIND (MPH)
AVERAGE WIND SPEED 8.3
HIGHEST WIND SPEED/DIRECTION 31/280 DATE 10/31
HIGHEST GUST SPEED/DIRECTION 47/280 DATE 10/31
SKY COVER
AVERAGE SKY COVER 0.41
NUMBER OF DAYS FAIR 15
NUMBER OF DAYS PC 8
NUMBER OF DAYS CLOUDY 8
AVERAGE RH (PERCENT) 70
WEATHER CONDITIONS. NUMBER OF DAYS WITH
THUNDERSTORM 3 HAIL 0
SLEET 0 FOG 9
FOG W/VIS <= 1/4 MILE 0 HAZE 1
- INDICATES NEGATIVE NUMBERS.
R INDICATES RECORD WAS SET OR TIED.
MM INDICATES DATA IS MISSING.
T INDICATES TRACE AMOUNT.
$$