000
CXUS54 KSHV 041415
CF6MLU
PRELIMINARY LOCAL CLIMATOLOGICAL DATA (WS FORM: F-6)
STATION: MONROE
MONTH: JUNE
YEAR: 2023
LATITUDE: 32 30 N
LONGITUDE: 92 2 W
TEMPERATURE IN F: :PCPN: SNOW: WIND :SUNSHINE: SKY :PK WND
================================================================================
1 2 3 4 5 6A 6B 7 8 9 10 11 12 13 14 15 16 17 18
12Z AVG MX 2MIN
DY MAX MIN AVG DEP HDD CDD WTR SNW DPTH SPD SPD DIR MIN PSBL S-S WX SPD DR
================================================================================
1 91 67 79 1 0 14 0.00 0.0 0 2.9 10 90 M M 2 15 30
2 93 67 80 2 0 15 0.00 0.0 0 1.7 10 50 M M 1 18 16 50
3 95 70 83 5 0 18 0.24 0.0 0 5.0 18 320 M M 2 13 24 320
4 91 67 79 0 0 14 0.00 0.0 0 3.1 17 280 M M 1 138 22 260
5 94 67 81 2 0 16 0.68 0.0 0 4.4 18 140 M M 2 13 32 140
6 88 68 78 -1 0 13 T 0.0 0 2.3 14 30 M M 3 1 17 30
7 90 67 79 0 0 14 T 0.0 0 3.0 14 360 M M 1 13 18 320
8 94 70 82 3 0 17 0.00 0.0 0 2.7 9 310 M M 0 18 15 360
9 94 72 83 3 0 18 0.00 0.0 0 3.0 10 360 M M 1 18 14 360
10 94 70 82 2 0 17 T 0.0 0 5.6 41 340 M M 2 138 59 350
11 91 64 78 -2 0 13 0.00 0.0 0 8.1 20 250 M M 2 1 28 240
12 83 71 77 -3 0 12 0.53 0.0 0 5.0 15 50 M M 5 13 25 70
13 80 70 75 -5 0 10 0.22 0.0 0 3.8 15 230 M M 5 13 18 230
14 87 74 81 1 0 16 0.69 0.0 0 6.0 20 10 M M 6 138 26 360
15 93 74 84 4 0 19 0.12 0.0 0 5.1 15 20 M M 4 138 19 340
16 91 70 81 0 0 16 0.98 0.0 0 5.9 41 270 M M 2 138 54 260
17 98 76 87 6 0 22 T 0.0 0 2.9 12 200 M M 4 3 16 160
18 90 70 80 -1 0 15 T 0.0 0 9.1 36 280 M M 4 13 46 270
19 94 74 84 3 0 19 0.00 0.0 0 4.7 13 320 M M 3 19 310
20 93 75 84 3 0 19 0.00 0.0 0 3.2 12 60 M M 4 16 50
21 93 72 83 2 0 18 0.00 0.0 0 5.3 14 40 M M 1 18 19 50
22 90 73 82 1 0 17 T 0.0 0 3.5 13 40 M M 2 3 17 40
23 92 69 81 0 0 16 0.00 0.0 0 3.3 9 190 M M 0 1 17 160
24 96 69 83 1 0 18 0.00 0.0 0 4.3 13 210 M M 1 15 170
25 96 77 87 5 0 22 0.00 0.0 0 8.4 23 50 M M 3 31 40
26 92 72 82 0 0 17 0.49 0.0 0 6.7 28 210 M M 2 13 40 210
27 95 74 85 3 0 20 0.26 0.0 0 5.7 33 360 M M 2 13 48 20
28 97 73 85 3 0 20 0.00 0.0 0 3.7 10 220 M M 1 22 240
29 98 78 88 6 0 23 0.00 0.0 0 4.3 13 220 M M 1 17 210
30 101 79 90 8 0 25 T 0.0 0 3.3 13 240 M M 2 18 210
================================================================================
SM 2774 2139 0 513 4.21 0.0 136.0 M 69
================================================================================
AV 92.5 71.3 4.5 FASTST M M 2 MAX(MPH)
MISC ----> # 41 340 59 350
================================================================================
NOTES:
# LAST OF SEVERAL OCCURRENCES
COLUMN 17 PEAK WIND IN M.P.H.
PRELIMINARY LOCAL CLIMATOLOGICAL DATA (WS FORM: F-6) , PAGE 2
STATION: MONROE
MONTH: JUNE
YEAR: 2023
LATITUDE: 32 30 N
LONGITUDE: 92 2 W
[TEMPERATURE DATA] [PRECIPITATION DATA] SYMBOLS USED IN COLUMN 16
AVERAGE MONTHLY: 81.9 TOTAL FOR MONTH: 4.21 1 = FOG OR MIST
DPTR FM NORMAL: 1.6 DPTR FM NORMAL: -0.24 2 = FOG REDUCING VISIBILITY
HIGHEST: 101 ON 30 GRTST 24HR 1.10 ON 15-16 TO 1/4 MILE OR LESS
LOWEST: 64 ON 11 3 = THUNDER
SNOW, ICE PELLETS, HAIL 4 = ICE PELLETS
TOTAL MONTH: 0.0 INCH 5 = HAIL
GRTST 24HR 0.0 6 = FREEZING RAIN OR DRIZZLE
GRTST DEPTH: 0 7 = DUSTSTORM OR SANDSTORM:
VSBY 1/2 MILE OR LESS
8 = SMOKE OR HAZE
[NO. OF DAYS WITH] [WEATHER - DAYS WITH] 9 = BLOWING SNOW
X = TORNADO
MAX 32 OR BELOW: 0 0.01 INCH OR MORE: 9
MAX 90 OR ABOVE: 26 0.10 INCH OR MORE: 9
MIN 32 OR BELOW: 0 0.50 INCH OR MORE: 4
MIN 0 OR BELOW: 0 1.00 INCH OR MORE: 0
[HDD (BASE 65) ]
TOTAL THIS MO. 0 CLEAR (SCALE 0-3) 22
DPTR FM NORMAL 0 PTCLDY (SCALE 4-7) 8
TOTAL FM JUL 1 1609 CLOUDY (SCALE 8-10) 0
DPTR FM NORMAL -603
[CDD (BASE 65) ]
TOTAL THIS MO. 513
DPTR FM NORMAL 54 [PRESSURE DATA]
TOTAL FM JAN 1 1038 HIGHEST SLP 30.05 ON 5
DPTR FM NORMAL 155 LOWEST SLP 29.67 ON 18
[REMARKS]
#FINAL-06-23#