000
CXUS56 KPQR 011155
CF6MMV
PRELIMINARY LOCAL CLIMATOLOGICAL DATA (WS FORM: F-6)
STATION: MCMINNVILLE OR
MONTH: AUGUST
YEAR: 2022
LATITUDE: 45 11 N
LONGITUDE: 123 8 W
TEMPERATURE IN F: :PCPN: SNOW: WIND :SUNSHINE: SKY :PK WND
================================================================================
1 2 3 4 5 6A 6B 7 8 9 10 11 12 13 14 15 16 17 18
12Z AVG MX 2MIN
DY MAX MIN AVG DEP HDD CDD WTR SNW DPTH SPD SPD DIR MIN PSBL S-S WX SPD DR
================================================================================
1 84 59 72 3 0 7 0.00 M M 7.3 17 220 M M 0 22 230
2 88 57 73 4 0 8 0.00 M M 4.4 12 220 M M 1 13 240
3 83 54 69 0 0 4 0.00 M M 7.6 18 240 M M 0 24 240
4 78 52 65 -4 0 0 0.00 M M 5.0 16 20 M M 4 8 18 20
5 84 49 67 -1 0 2 0.00 M M 7.8 16 10 M M 0 22 20
6 92 50 71 3 0 6 0.00 M M 2.9 9 350 M M 0 12 30
7 99 53 76 8 0 11 0.00 M M 5.5 14 240 M M 0 16 230
8 82 54 68 0 0 3 0.00 M M 9.0 18 220 M M 0 23 220
9 84 56 70 2 0 5 0.04 M M 5.8 23 210 M M 0 13 31 220
10 75 57 66 -2 0 1 0.00 M M 5.7 15 210 M M 6 20 220
11 85 51 68 0 0 3 0.00 M M 4.7 16 230 M M 0 1 20 230
12 77 53 65 -3 0 0 0.00 M M 6.8 16 250 M M 2 20 250
13 79 52 66 -2 0 1 0.00 M M 4.4 14 360 M M 4 17 350
14 86 50 68 0 0 3 0.00 M M 2.7 10 260 M M 0 1 13 220
15 89 54 72 4 0 7 0.00 M M 4.7 14 230 M M 0 16 220
16 92 55 74 6 0 9 0.00 M M 6.3 16 10 M M 0 20 20
17 95 57 76 8 0 11 0.00 M M 2.7 9 230 M M 0 8 12 220
18 88 62 75 8 0 10 0.00 M M 5.6 17 230 M M 0 21 230
19 82 60 71 4 0 6 0.00 M M 9.3 17 230 M M 2 8 21 210
20 80 60 70 3 0 5 0.00 M M 5.8 10 240 M M 5 13 250
21 89 53 71 4 0 6 0.00 M M 1.7 8 260 M M 0 12 12 80
22 87 58 73 6 0 8 0.00 M M 4.7 15 240 M M 3 19 200
23 88 58 73 6 0 8 0.00 M M 5.4 21 20 M M 0 25 10
24 92 57 75 8 0 10 0.00 M M 4.5 17 220 M M 0 8 20 220
25 92 59 76 9 0 11 0.00 M M 7.4 17 240 M M 0 20 240
26 81 56 69 3 0 4 0.00 M M 4.1 16 20 M M 4 19 10
27 73 52 63 -3 2 0 0.00 M M 4.0 15 10 M M 5 21 20
28 82 48 65 -1 0 0 0.00 M M 5.4 15 30 M M 1 20 30
29 94 51 73 7 0 8 0.00 M M 2.1 10 360 M M 0 13 20
30 94 55 75 9 0 10 0.00 M M 3.9 15 220 M M 0 8 19 230
31 89 55 72 6 0 7 0.00 M M 6.9 17 230 M M 0 20 230
================================================================================
SM 2663 1697 2 174 0.04 M 164.1 M 37
================================================================================
AV 85.9 54.7 5.3 FASTST M M 1 MAX(MPH)
MISC ----> 23 210 31 220
================================================================================
NOTES:
# LAST OF SEVERAL OCCURRENCES
COLUMN 17 PEAK WIND IN M.P.H.
PRELIMINARY LOCAL CLIMATOLOGICAL DATA (WS FORM: F-6) , PAGE 2
STATION: MCMINNVILLE OR
MONTH: AUGUST
YEAR: 2022
LATITUDE: 45 11 N
LONGITUDE: 123 8 W
[TEMPERATURE DATA] [PRECIPITATION DATA] SYMBOLS USED IN COLUMN 16
AVERAGE MONTHLY: 70.3 TOTAL FOR MONTH: 0.04 1 = FOG OR MIST
DPTR FM NORMAL: 2.8 DPTR FM NORMAL: -0.32 2 = FOG REDUCING VISIBILITY
HIGHEST: 99 ON 7 GRTST 24HR 0.04 ON 9- 9 TO 1/4 MILE OR LESS
LOWEST: 48 ON 28 3 = THUNDER
SNOW, ICE PELLETS, HAIL 4 = ICE PELLETS
TOTAL MONTH: M 5 = HAIL
GRTST 24HR M ON M 6 = FREEZING RAIN OR DRIZZLE
GRTST DEPTH: M ON M 7 = DUSTSTORM OR SANDSTORM:
VSBY 1/2 MILE OR LESS
8 = SMOKE OR HAZE
[NO. OF DAYS WITH] [WEATHER - DAYS WITH] 9 = BLOWING SNOW
X = TORNADO
MAX 32 OR BELOW: 0 0.01 INCH OR MORE: 1
MAX 90 OR ABOVE: 8 0.10 INCH OR MORE: 0
MIN 32 OR BELOW: 0 0.50 INCH OR MORE: 0
MIN 0 OR BELOW: 0 1.00 INCH OR MORE: 0
[HDD (BASE 65) ]
TOTAL THIS MO. 2 CLEAR (SCALE 0-3) 25
DPTR FM NORMAL -27 PTCLDY (SCALE 4-7) 6
TOTAL FM JUL 1 14 CLOUDY (SCALE 8-10) 0
DPTR FM NORMAL -46
[CDD (BASE 65) ]
TOTAL THIS MO. 174
DPTR FM NORMAL 67 [PRESSURE DATA]
TOTAL FM JAN 1 378 HIGHEST SLP 30.20 ON 13
DPTR FM NORMAL 136 LOWEST SLP 29.78 ON 24
[REMARKS]
#FINAL-08-22#