000
CXUS55 KBOU 010813
CF6MNH
PRELIMINARY LOCAL CLIMATOLOGICAL DATA (WS FORM: F-6)
STATION: ELBERT 6W CO
MONTH: APRIL
YEAR: 2020
LATITUDE: 39 13 N
LONGITUDE: 104 38 W
TEMPERATURE IN F: :PCPN: SNOW: WIND :SUNSHINE: SKY :PK WND
================================================================================
1 2 3 4 5 6A 6B 7 8 9 10 11 12 13 14 15 16 17 18
12Z AVG MX 2MIN
DY MAX MIN AVG DEP HDD CDD WTR SNW DPTH SPD SPD DIR MIN PSBL S-S WX SPD DR
================================================================================
1 61 34 48 M 17 0 M M M 10.5 18 160 M M 1 23 290
2 34 14 24 M 41 0 M M M 7.9 14 330 M M 10 12 18 330
3 30 12 21 M 44 0 M M M 9.5 23 170 M M 6 29 170
4 50 19 35 M 30 0 M M M 12.8 21 160 M M 1 29 160
5 63 32 48 M 17 0 M M M 9.3 17 180 M M 0 22 200
6 64 36 50 M 15 0 M M M 12.0 22 260 M M 0 32 250
7 68 36 52 M 13 0 M M M 10.0 17 240 M M 0 29 250
8 63 32 48 M 17 0 M M M 6.0 10 290 M M 0 M M
9 52 30 41 M 24 0 M M M 7.5 18 170 M M 2 23 170
10 63 32 48 M 17 0 M M M 11.7 24 170 M M 0 30 170
11 63 32 48 M 17 0 M M M 7.8 15 280 M M 0 22 280
12 32 14 23 M 42 0 M M M 11.9 18 350 M M 10 12 25 340
13 21 12 17 M 48 0 M M M 6.9 14 20 M M 10 1 M M
14 36 3 20 M 45 0 M M M 5.3 12 310 M M 1 12 23 310
15 46 19 33 M 32 0 M M M 7.4 16 340 M M 2 28 340
16 30 12 21 M 44 0 M M M 9.8 20 320 M M 9 12 23 330
17 48 7 28 M 37 0 M M M 6.3 14 180 M M 2 12 M M
18 55 28 42 M 23 0 M M M 6.1 17 280 M M 1 28 280
19 50 32 41 M 24 0 M M M 5.3 9 60 M M 2 M M
20 55 28 42 M 23 0 M M M 4.1 10 160 M M 0 M M
21 57 32 45 M 20 0 M M M 6.6 15 190 M M 2 3 16 140
22 57 34 46 M 19 0 M M M 11.1 21 330 M M 1 29 10
23 59 34 47 M 18 0 M M M 8.8 15 290 M M 1 21 340
24 50 32 41 M 24 0 M M M 9.7 21 340 M M 4 2 27 340
25 55 30 43 M 22 0 M M M 5.7 15 170 M M 2 21 170
26 64 36 50 M 15 0 M M M 7.9 18 180 M M 0 27 180
27 70 36 53 M 12 0 M M M 5.4 9 190 M M 0 M M
28 64 32 48 M 17 0 M M M 8.6 21 330 M M 0 29 330
29 63 30 47 M 18 0 M M M 6.6 16 170 M M 0 16 20
30 75 45 60 M 5 0 0.00 0.0 0 7.6 17 190 M M 0 22 40
================================================================================
SM 1598 805 740 0 0.00 0.0 246.1 M 67
================================================================================
AV 53.3 26.8 8.2 FASTST M M 2 MAX(MPH)
MISC ----> # 24 170 # 32 250
================================================================================
NOTES:
# LAST OF SEVERAL OCCURRENCES
COLUMN 17 PEAK WIND IN M.P.H.
PRELIMINARY LOCAL CLIMATOLOGICAL DATA (WS FORM: F-6) , PAGE 2
STATION: ELBERT 6W CO
MONTH: APRIL
YEAR: 2020
LATITUDE: 39 13 N
LONGITUDE: 104 38 W
[TEMPERATURE DATA] [PRECIPITATION DATA] SYMBOLS USED IN COLUMN 16
AVERAGE MONTHLY: 40.1 TOTAL FOR MONTH: 0.00 1 = FOG OR MIST
DPTR FM NORMAL: M DPTR FM NORMAL: M 2 = FOG REDUCING VISIBILITY
HIGHEST: 75 ON 30 GRTST 24HR 0.00 ON 30-30 TO 1/4 MILE OR LESS
LOWEST: 3 ON 14 3 = THUNDER
SNOW, ICE PELLETS, HAIL 4 = ICE PELLETS
TOTAL MONTH: 0.0 INCH 5 = HAIL
GRTST 24HR 0.0 6 = FREEZING RAIN OR DRIZZLE
GRTST DEPTH: 0 7 = DUSTSTORM OR SANDSTORM:
VSBY 1/2 MILE OR LESS
8 = SMOKE OR HAZE
[NO. OF DAYS WITH] [WEATHER - DAYS WITH] 9 = BLOWING SNOW
X = TORNADO
MAX 32 OR BELOW: 4 0.01 INCH OR MORE: 0
MAX 90 OR ABOVE: 0 0.10 INCH OR MORE: 0
MIN 32 OR BELOW: 22 0.50 INCH OR MORE: 0
MIN 0 OR BELOW: 0 1.00 INCH OR MORE: 0
[HDD (BASE 65) ]
TOTAL THIS MO. 740 CLEAR (SCALE 0-3) 24
DPTR FM NORMAL M PTCLDY (SCALE 4-7) 2
TOTAL FM JUL 1 6794 CLOUDY (SCALE 8-10) 4
DPTR FM NORMAL M
[CDD (BASE 65) ]
TOTAL THIS MO. 0
DPTR FM NORMAL M [PRESSURE DATA]
TOTAL FM JAN 1 0 HIGHEST SLP M ON M
DPTR FM NORMAL M LOWEST SLP M ON M
[REMARKS]
#FINAL-04-20#