000
CXUS54 KMOB 010629
CF6MOB
PRELIMINARY LOCAL CLIMATOLOGICAL DATA (WS FORM: F-6)
STATION: MOBILE
MONTH: MAY
YEAR: 2023
LATITUDE: 30 40 N
LONGITUDE: 88 15 W
TEMPERATURE IN F: :PCPN: SNOW: WIND :SUNSHINE: SKY :PK WND
================================================================================
1 2 3 4 5 6A 6B 7 8 9 10 11 12 13 14 15 16 17 18
12Z AVG MX 2MIN
DY MAX MIN AVG DEP HDD CDD WTR SNW DPTH SPD SPD DIR MIN PSBL S-S WX SPD DR
================================================================================
1 82 56 69 -1 0 4 0.00 0.0 0 5.4 15 300 M M 2 23 280
2 84 50 67 -4 0 2 0.00 0.0 0 3.7 15 310 M M 3 21 290
3 84 52 68 -3 0 3 0.00 0.0 0 2.5 13 310 M M 5 20 320
4 84 56 70 -1 0 5 0.00 0.0 0 4.5 12 180 M M 5 17 180
5 77 67 72 0 0 7 1.35 0.0 0 7.9 20 120 M M 7 138 26 120
6 76 67 72 0 0 7 0.06 0.0 0 5.4 13 170 M M 9 18 16 170
7 84 64 74 2 0 9 0.00 0.0 0 8.3 17 130 M M 6 128 25 140
8 82 70 76 4 0 11 0.35 0.0 0 5.7 16 150 M M 8 138 20 150
9 84 68 76 3 0 11 0.06 0.0 0 3.7 15 160 M M 7 1238 19 170
10 89 70 80 7 0 15 0.00 0.0 0 5.7 16 200 M M 6 12 21 200
11 85 67 76 3 0 11 0.96 0.0 0 10.5 21 350 M M 6 138 31 340
12 87 67 77 4 0 12 T 0.0 0 7.9 29 340 M M 6 40 340
13 89 68 79 5 0 14 0.00 0.0 0 6.0 14 200 M M 3 1 16 210
14 93 68 81 7 0 16 0.47 0.0 0 3.3 24 70 M M 3 138 32 70
15 95 70 83 9 0 18 0.14 0.0 0 4.5 18 190 M M 4 38 24 190
16 91 70 81 7 0 16 0.40 0.0 0 5.1 21 130 M M 6 138 40 130
17 88 68 78 3 0 13 0.37 0.0 0 3.3 16 20 M M 6 13 40 20
18 86 68 77 2 0 12 0.26 0.0 0 2.8 15 140 M M 7 1238 23 260
19 86 71 79 4 0 14 0.00 0.0 0 5.6 14 130 M M 5 18 18 120
20 89 71 80 5 0 15 0.00 0.0 0 4.7 17 190 M M 5 123 23 180
21 84 71 78 2 0 13 0.01 0.0 0 6.5 16 10 M M 9 1 22 10
22 88 68 78 2 0 13 0.00 0.0 0 4.6 14 30 M M 5 19 30
23 88 70 79 3 0 14 0.01 0.0 0 7.2 18 40 M M 6 138 26 30
24 81 67 74 -2 0 9 0.22 0.0 0 8.4 17 30 M M 9 18 23 30
25 86 63 75 -2 0 10 0.00 0.0 0 9.0 16 30 M M 3 24 70
26 86 59 73 -4 0 8 0.00 0.0 0 7.4 18 20 M M 3 27 10
27 86 64 75 -2 0 10 0.00 0.0 0 8.0 15 70 M M 3 22 60
28 86 59 73 -4 0 8 0.00 0.0 0 3.1 15 220 M M 2 19 170
29 86 64 75 -3 0 10 0.00 0.0 0 3.0 13 230 M M 6 19 290
30 88 63 76 -2 0 11 0.00 0.0 0 3.1 12 340 M M 6 15 340
31 89 66 78 0 0 13 0.00 0.0 0 4.7 13 20 M M 6 17 360
================================================================================
SM 2663 2022 0 334 4.66 0.0 171.5 M 167
================================================================================
AV 85.9 65.2 5.5 FASTST M M 5 MAX(MPH)
MISC ----> 29 340 # 40 340
================================================================================
NOTES:
# LAST OF SEVERAL OCCURRENCES
COLUMN 17 PEAK WIND IN M.P.H.
PRELIMINARY LOCAL CLIMATOLOGICAL DATA (WS FORM: F-6) , PAGE 2
STATION: MOBILE
MONTH: MAY
YEAR: 2023
LATITUDE: 30 40 N
LONGITUDE: 88 15 W
[TEMPERATURE DATA] [PRECIPITATION DATA] SYMBOLS USED IN COLUMN 16
AVERAGE MONTHLY: 75.6 TOTAL FOR MONTH: 4.66 1 = FOG OR MIST
DPTR FM NORMAL: 1.2 DPTR FM NORMAL: -0.73 2 = FOG REDUCING VISIBILITY
HIGHEST: 95 ON 15 GRTST 24HR 1.35 ON 5- 5 TO 1/4 MILE OR LESS
LOWEST: 50 ON 2 3 = THUNDER
SNOW, ICE PELLETS, HAIL 4 = ICE PELLETS
TOTAL MONTH: 0.0 INCH 5 = HAIL
GRTST 24HR 0.0 6 = FREEZING RAIN OR DRIZZLE
GRTST DEPTH: 0 7 = DUSTSTORM OR SANDSTORM:
VSBY 1/2 MILE OR LESS
8 = SMOKE OR HAZE
[NO. OF DAYS WITH] [WEATHER - DAYS WITH] 9 = BLOWING SNOW
X = TORNADO
MAX 32 OR BELOW: 0 0.01 INCH OR MORE: 13
MAX 90 OR ABOVE: 3 0.10 INCH OR MORE: 9
MIN 32 OR BELOW: 0 0.50 INCH OR MORE: 2
MIN 0 OR BELOW: 0 1.00 INCH OR MORE: 1
[HDD (BASE 65) ]
TOTAL THIS MO. 0 CLEAR (SCALE 0-3) 4
DPTR FM NORMAL -4 PTCLDY (SCALE 4-7) 23
TOTAL FM JUL 1 1070 CLOUDY (SCALE 8-10) 4
DPTR FM NORMAL -543
[CDD (BASE 65) ]
TOTAL THIS MO. 334
DPTR FM NORMAL 40 [PRESSURE DATA]
TOTAL FM JAN 1 753 HIGHEST SLP 30.18 ON 6
DPTR FM NORMAL 276 LOWEST SLP 29.78 ON 17
[REMARKS]
#FINAL-05-23#