712
CXUS56 KSTO 131751
CF6MOD
PRELIMINARY LOCAL CLIMATOLOGICAL DATA (WS FORM: F-6)
STATION: MODESTO CA
MONTH: NOVEMBER
YEAR: 2020
LATITUDE: 37 37 N
LONGITUDE: 120 57 W
TEMPERATURE IN F: :PCPN: SNOW: WIND :SUNSHINE: SKY :PK WND
================================================================================
1 2 3 4 5 6A 6B 7 8 9 10 11 12 13 14 15 16 17 18
12Z AVG MX 2MIN
DY MAX MIN AVG DEP HDD CDD WTR SNW DPTH SPD SPD DIR MIN PSBL S-S WX SPD DR
================================================================================
1 80 43 62 2 3 0 0.00 0.0 0 1.2 8 310 M M 0 18 8 310
2 80 43 62 2 3 0 0.00 0.0 0 2.0 8 310 M M 0 18 11 280
3 81 45 63 3 2 0 0.00 0.0 0 3.2 9 340 M M 0 18 12 320
4 79 44 62 3 3 0 0.00 0.0 0 3.7 14 330 M M 0 18 300
5 80 45 63 4 2 0 0.00 0.0 0 2.1 10 120 M M 0 18 11 120
6 64 50 57 -1 8 0 T 0.0 0 10.4 25 300 M M 1 18 32 300
7 62 47 55 -3 10 0 T 0.0 0 5.2 20 320 M M 4 24 320
8 60 44 52 -6 13 0 0.00 0.0 0 9.0 25 300 M M 2 8 33 300
9 57 35 46 -11 19 0 0.00 0.0 0 4.8 12 300 M M 0 M M
10 64 35 50 -7 15 0 0.00 0.0 0 1.9 5 100 M M 0 M M
11 60 35 48 -9 17 0 0.00 0.0 0 2.6 7 300 M M 0 8 M M
12 65 34 50 -6 15 0 0.00 0.0 0 1.0 4 110 M M 0 18 M M
13 62 36 49 -7 16 0 T 0.0 0 5.2 13 160 M M 6 18 20 160
14 55 35 45 -11 20 0 0.00 0.0 0 5.8 14 330 M M 5 12 18 320
15 68 35 52 -3 13 0 T 0.0 0 1.7 9 300 M M 4 12 12 300
16 68 34 51 -4 14 0 0.00 0.0 0 3.0 9 120 M M 0 18 11 130
17 67 45 56 2 9 0 0.01 0.0 0 5.4 14 330 M M 3 18 19 320
18 64 53 59 5 6 0 0.09 0.0 0 7.9 13 160 M M 6 1 17 150
19 61 44 53 -1 12 0 0.00 0.0 0 10.2 20 320 M M 0 1 23 320
20 61 37 49 -5 16 0 0.00 0.0 0 4.8 14 320 M M 0 16 310
21 60 32 46 -7 19 0 0.00 0.0 0 1.6 7 110 M M 0 1 9 330
22 64 31 48 -5 17 0 0.00 0.0 0 1.3 12 310 M M 0 128 14 310
23 63 41 52 0 13 0 0.00 0.0 0 6.9 18 310 M M 2 18 23 320
24 63 35 49 -3 16 0 0.00 0.0 0 1.7 7 120 M M 0 18 11 310
25 63 36 50 -2 15 0 0.00 0.0 0 9.3 24 320 M M 0 18 28 320
26 64 37 51 -1 14 0 0.00 0.0 0 10.6 18 300 M M 0 23 320
27 61 29 45 -6 20 0 0.00 0.0 0 2.2 7 150 M M 0 8 11 160
28 61 31 46 -5 19 0 0.00 0.0 0 2.3 9 330 M M 0 1 13 320
29 64 28 46 -5 19 0 0.00 0.0 0 1.3 7 110 M M 0 18 7 110
30 65 30 48 -2 17 0 0.00 0.0 0 3.5 13 310 M M 0 18 15 310
================================================================================
SM 1966 1149 385 0 0.10 0.0 131.8 M 33
================================================================================
AV 65.5 38.3 4.4 FASTST M M 1 MAX(MPH)
MISC ----> # 25 300 # 33 300
================================================================================
NOTES:
# LAST OF SEVERAL OCCURRENCES
COLUMN 17 PEAK WIND IN M.P.H.
PRELIMINARY LOCAL CLIMATOLOGICAL DATA (WS FORM: F-6) , PAGE 2
STATION: MODESTO CA
MONTH: NOVEMBER
YEAR: 2020
LATITUDE: 37 37 N
LONGITUDE: 120 57 W
[TEMPERATURE DATA] [PRECIPITATION DATA] SYMBOLS USED IN COLUMN 16
AVERAGE MONTHLY: 51.9 TOTAL FOR MONTH: 0.10 1 = FOG OR MIST
DPTR FM NORMAL: -3.2 DPTR FM NORMAL: -1.26 2 = FOG REDUCING VISIBILITY
HIGHEST: 81 ON 3 GRTST 24HR 0.09 ON 18-18 TO 1/4 MILE OR LESS
LOWEST: 28 ON 29 3 = THUNDER
SNOW, ICE PELLETS, HAIL 4 = ICE PELLETS
TOTAL MONTH: 0.0 INCH 5 = HAIL
GRTST 24HR 0.0 6 = FREEZING RAIN OR DRIZZLE
GRTST DEPTH: 0 7 = DUSTSTORM OR SANDSTORM:
VSBY 1/2 MILE OR LESS
8 = SMOKE OR HAZE
[NO. OF DAYS WITH] [WEATHER - DAYS WITH] 9 = BLOWING SNOW
X = TORNADO
MAX 32 OR BELOW: 0 0.01 INCH OR MORE: 2
MAX 90 OR ABOVE: 0 0.10 INCH OR MORE: 0
MIN 32 OR BELOW: 6 0.50 INCH OR MORE: 0
MIN 0 OR BELOW: 0 1.00 INCH OR MORE: 0
[HDD (BASE 65) ]
TOTAL THIS MO. 385 CLEAR (SCALE 0-3) 24
DPTR FM NORMAL 87 PTCLDY (SCALE 4-7) 6
TOTAL FM JUL 1 429 CLOUDY (SCALE 8-10) 0
DPTR FM NORMAL 68
[CDD (BASE 65) ]
TOTAL THIS MO. 0
DPTR FM NORMAL -3 [PRESSURE DATA]
TOTAL FM JAN 1 2127 HIGHEST SLP 30.32 ON 15
DPTR FM NORMAL 428 LOWEST SLP 29.65 ON 7
[REMARKS]
#FINAL-11-20#