000
CXUS53 KBIS 010830
CF6MOT
PRELIMINARY LOCAL CLIMATOLOGICAL DATA (WS FORM: F-6)
STATION: MINOT ND
MONTH: JULY
YEAR: 2023
LATITUDE: 48 15 N
LONGITUDE: 101 16 W
TEMPERATURE IN F: :PCPN: SNOW: WIND :SUNSHINE: SKY :PK WND
================================================================================
1 2 3 4 5 6A 6B 7 8 9 10 11 12 13 14 15 16 17 18
12Z AVG MX 2MIN
DY MAX MIN AVG DEP HDD CDD WTR SNW DPTH SPD SPD DIR MIN PSBL S-S WX SPD DR
================================================================================
1 92 61 77 8 0 12 0.00 M M 7.1 17 170 M M 1 3 25 130
2 95 66 81 12 0 16 0.10 M M 12.9 26 290 M M 1 3 35 300
3 73 57 65 -4 0 0 T M M 10.1 18 260 M M 6 25 260
4 66 51 59 -11 6 0 0.00 M M 13.7 25 290 M M 5 34 270
5 72 43 58 -12 7 0 0.00 M M 6.9 15 290 M M 5 21 300
6 84 58 71 1 0 6 0.00 M M 12.2 21 210 M M 3 31 210
7 76 54 65 -5 0 0 0.00 M M 8.5 17 340 M M 2 24 340
8 86 47 67 -3 0 2 T M M 9.2 30 250 M M 3 3 40 260
9 93 60 77 7 0 12 0.00 M M 11.9 23 280 M M 0 33 280
10 76 49 63 -7 2 0 0.00 M M 6.9 15 330 M M 1 22 360
11 61 44 53 -18 12 0 0.05 M M 7.7 16 120 M M 3 21 130
12 71 51 61 -10 4 0 0.13 M M 6.5 15 120 M M 8 13 20 130
13 85 55 70 -1 0 5 0.00 M M 12.4 24 280 M M 1 32 290
14 81 55 68 -3 0 3 0.00 M M 13.6 24 280 M M 7 8 34 300
15 76 54 65 -6 0 0 0.04 M M 14.0 24 280 M M 7 8 33 300
16 72 51 62 -9 3 0 0.00 M M 10.2 17 330 M M 4 18 25 350
17 77 45 61 -11 4 0 0.00 M M 5.2 12 80 M M 0 18 100
18 86 53 70 -2 0 5 0.00 M M 9.3 22 160 M M 2 32 150
19 76 57 67 -5 0 2 0.04 M M 13.7 35 290 M M 4 46 270
20 82 55 69 -3 0 4 0.00 M M 7.6 15 300 M M 1 20 310
21 89 57 73 1 0 8 T M M 8.1 20 280 M M 1 28 280
22 86 56 71 -1 0 6 0.00 M M 6.8 14 220 M M 0 8 19 350
23 91 63 77 5 0 12 0.03 M M 5.5 15 220 M M 1 3 26 210
24 96 57 77 5 0 12 0.00 M M 8.5 18 110 M M 0 28 100
25 94 70 82 10 0 17 T M M 8.6 24 190 M M 0 37 190
26 95 64 80 8 0 15 T M M 8.4 18 280 M M 1 3 25 280
27 89 60 75 3 0 10 0.00 M M 6.4 15 110 M M 0 8 20 120
28 78 54 66 -6 0 1 0.00 M M 7.8 17 10 M M 3 22 360
29 75 49 62 -10 3 0 0.08 M M 5.6 10 100 M M 5 1 14 100
30 85 57 71 -1 0 6 0.00 M M 8.9 15 110 M M 3 3 28 110
31 88 59 74 2 0 9 0.44 M M 8.8 23 80 M M 4 13 29 80
================================================================================
SM 2546 1712 41 163 0.91 M 283.0 M 82
================================================================================
AV 82.1 55.2 9.1 FASTST M M 3 MAX(MPH)
MISC ----> 35 290 46 270
================================================================================
NOTES:
# LAST OF SEVERAL OCCURRENCES
COLUMN 17 PEAK WIND IN M.P.H.
PRELIMINARY LOCAL CLIMATOLOGICAL DATA (WS FORM: F-6) , PAGE 2
STATION: MINOT ND
MONTH: JULY
YEAR: 2023
LATITUDE: 48 15 N
LONGITUDE: 101 16 W
[TEMPERATURE DATA] [PRECIPITATION DATA] SYMBOLS USED IN COLUMN 16
AVERAGE MONTHLY: 68.7 TOTAL FOR MONTH: 0.91 1 = FOG OR MIST
DPTR FM NORMAL: -2.5 DPTR FM NORMAL: -1.59 2 = FOG REDUCING VISIBILITY
HIGHEST: 96 ON 24 GRTST 24HR 0.44 ON 31-31 TO 1/4 MILE OR LESS
LOWEST: 43 ON 5 3 = THUNDER
SNOW, ICE PELLETS, HAIL 4 = ICE PELLETS
TOTAL MONTH: M 5 = HAIL
GRTST 24HR M ON M 6 = FREEZING RAIN OR DRIZZLE
GRTST DEPTH: M ON M 7 = DUSTSTORM OR SANDSTORM:
VSBY 1/2 MILE OR LESS
8 = SMOKE OR HAZE
[NO. OF DAYS WITH] [WEATHER - DAYS WITH] 9 = BLOWING SNOW
X = TORNADO
MAX 32 OR BELOW: 0 0.01 INCH OR MORE: 8
MAX 90 OR ABOVE: 7 0.10 INCH OR MORE: 3
MIN 32 OR BELOW: 0 0.50 INCH OR MORE: 0
MIN 0 OR BELOW: 0 1.00 INCH OR MORE: 0
[HDD (BASE 65) ]
TOTAL THIS MO. 41 CLEAR (SCALE 0-3) 18
DPTR FM NORMAL 25 PTCLDY (SCALE 4-7) 13
TOTAL FM JUL 1 41 CLOUDY (SCALE 8-10) 0
DPTR FM NORMAL 30
[CDD (BASE 65) ]
TOTAL THIS MO. 163
DPTR FM NORMAL -43 [PRESSURE DATA]
TOTAL FM JAN 1 395 HIGHEST SLP 30.31 ON 29
DPTR FM NORMAL 77 LOWEST SLP 29.65 ON 9
[REMARKS]
#FINAL-07-23#