000
CXUS51 KBTV 010800
CF6MPV
PRELIMINARY LOCAL CLIMATOLOGICAL DATA (WS FORM: F-6)
STATION: MONTPELIER VT
MONTH: FEBRUARY
YEAR: 2020
LATITUDE: 44 12 N
LONGITUDE: 72 34 W
TEMPERATURE IN F: :PCPN: SNOW: WIND :SUNSHINE: SKY :PK WND
================================================================================
1 2 3 4 5 6A 6B 7 8 9 10 11 12 13 14 15 16 17 18
12Z AVG MX 2MIN
DY MAX MIN AVG DEP HDD CDD WTR SNW DPTH SPD SPD DIR MIN PSBL S-S WX SPD DR
================================================================================
1 32 25 29 12 36 0 T M M 2.2 10 170 M M 10 1 11 170
2 30 23 27 10 38 0 0.01 M M 0.4 6 290 M M 10 18 7 290
3 37 22 30 12 35 0 0.00 M M 4.6 17 300 M M 9 25 300
4 33 20 27 9 38 0 T M M 3.1 20 310 M M 7 25 310
5 32 13 23 5 42 0 T M M 6.6 21 310 M M 6 27 310
6 28 15 22 4 43 0 0.37 M M 1.2 6 150 M M 10 16 7 140
7 31 14 23 5 42 0 0.67 M M 8.5 30 310 M M 10 126 41 310
8 14 -7 4 -14 61 0 T M M 6.7 18 300 M M 4 18 26 300
9 24 -16 4 -15 61 0 T M M 2.6 15 170 M M 4 1 17 170
10 36 24 30 11 35 0 0.05 M M 3.6 10 170 M M 10 1 14 180
11 32 22 27 8 38 0 0.03 M M 2.7 15 300 M M 10 126 19 290
12 34 27 31 12 34 0 0.03 M M 8.9 21 290 M M 6 1 29 300
13 34 12 23 4 42 0 0.06 M M 5.6 20 310 M M 10 1 28 300
14 12 -14 -1 -21 66 0 T M M 7.8 17 330 M M 4 8 21 300
15 21 -20 1 -19 64 0 0.00 M M 6.3 20 150 M M 1 22 150
16 34 18 26 6 39 0 T M M 8.9 16 160 M M 10 21 160
17 33 2 18 -2 47 0 0.01 M M 7.8 20 310 M M 2 1 27 310
18 36 3 20 0 45 0 0.16 M M 8.9 22 180 M M 8 168 32 180
19 36 10 23 2 42 0 0.05 M M 12.4 26 310 M M 6 128 39 310
20 15 -5 5 -16 60 0 T M M 5.9 17 340 M M 6 8 25 320
21 26 -15 6 -15 59 0 0.00 M M 4.6 15 170 M M 0 19 170
22 36 6 21 -1 44 0 0.00 M M 4.7 14 280 M M 1 21 300
23 47 10 29 7 36 0 0.00 M M 3.2 15 160 M M 0 1 21 160
24 52 17 35 13 30 0 0.00 M M 4.7 17 180 M M 0 21 190
25 43 31 37 15 28 0 0.03 M M 0.9 7 170 M M 7 12 7 170
26 38 31 35 12 30 0 0.04 M M 2.1 12 160 M M 10 12 17 140
27 39 22 31 8 34 0 0.85 M M 8.1 20 250 M M 10 128 35 290
28 26 20 23 0 42 0 T M M 11.0 23 210 M M 9 8 35 210
29 22 12 17 -6 48 0 T M M 9.3 15 300 M M 10 18 24 340
================================================================================
SM 913 322 1259 0 2.36 M 163.3 M 190
================================================================================
AV 31.5 11.1 5.6 FASTST M M 7 MAX(MPH)
MISC ----> 30 310 41 310
================================================================================
NOTES:
# LAST OF SEVERAL OCCURRENCES
COLUMN 17 PEAK WIND IN M.P.H.
PRELIMINARY LOCAL CLIMATOLOGICAL DATA (WS FORM: F-6) , PAGE 2
STATION: MONTPELIER VT
MONTH: FEBRUARY
YEAR: 2020
LATITUDE: 44 12 N
LONGITUDE: 72 34 W
[TEMPERATURE DATA] [PRECIPITATION DATA] SYMBOLS USED IN COLUMN 16
AVERAGE MONTHLY: 21.3 TOTAL FOR MONTH: 2.36 1 = FOG OR MIST
DPTR FM NORMAL: 1.4 DPTR FM NORMAL: 0.32 2 = FOG REDUCING VISIBILITY
HIGHEST: 52 ON 24 GRTST 24HR 0.85 ON 27-27 TO 1/4 MILE OR LESS
LOWEST: -20 ON 15 3 = THUNDER
SNOW, ICE PELLETS, HAIL 4 = ICE PELLETS
TOTAL MONTH: M 5 = HAIL
GRTST 24HR M ON M 6 = FREEZING RAIN OR DRIZZLE
GRTST DEPTH: M ON M 7 = DUSTSTORM OR SANDSTORM:
VSBY 1/2 MILE OR LESS
8 = SMOKE OR HAZE
[NO. OF DAYS WITH] [WEATHER - DAYS WITH] 9 = BLOWING SNOW
X = TORNADO
MAX 32 OR BELOW: 14 0.01 INCH OR MORE: 13
MAX 90 OR ABOVE: 0 0.10 INCH OR MORE: 4
MIN 32 OR BELOW: 29 0.50 INCH OR MORE: 2
MIN 0 OR BELOW: 6 1.00 INCH OR MORE: 0
[HDD (BASE 65) ]
TOTAL THIS MO. 1259 CLEAR (SCALE 0-3) 6
DPTR FM NORMAL -4 PTCLDY (SCALE 4-7) 10
TOTAL FM JUL 1 5775 CLOUDY (SCALE 8-10) 13
DPTR FM NORMAL -216
[CDD (BASE 65) ]
TOTAL THIS MO. 0
DPTR FM NORMAL 0 [PRESSURE DATA]
TOTAL FM JAN 1 0 HIGHEST SLP 30.70 ON 15
DPTR FM NORMAL 0 LOWEST SLP 28.83 ON 7
[REMARKS]
#FINAL-02-20#