000
CXUS53 KMQT 010900
CF6MQT
PRELIMINARY LOCAL CLIMATOLOGICAL DATA (WS FORM: F-6)
STATION: MARQUETTE MI
MONTH: JULY
YEAR: 2023
LATITUDE: 46 31 N
LONGITUDE: 87 33 W
TEMPERATURE IN F: :PCPN: SNOW: WIND :SUNSHINE: SKY :PK WND
================================================================================
1 2 3 4 5 6A 6B 7 8 9 10 11 12 13 14 15 16 17 18
12Z AVG MX 2MIN
DY MAX MIN AVG DEP HDD CDD WTR SNW DPTH SPD SPD DIR MIN PSBL S-S WX SPD DR
================================================================================
1 77 56 67 3 0 2 0.00 0.0 0 M M M M M M 16 45
2 74 53 64 0 1 0 0.00 0.0 0 M M M M M M 16 45
3 80 51 66 2 0 1 0.00 0.0 0 M M M M M M 12 45
4 83 63 73 8 0 8 0.07 0.0 0 M M M M M M 26 315
5 75 62 69 4 0 4 0.19 0.0 0 M M M M M M 3 13 315
6 66 51 59 -6 6 0 0.00 0.0 0 M M M M M M 15 45
7 78 46 62 -3 3 0 0.07 0.0 0 M M M M M M 17 225
8 68 50 59 -6 6 0 0.23 0.0 0 M M M M M M 17 45
9 76 47 62 -3 3 0 0.00 0.0 0 M M M M M M 24 225
10 76 52 64 -1 1 0 0.86 0.0 0 M M M M M M 3 27 225
11 68 47 58 -7 7 0 0.00 0.0 0 M M M M M M 27 270
12 72 51 62 -3 3 0 0.00 0.0 0 M M M M M M 15 135
13 75 54 65 0 0 0 0.00 0.0 0 M M M M M M 12 180
14 81 61 71 5 0 6 0.06 0.0 0 M M M M M M 3 16 315
15 79 57 68 2 0 3 0.14 0.0 0 M M M M M M 38 19 360
16 71 53 62 -4 3 0 0.47 0.0 0 M M M M M M 3 20 270
17 64 52 58 -8 7 0 0.08 0.0 0 M M M M M M 24 315
18 66 53 60 -6 5 0 0.08 0.0 0 M M M M M M 1 16 270
19 72 47 60 -6 5 0 0.21 0.0 0 M M M M M M 1 14 270
20 66 57 62 -4 3 0 0.15 0.0 0 M M M M M M 123 20 45
21 74 53 64 -2 1 0 0.00 0.0 0 M M M M M M 16 45
22 79 52 66 0 0 1 1.47 T 0 M M M M M M 35 38 315
23 77 54 66 0 0 1 0.36 0.0 0 M M M M M M 13 12 135
24 72 52 62 -4 3 0 0.00 0.0 0 M M M M M M 12 45
25 82 47 65 -1 0 0 0.00 0.0 0 M M M M M M 18 225
26 79 60 70 4 0 5 0.01 0.0 0 M M M M M M 13 22 360
27 86 57 72 7 0 7 1.62 0.0 0 M M M M M M 13 47 225
28 73 59 66 1 0 1 0.00 0.0 0 M M M M M M 15 90
29 69 54 62 -3 3 0 0.00 0.0 0 M M M M M M 15 360
30 75 51 63 -2 2 0 0.00 0.0 0 M M M M M M 20 315
31 72 53 63 -2 2 0 0.00 0.0 0 M M M M M M 8 9 90
================================================================================
SM 2305 1655 64 39 6.07 T M M M
================================================================================
AV 74.4 53.4 M FASTST M M M MAX(MPH)
MISC ----> M M 47 225
================================================================================
NOTES:
# LAST OF SEVERAL OCCURRENCES
COLUMN 17 PEAK WIND IN M.P.H.
PRELIMINARY LOCAL CLIMATOLOGICAL DATA (WS FORM: F-6) , PAGE 2
STATION: MARQUETTE MI
MONTH: JULY
YEAR: 2023
LATITUDE: 46 31 N
LONGITUDE: 87 33 W
[TEMPERATURE DATA] [PRECIPITATION DATA] SYMBOLS USED IN COLUMN 16
AVERAGE MONTHLY: 63.9 TOTAL FOR MONTH: 6.07 1 = FOG OR MIST
DPTR FM NORMAL: -1.4 DPTR FM NORMAL: 2.97 2 = FOG REDUCING VISIBILITY
HIGHEST: 86 ON 27 GRTST 24HR 1.62 ON 27-27 TO 1/4 MILE OR LESS
LOWEST: 46 ON 7 3 = THUNDER
SNOW, ICE PELLETS, HAIL 4 = ICE PELLETS
TOTAL MONTH: T 5 = HAIL
GRTST 24HR T ON 22-22 6 = FREEZING RAIN OR DRIZZLE
GRTST DEPTH: 0 7 = DUSTSTORM OR SANDSTORM:
VSBY 1/2 MILE OR LESS
8 = SMOKE OR HAZE
[NO. OF DAYS WITH] [WEATHER - DAYS WITH] 9 = BLOWING SNOW
X = TORNADO
MAX 32 OR BELOW: 0 0.01 INCH OR MORE: 16
MAX 90 OR ABOVE: 0 0.10 INCH OR MORE: 10
MIN 32 OR BELOW: 0 0.50 INCH OR MORE: 3
MIN 0 OR BELOW: 0 1.00 INCH OR MORE: 2
[HDD (BASE 65) ]
TOTAL THIS MO. 64 CLEAR (SCALE 0-3) 0
DPTR FM NORMAL -18 PTCLDY (SCALE 4-7) 0
TOTAL FM JUL 1 64 CLOUDY (SCALE 8-10) 31
DPTR FM NORMAL -12
[CDD (BASE 65) ]
TOTAL THIS MO. 39
DPTR FM NORMAL -51 [PRESSURE DATA]
TOTAL FM JAN 1 139 HIGHEST SLP M ON M
DPTR FM NORMAL -10 LOWEST SLP M ON M
[REMARKS]
#FINAL-07-23#