000
CXUS53 KMQT 011000
CF6MQT
PRELIMINARY LOCAL CLIMATOLOGICAL DATA (WS FORM: F-6)
STATION: MARQUETTE MI
MONTH: JANUARY
YEAR: 2024
LATITUDE: 46 31 N
LONGITUDE: 87 33 W
TEMPERATURE IN F: :PCPN: SNOW: WIND :SUNSHINE: SKY :PK WND
================================================================================
1 2 3 4 5 6A 6B 7 8 9 10 11 12 13 14 15 16 17 18
12Z AVG MX 2MIN
DY MAX MIN AVG DEP HDD CDD WTR SNW DPTH SPD SPD DIR MIN PSBL S-S WX SPD DR
================================================================================
1 28 17 23 7 42 0 T T 1 M M M M M M 6 20 225
2 30 18 24 8 41 0 0.02 0.2 1 M M M M M M 6 25 270
3 28 17 23 7 42 0 0.08 2.0 1 M M M M M M 20 360
4 19 9 14 -2 51 0 0.02 0.7 3 M M M M M M 15 225
5 23 12 18 2 47 0 T T 3 M M M M M M 18 225
6 28 22 25 9 40 0 0.25 2.6 4 M M M M M M 8 180
7 29 20 25 10 40 0 0.01 0.2 5 M M M M M M 16 360
8 24 20 22 7 43 0 T T 5 M M M M M M 6 11 270
9 30 24 27 12 38 0 0.06 1.2 4 M M M M M M 16 26 45
10 28 22 25 10 40 0 0.02 0.4 5 M M M M M M 30 360
11 23 13 18 3 47 0 0.01 0.1 5 M M M M M M 15 45
12 25 19 22 7 43 0 0.93 7.3 5 M M M M M M 9 34 90
13 21 10 16 2 49 0 1.08 18.0 16 M M M M M M 9 36 45
14 11 2 7 -7 58 0 0.02 0.2 20 M M M M M M 28 270
15 6 -3 2 -12 63 0 0.00 0.0 19 M M M M M M 29 270
16 4 -9 -2 -16 67 0 T T 16 M M M M M M 21 225
17 9 -5 2 -12 63 0 0.01 0.1 15 M M M M M M 22 225
18 9 1 5 -9 60 0 0.01 0.2 15 M M M M M M 22 225
19 12 4 8 -6 57 0 0.51 9.5 19 M M M M M M 17 315
20 15 -4 6 -8 59 0 0.09 3.4 21 M M M M M M 21 315
21 15 -2 7 -7 58 0 T T 19 M M M M M M 9 30 180
22 23 12 18 4 47 0 T T 17 M M M M M M 27 225
23 30 22 26 13 39 0 0.01 0.2 16 M M M M M M 9 45
24 32 26 29 16 36 0 T T 16 M M M M M M 1 15 180
25 36 31 34 21 31 0 T 0.0 15 M M M M M M 16 10 270
26 35 33 34 21 31 0 0.02 0.0 14 M M M M M M 12 10 360
27 37 30 34 21 31 0 0.01 0.2 12 M M M M M M 6 14 270
28 32 27 30 17 35 0 0.04 0.4 12 M M M M M M 14 315
29 39 21 30 17 35 0 0.01 T 12 M M M M M M 6 18 225
30 34 30 32 19 33 0 0.06 0.5 12 M M M M M M 16 19 360
31 47 30 39 26 26 0 T T 13 M M M M M M 24 225
================================================================================
SM 762 469 1392 0 3.27 47.4 M M M
================================================================================
AV 24.6 15.1 M FASTST M M M MAX(MPH)
MISC ----> M M 36 45
================================================================================
NOTES:
# LAST OF SEVERAL OCCURRENCES
COLUMN 17 PEAK WIND IN M.P.H.
PRELIMINARY LOCAL CLIMATOLOGICAL DATA (WS FORM: F-6) , PAGE 2
STATION: MARQUETTE MI
MONTH: JANUARY
YEAR: 2024
LATITUDE: 46 31 N
LONGITUDE: 87 33 W
[TEMPERATURE DATA] [PRECIPITATION DATA] SYMBOLS USED IN COLUMN 16
AVERAGE MONTHLY: 19.9 TOTAL FOR MONTH: 3.27 1 = FOG OR MIST
DPTR FM NORMAL: 5.6 DPTR FM NORMAL: 0.94 2 = FOG REDUCING VISIBILITY
HIGHEST: 47 ON 31 GRTST 24HR 1.08 ON 13-13 TO 1/4 MILE OR LESS
LOWEST: -9 ON 16 3 = THUNDER
SNOW, ICE PELLETS, HAIL 4 = ICE PELLETS
TOTAL MONTH: 48.1 INCHES 5 = HAIL
GRTST 24HR 18.0 ON 13-13 6 = FREEZING RAIN OR DRIZZLE
GRTST DEPTH: 21 ON 20 7 = DUSTSTORM OR SANDSTORM:
VSBY 1/2 MILE OR LESS
8 = SMOKE OR HAZE
[NO. OF DAYS WITH] [WEATHER - DAYS WITH] 9 = BLOWING SNOW
X = TORNADO
MAX 32 OR BELOW: 25 0.01 INCH OR MORE: 21
MAX 90 OR ABOVE: 0 0.10 INCH OR MORE: 4
MIN 32 OR BELOW: 30 0.50 INCH OR MORE: 3
MIN 0 OR BELOW: 5 1.00 INCH OR MORE: 1
[HDD (BASE 65) ]
TOTAL THIS MO. 1392 CLEAR (SCALE 0-3) 0
DPTR FM NORMAL -178 PTCLDY (SCALE 4-7) 0
TOTAL FM JUL 1 4419 CLOUDY (SCALE 8-10) 31
DPTR FM NORMAL -709
[CDD (BASE 65) ]
TOTAL THIS MO. 0
DPTR FM NORMAL 0 [PRESSURE DATA]
TOTAL FM JAN 1 0 HIGHEST SLP M ON M
DPTR FM NORMAL 0 LOWEST SLP M ON M
[REMARKS]
#FINAL-01-24#