000
CXUS54 KLIX 010810
CF6MSY
PRELIMINARY LOCAL CLIMATOLOGICAL DATA (WS FORM: F-6)
STATION: NEW ORLEANS
MONTH: MARCH
YEAR: 2020
LATITUDE: 29 58 N
LONGITUDE: 90 15 W
TEMPERATURE IN F: :PCPN: SNOW: WIND :SUNSHINE: SKY :PK WND
================================================================================
1 2 3 4 5 6A 6B 7 8 9 10 11 12 13 14 15 16 17 18
12Z AVG MX 2MIN
DY MAX MIN AVG DEP HDD CDD WTR SNW DPTH SPD SPD DIR MIN PSBL S-S WX SPD DR
================================================================================
1 71 45 58 -2 7 0 T 0.0 M 10.5 21 160 M M 6 27 150
2 79 65 72 12 0 7 0.01 0.0 M 10.9 22 210 M M 8 18 27 200
3 82 65 74 14 0 9 0.03 0.0 M 6.1 15 210 M M 10 128 18 200
4 82 59 71 11 0 6 0.11 0.0 M 12.6 26 40 M M 10 12 36 30
5 69 58 64 4 1 0 0.02 0.0 M 10.7 18 340 M M 8 1 24 330
6 72 55 64 3 1 0 0.00 0.0 M 10.2 20 10 M M 4 27 360
7 66 50 58 -3 7 0 0.00 0.0 M 9.2 20 80 M M 5 26 70
8 73 55 64 3 1 0 0.00 0.0 0 10.4 21 120 M M 5 26 110
9 78 62 70 9 0 5 0.00 0.0 M 13.1 23 150 M M 7 30 150
10 76 66 71 9 0 6 0.78 0.0 M 7.2 30 310 M M 9 1 38 320
11 81 65 73 11 0 8 0.00 0.0 M 6.0 15 200 M M 8 12 19 160
12 82 64 73 11 0 8 0.00 0.0 M 6.9 17 170 M M 8 128 23 170
13 83 69 76 14 0 11 0.00 0.0 M 5.8 14 160 M M 8 128 17 150
14 83 68 76 14 0 11 0.00 0.0 M 9.2 20 150 M M 6 1 23 150
15 84 66 75 13 0 10 0.00 0.0 M 4.6 12 150 M M 6 1 14 160
16 82 62 72 9 0 7 T 0.0 M 5.6 14 150 M M 8 1 17 160
17 82 68 75 12 0 10 0.01 0.0 M 4.6 14 190 M M 8 138 21 60
18 83 66 75 12 0 10 0.00 0.0 M 8.5 20 160 M M 6 12 27 150
19 85 73 79 16 0 14 T 0.0 M 12.1 21 150 M M 7 8 27 150
20 85 70 78 15 0 13 0.06 0.0 M 9.0 17 170 M M 8 18 23 160
21 77 67 72 8 0 7 0.03 0.0 M 8.7 15 40 M M 10 18 18 50
22 81 65 73 9 0 8 T 0.0 M 8.1 16 120 M M 8 20 110
23 88 70 79 15 0 14 0.00 0.0 M 7.7 16 200 M M 6 12 23 200
24 86 71 79 15 0 14 0.00 0.0 M 8.8 20 200 M M 5 1 24 190
25 89 71 80 16 0 15 0.00 0.0 M 4.6 12 340 M M 5 18 14 320
26 88 69 79 14 0 14 0.00 0.0 M 7.3 16 160 M M 3 128 24 150
27 87 73 80 15 0 15 0.00 0.0 M 9.9 17 160 M M 4 23 180
28 88 75 82 17 0 17 0.00 0.0 M 11.5 21 190 M M 7 8 26 190
29 84 73 79 14 0 14 T 0.0 M 8.4 15 100 M M 8 18 21 40
30 84 74 79 14 0 14 0.00 0.0 M 9.7 17 130 M M 7 20 110
31 85 61 73 7 0 8 0.01 0.0 M 14.8 25 320 M M 7 36 320
================================================================================
SM 2515 2020 17 275 1.06 0.0 272.7 M 215
================================================================================
AV 81.1 65.2 8.8 FASTST M M 7 MAX(MPH)
MISC ----> 30 310 38 320
================================================================================
NOTES:
# LAST OF SEVERAL OCCURRENCES
COLUMN 17 PEAK WIND IN M.P.H.
PRELIMINARY LOCAL CLIMATOLOGICAL DATA (WS FORM: F-6) , PAGE 2
STATION: NEW ORLEANS
MONTH: MARCH
YEAR: 2020
LATITUDE: 29 58 N
LONGITUDE: 90 15 W
[TEMPERATURE DATA] [PRECIPITATION DATA] SYMBOLS USED IN COLUMN 16
AVERAGE MONTHLY: 73.1 TOTAL FOR MONTH: 1.06 1 = FOG OR MIST
DPTR FM NORMAL: 10.5 DPTR FM NORMAL: -3.49 2 = FOG REDUCING VISIBILITY
HIGHEST: 89 ON 25 GRTST 24HR 0.78 ON 10-10 TO 1/4 MILE OR LESS
LOWEST: 45 ON 1 3 = THUNDER
SNOW, ICE PELLETS, HAIL 4 = ICE PELLETS
TOTAL MONTH: 0.0 INCH 5 = HAIL
GRTST 24HR 0.0 6 = FREEZING RAIN OR DRIZZLE
GRTST DEPTH: 0 7 = DUSTSTORM OR SANDSTORM:
VSBY 1/2 MILE OR LESS
8 = SMOKE OR HAZE
[NO. OF DAYS WITH] [WEATHER - DAYS WITH] 9 = BLOWING SNOW
X = TORNADO
MAX 32 OR BELOW: 0 0.01 INCH OR MORE: 9
MAX 90 OR ABOVE: 0 0.10 INCH OR MORE: 2
MIN 32 OR BELOW: 0 0.50 INCH OR MORE: 1
MIN 0 OR BELOW: 0 1.00 INCH OR MORE: 0
[HDD (BASE 65) ]
TOTAL THIS MO. 17 CLEAR (SCALE 0-3) 0
DPTR FM NORMAL -119 PTCLDY (SCALE 4-7) 24
TOTAL FM JUL 1 754 CLOUDY (SCALE 8-10) 7
DPTR FM NORMAL -492
[CDD (BASE 65) ]
TOTAL THIS MO. 275
DPTR FM NORMAL 212 [PRESSURE DATA]
TOTAL FM JAN 1 380 HIGHEST SLP M ON M
DPTR FM NORMAL 280 LOWEST SLP 29.77 ON 4
[REMARKS]
#FINAL-03-20#