951
CXUS52 KKEY 010600
CF6MTH
PRELIMINARY LOCAL CLIMATOLOGICAL DATA (WS FORM: F-6)
STATION: MARATHON
MONTH: JANUARY
YEAR: 2021
LATITUDE: 24 43 N
LONGITUDE: 81 5 W
TEMPERATURE IN F: :PCPN: SNOW: WIND :SUNSHINE: SKY :PK WND
================================================================================
1 2 3 4 5 6A 6B 7 8 9 10 11 12 13 14 15 16 17 18
12Z AVG MX 2MIN
DY MAX MIN AVG DEP HDD CDD WTR SNW DPTH SPD SPD DIR MIN PSBL S-S WX SPD DR
================================================================================
1 79 73 76 6 0 11 0.00 0.0 0 12.4 18 140 M M 3 34 130
2 80 72 76 6 0 11 0.00 0.0 0 8.8 15 130 M M 2 25 140
3 80 67 74 5 0 9 0.00 0.0 0 4.9 9 180 M M 1 1 17 140
4 73 66 70 1 0 5 T 0.0 0 6.4 15 360 M M 5 1 20 350
5 70 63 67 -2 0 2 0.00 0.0 0 9.0 16 360 M M 1 24 310
6 69 59 64 -5 1 0 0.00 0.0 0 7.0 13 30 M M 0 19 30
7 77 64 71 2 0 6 0.14 0.0 0 7.2 13 130 M M 3 1 19 170
8 73 66 70 1 0 5 T 0.0 0 8.9 15 280 M M 4 23 280
9 66 59 63 -6 2 0 0.00 0.0 0 10.9 16 330 M M 5 29 340
10 65 55 60 -9 5 0 0.00 0.0 0 11.1 15 40 M M 2 23 30
11 77 63 70 1 0 5 0.00 0.0 0 7.3 14 120 M M 4 22 130
12 74 66 70 1 0 5 0.00 0.0 0 5.8 14 350 M M 4 22 330
13 72 64 68 -1 0 3 0.06 0.0 0 9.9 15 20 M M 6 1 24 350
14 66 61 64 -5 1 0 0.04 0.0 0 8.2 15 10 M M 9 1 22 20
15 72 64 68 -1 0 3 0.27 0.0 0 5.2 17 270 M M 6 1 24 270
16 73 62 68 -1 0 3 0.05 0.0 0 9.8 17 280 M M 5 1 26 320
17 67 60 64 -5 1 0 0.00 0.0 0 5.5 13 40 M M 7 18 50
18 72 62 67 -3 0 2 0.01 0.0 0 4.3 12 30 M M 2 18 30
19 73 64 69 -1 0 4 0.00 0.0 0 12.5 16 50 M M 1 22 50
20 73 63 68 -2 0 3 0.00 0.0 0 9.3 15 60 M M 0 21 70
21 73 62 68 -2 0 3 0.00 0.0 0 5.5 10 40 M M 0 14 40
22 75 59 67 -3 0 2 0.00 0.0 0 3.0 9 40 M M 1 12 30
23 73 59 66 -4 0 1 0.00 0.0 0 3.2 8 360 M M 0 1 15 340
24 76 60 68 -2 0 3 0.00 0.0 0 5.4 13 40 M M 0 1 16 40
25 78 69 74 4 0 9 0.00 0.0 0 7.3 13 140 M M 1 20 140
26 79 68 74 4 0 9 0.00 0.0 0 4.7 9 130 M M 2 14 140
27 80 68 74 4 0 9 0.00 0.0 0 3.3 7 130 M M 1 11 150
28 75 62 69 -1 0 4 T 0.0 0 10.8 21 40 M M 3 1 30 40
29 72 58 65 -5 0 0 0.00 0.0 0 12.3 18 20 M M 1 29 30
30 77 64 71 0 0 6 0.00 0.0 0 10.0 15 100 M M 4 24 100
31 78 67 73 2 0 8 0.00 0.0 0 8.7 16 120 M M 6 27 120
================================================================================
SM 2287 1969 10 131 0.57 0.0 238.6 M 89
================================================================================
AV 73.8 63.5 7.7 FASTST M M 3 MAX(MPH)
MISC ----> 21 40 34 130
================================================================================
NOTES:
# LAST OF SEVERAL OCCURRENCES
COLUMN 17 PEAK WIND IN M.P.H.
PRELIMINARY LOCAL CLIMATOLOGICAL DATA (WS FORM: F-6) , PAGE 2
STATION: MARATHON
MONTH: JANUARY
YEAR: 2021
LATITUDE: 24 43 N
LONGITUDE: 81 5 W
[TEMPERATURE DATA] [PRECIPITATION DATA] SYMBOLS USED IN COLUMN 16
AVERAGE MONTHLY: 68.6 TOTAL FOR MONTH: 0.57 1 = FOG OR MIST
DPTR FM NORMAL: -1.0 DPTR FM NORMAL: -1.04 2 = FOG REDUCING VISIBILITY
HIGHEST: 80 ON 27, 3 GRTST 24HR 0.27 ON 15-15 TO 1/4 MILE OR LESS
LOWEST: 55 ON 10 3 = THUNDER
SNOW, ICE PELLETS, HAIL 4 = ICE PELLETS
TOTAL MONTH: 0.0 INCH 5 = HAIL
GRTST 24HR 0.0 6 = FREEZING RAIN OR DRIZZLE
GRTST DEPTH: 0 7 = DUSTSTORM OR SANDSTORM:
VSBY 1/2 MILE OR LESS
8 = SMOKE OR HAZE
[NO. OF DAYS WITH] [WEATHER - DAYS WITH] 9 = BLOWING SNOW
X = TORNADO
MAX 32 OR BELOW: 0 0.01 INCH OR MORE: 6
MAX 90 OR ABOVE: 0 0.10 INCH OR MORE: 2
MIN 32 OR BELOW: 0 0.50 INCH OR MORE: 0
MIN 0 OR BELOW: 0 1.00 INCH OR MORE: 0
[HDD (BASE 65) ]
TOTAL THIS MO. 10 CLEAR (SCALE 0-3) 19
DPTR FM NORMAL -28 PTCLDY (SCALE 4-7) 11
TOTAL FM JUL 1 25 CLOUDY (SCALE 8-10) 1
DPTR FM NORMAL -36
[CDD (BASE 65) ]
TOTAL THIS MO. 131
DPTR FM NORMAL -50 [PRESSURE DATA]
TOTAL FM JAN 1 131 HIGHEST SLP M ON M
DPTR FM NORMAL -50 LOWEST SLP 29.87 ON 15
[REMARKS]
#FINAL-01-21#