323
CXUS52 KKEY 012226 CCA
CF6MTH
PRELIMINARY LOCAL CLIMATOLOGICAL DATA (WS FORM: F-6)...CORRECTED
STATION: MARATHON
MONTH: APRIL
YEAR: 2020
LATITUDE: 24 43 N
LONGITUDE: 81 5 W
TEMPERATURE IN F: :PCPN: SNOW: WIND :SUNSHINE: SKY :PK WND
================================================================================
1 2 3 4 5 6A 6B 7 8 9 10 11 12 13 14 15 16 17 18
12Z AVG MX 2MIN
DY MAX MIN AVG DEP HDD CDD WTR SNW DPTH SPD SPD DIR MIN PSBL S-S WX SPD DR
================================================================================
1 83 73 78 2 0 13 T 0.0 0 11.6 21 270 M M 3 30 270
2 84 72 78 2 0 13 0.00 0.0 0 8.6 15 90 M M 2 20 80
3 85 74 80 4 0 15 0.00 0.0 0 6.6 13 120 M M 1 18 80
4 86 72 79 3 0 14 0.00 0.0 0 7.4 12 130 M M 1 17 150
5 85 75 80 4 0 15 0.00 0.0 0 6.9 12 150 M M 3 17 150
6 86 76 81 5 0 16 0.00 0.0 0 7.8 13 280 M M 3 17 280
7 87 74 81 4 0 16 0.00 0.0 0 2.9 8 160 M M 0 10 150
8 88 75 82 5 0 17 0.00 0.0 0 4.6 9 280 M M 1 14 290
9 88 75 82 5 0 17 0.00 0.0 0 6.9 14 290 M M 0 19 290
10 89 78 84 7 0 19 0.00 0.0 0 9.0 16 280 M M 2 22 290
11 87 77 82 5 0 17 0.00 0.0 0 4.7 10 130 M M 3 17 100
12 89 79 84 7 0 19 0.00 0.0 0 12.3 20 130 M M 1 29 130
13 89 80 85 8 0 20 0.00 0.0 0 11.3 18 160 M M 4 8 29 150
14 89 81 85 8 0 20 0.00 0.0 0 8.8 14 130 M M 4 20 140
15 90 80 85 8 0 20 0.00 0.0 0 7.8 14 160 M M 4 20 160
16 94 78 86 9 0 21 0.00 0.0 0 6.7 21 30 M M 3 8 26 30
17 92 78 85 7 0 20 0.00 0.0 0 6.4 15 50 M M 2 19 50
18 91 81 86 8 0 21 0.00 0.0 0 5.7 12 160 M M 1 15 160
19 90 81 86 8 0 21 0.00 0.0 0 7.5 15 160 M M 1 21 160
20 91 82 87 9 0 22 0.00 0.0 0 9.1 15 200 M M 1 23 210
21 92 79 86 8 0 21 T 0.0 0 10.2 17 290 M M 2 23 280
22 91 77 84 6 0 19 0.00 0.0 0 9.4 15 30 M M 0 20 90
23 90 81 86 8 0 21 0.00 0.0 0 12.2 17 130 M M 3 26 140
24 92 82 87 9 0 22 T 0.0 0 8.7 15 160 M M 3 22 140
25 91 82 87 9 0 22 0.00 0.0 0 6.6 15 200 M M 2 25 210
26 86 74 80 2 0 15 1.02 0.0 0 7.2 22 120 M M 4 138 30 110
27 85 77 81 2 0 16 0.00 0.0 0 7.4 16 30 M M 1 23 20
28 85 76 81 2 0 16 0.00 0.0 0 11.9 18 60 M M 2 23 60
29 90 78 84 5 0 19 0.00 0.0 0 9.4 14 120 M M 1 21 120
30 90 74 82 3 0 17 0.12 0.0 0 9.4 23 330 M M 3 13 34 310
================================================================================
SM 2655 2321 0 544 1.14 0.0 245.0 M 61
================================================================================
AV 88.5 77.4 8.2 FASTST M M 2 MAX(MPH)
MISC ----> # 23 330 # 34 310
================================================================================
NOTES:
# LAST OF SEVERAL OCCURRENCES
COLUMN 17 PEAK WIND IN M.P.H.
PRELIMINARY LOCAL CLIMATOLOGICAL DATA (WS FORM: F-6) , PAGE 2
STATION: MARATHON
MONTH: APRIL
YEAR: 2020
LATITUDE: 24 43 N
LONGITUDE: 81 5 W
[TEMPERATURE DATA] [PRECIPITATION DATA] SYMBOLS USED IN COLUMN 16
AVERAGE MONTHLY: 82.9 TOTAL FOR MONTH: 1.14 1 = FOG OR MIST
DPTR FM NORMAL: 5.6 DPTR FM NORMAL: -1.24 2 = FOG REDUCING VISIBILITY
HIGHEST: 94 ON 16 GRTST 24HR 1.02 ON 26-26 TO 1/4 MILE OR LESS
LOWEST: 72 ON 4, 2 3 = THUNDER
SNOW, ICE PELLETS, HAIL 4 = ICE PELLETS
TOTAL MONTH: 0.0 INCH 5 = HAIL
GRTST 24HR 0.0 6 = FREEZING RAIN OR DRIZZLE
GRTST DEPTH: 0 7 = DUSTSTORM OR SANDSTORM:
VSBY 1/2 MILE OR LESS
8 = SMOKE OR HAZE
[NO. OF DAYS WITH] [WEATHER - DAYS WITH] 9 = BLOWING SNOW
X = TORNADO
MAX 32 OR BELOW: 0 0.01 INCH OR MORE: 2
MAX 90 OR ABOVE: 13 0.10 INCH OR MORE: 2
MIN 32 OR BELOW: 0 0.50 INCH OR MORE: 1
MIN 0 OR BELOW: 0 1.00 INCH OR MORE: 1
[HDD (BASE 65) ]
TOTAL THIS MO. 0 CLEAR (SCALE 0-3) 26
DPTR FM NORMAL 0 PTCLDY (SCALE 4-7) 4
TOTAL FM JUL 1 20 CLOUDY (SCALE 8-10) 0
DPTR FM NORMAL -61
[CDD (BASE 65) ]
TOTAL THIS MO. 544
DPTR FM NORMAL 173 [PRESSURE DATA]
TOTAL FM JAN 1 1496 HIGHEST SLP M ON M
DPTR FM NORMAL 460 LOWEST SLP 29.78 ON 1
[REMARKS]
#FINAL-04-20#
CORRECTED DEPARTURE FROM NORMAL ON THE 27TH.
CORRECTED CLEAR AND PTCLOUDY SKY DAYS.
ROSS