000
CXUS55 KGJT 010910
CF6MTJ
PRELIMINARY LOCAL CLIMATOLOGICAL DATA (WS FORM: F-6)
STATION: MONTROSE CO
MONTH: SEPTEMBER
YEAR: 2021
LATITUDE: 38 30 N
LONGITUDE: 107 53 W
TEMPERATURE IN F: :PCPN: SNOW: WIND :SUNSHINE: SKY :PK WND
================================================================================
1 2 3 4 5 6A 6B 7 8 9 10 11 12 13 14 15 16 17 18
12Z AVG MX 2MIN
DY MAX MIN AVG DEP HDD CDD WTR SNW DPTH SPD SPD DIR MIN PSBL S-S WX SPD DR
================================================================================
1 77 58 68 0 0 3 0.22 M M 4.4 22 230 M M 8 1 33 230
2 72 57 65 -3 0 0 0.06 M M 6.4 17 170 M M 8 22 160
3 81 54 68 0 0 3 T M M 7.5 22 310 M M 3 26 340
4 82 53 68 1 0 3 0.00 M M 7.6 16 330 M M 0 20 330
5 84 50 67 0 0 2 0.00 M M 6.5 14 130 M M 0 17 130
6 86 48 67 0 0 2 0.00 M M 7.1 14 140 M M 0 16 130
7 87 50 69 3 0 4 0.00 M M 8.0 14 140 M M 0 16 140
8 91 50 71 5 0 6 0.00 M M 6.7 14 150 M M 0 16 140
9 92 51 72 6 0 7 0.00 M M 7.0 15 120 M M 0 18 120
10 93 53 73 8 0 8 0.00 M M 6.6 14 130 M M 0 20 360
11 90 57 74 9 0 9 0.00 M M 7.3 18 280 M M 0 27 270
12 84 54 69 4 0 4 0.01 M M 5.5 22 340 M M 3 3 29 350
13 89 56 73 9 0 8 0.00 M M 7.8 20 270 M M 3 27 260
14 86 53 70 6 0 5 0.00 M M 6.7 15 140 M M 0 20 30
15 85 51 68 4 0 3 0.00 M M 7.4 15 120 M M 0 17 130
16 86 52 69 6 0 4 0.00 M M 9.1 23 270 M M 0 31 270
17 85 50 68 5 0 3 0.00 M M 7.5 15 150 M M 0 20 340
18 84 50 67 4 0 2 0.16 M M 9.1 39 260 M M 4 18 57 270
19 78 52 65 3 0 0 0.00 M M 7.9 20 210 M M 4 29 230
20 68 43 56 -6 9 0 0.00 M M 7.8 18 320 M M 1 24 340
21 69 38 54 -7 11 0 0.00 M M 6.3 13 150 M M 0 17 300
22 79 39 59 -2 6 0 0.00 M M 7.7 15 140 M M 0 17 140
23 82 43 63 2 2 0 0.00 M M 6.4 17 310 M M 0 22 310
24 79 44 62 2 3 0 0.00 M M 7.8 14 140 M M 0 18 340
25 84 45 65 5 0 0 0.00 M M 7.6 15 330 M M 0 19 360
26 82 49 66 7 0 1 0.00 M M 8.0 16 320 M M 0 21 320
27 78 51 65 6 0 0 0.00 M M 7.8 22 150 M M 1 30 160
28 73 51 62 4 3 0 0.08 M M 8.7 28 120 M M 4 3 40 90
29 63 47 55 -3 10 0 0.55 M M 5.7 25 220 M M 5 13 37 210
30 59 47 53 -5 12 0 0.01 M M 3.5 9 230 M M 9 14 320
================================================================================
SM 2428 1496 56 77 1.09 M 213.4 M 53
================================================================================
AV 80.9 49.9 7.1 FASTST M M 2 MAX(MPH)
MISC ----> 39 260 57 270
================================================================================
NOTES:
# LAST OF SEVERAL OCCURRENCES
COLUMN 17 PEAK WIND IN M.P.H.
PRELIMINARY LOCAL CLIMATOLOGICAL DATA (WS FORM: F-6) , PAGE 2
STATION: MONTROSE CO
MONTH: SEPTEMBER
YEAR: 2021
LATITUDE: 38 30 N
LONGITUDE: 107 53 W
[TEMPERATURE DATA] [PRECIPITATION DATA] SYMBOLS USED IN COLUMN 16
AVERAGE MONTHLY: 65.4 TOTAL FOR MONTH: 1.09 1 = FOG OR MIST
DPTR FM NORMAL: 2.2 DPTR FM NORMAL: -0.08 2 = FOG REDUCING VISIBILITY
HIGHEST: 93 ON 10 GRTST 24HR 0.56 ON 28-29 TO 1/4 MILE OR LESS
LOWEST: 38 ON 21 3 = THUNDER
SNOW, ICE PELLETS, HAIL 4 = ICE PELLETS
TOTAL MONTH: M 5 = HAIL
GRTST 24HR M ON M 6 = FREEZING RAIN OR DRIZZLE
GRTST DEPTH: M ON M 7 = DUSTSTORM OR SANDSTORM:
VSBY 1/2 MILE OR LESS
8 = SMOKE OR HAZE
[NO. OF DAYS WITH] [WEATHER - DAYS WITH] 9 = BLOWING SNOW
X = TORNADO
MAX 32 OR BELOW: 0 0.01 INCH OR MORE: 7
MAX 90 OR ABOVE: 4 0.10 INCH OR MORE: 3
MIN 32 OR BELOW: 0 0.50 INCH OR MORE: 1
MIN 0 OR BELOW: 0 1.00 INCH OR MORE: 0
[HDD (BASE 65) ]
TOTAL THIS MO. 56 CLEAR (SCALE 0-3) 23
DPTR FM NORMAL -46 PTCLDY (SCALE 4-7) 6
TOTAL FM JUL 1 70 CLOUDY (SCALE 8-10) 1
DPTR FM NORMAL -37
[CDD (BASE 65) ]
TOTAL THIS MO. 77
DPTR FM NORMAL 28 [PRESSURE DATA]
TOTAL FM JAN 1 908 HIGHEST SLP M ON M
DPTR FM NORMAL 210 LOWEST SLP 29.63 ON 1
[REMARKS]
#FINAL-09-21#