000
CXUS55 KGJT 011000
CF6MTJ
PRELIMINARY LOCAL CLIMATOLOGICAL DATA (WS FORM: F-6)
STATION: MONTROSE CO
MONTH: MAY
YEAR: 2020
LATITUDE: 38 30 N
LONGITUDE: 107 53 W
TEMPERATURE IN F: :PCPN: SNOW: WIND :SUNSHINE: SKY :PK WND
================================================================================
1 2 3 4 5 6A 6B 7 8 9 10 11 12 13 14 15 16 17 18
12Z AVG MX 2MIN
DY MAX MIN AVG DEP HDD CDD WTR SNW DPTH SPD SPD DIR MIN PSBL S-S WX SPD DR
================================================================================
1 86 49 68 15 0 3 0.00 M M 10.7 28 240 M M 0 41 260
2 81 49 65 11 0 0 0.00 M M 9.3 29 250 M M 0 40 230
3 80 42 61 7 4 0 0.00 M M 8.3 23 240 M M 0 41 220
4 70 43 57 3 8 0 0.00 M M 10.9 23 320 M M 1 32 330
5 73 36 55 0 10 0 0.00 M M 8.2 17 320 M M 0 25 350
6 82 40 61 6 4 0 0.00 M M 9.1 22 250 M M 0 8 32 260
7 76 40 58 3 7 0 0.00 M M 10.3 24 330 M M 0 33 360
8 72 34 53 -3 12 0 0.00 M M 8.0 16 340 M M 0 21 350
9 73 37 55 -1 10 0 0.00 M M 9.1 20 310 M M 0 25 320
10 80 41 61 5 4 0 0.00 M M 7.2 22 260 M M 0 39 260
11 72 50 61 4 4 0 0.13 M M 8.3 33 220 M M 6 13 46 220
12 77 44 61 4 4 0 0.00 M M 11.0 31 230 M M 1 42 220
13 75 52 64 7 1 0 0.00 M M 12.4 26 250 M M 0 37 230
14 77 47 62 4 3 0 0.00 M M 8.5 20 250 M M 1 30 250
15 75 44 60 2 5 0 0.00 M M 8.2 26 300 M M 2 31 320
16 76 44 60 2 5 0 0.00 M M 7.8 15 340 M M 1 19 10
17 86 49 68 9 0 3 0.00 M M 7.6 22 260 M M 1 31 280
18 87 53 70 11 0 5 0.00 M M 11.2 26 230 M M 0 37 210
19 85 50 68 9 0 3 0.00 M M 11.7 33 190 M M 0 46 190
20 70 46 58 -2 7 0 0.00 M M 11.3 38 240 M M 0 52 240
21 71 37 54 -6 11 0 0.00 M M 9.0 15 300 M M 0 20 320
22 80 40 60 0 5 0 0.00 M M 10.6 26 240 M M 0 36 260
23 76 52 64 3 1 0 0.00 M M 13.8 35 240 M M 1 50 230
24 67 44 56 -5 9 0 0.00 M M 9.1 25 310 M M 3 37 330
25 71 38 55 -6 10 0 0.00 M M 7.3 20 310 M M 0 27 310
26 78 43 61 -1 4 0 0.00 M M 6.4 14 320 M M 1 20 320
27 85 52 69 7 0 4 0.00 M M 7.6 22 320 M M 1 29 320
28 88 50 69 7 0 4 0.00 M M 6.6 14 130 M M 0 19 10
29 90 56 73 10 0 8 0.00 M M 8.6 21 200 M M 0 29 200
30 88 59 74 11 0 9 0.40 M M 8.4 37 190 M M 1 3 48 190
31 82 60 71 8 0 6 T M M 8.8 23 160 M M 1 30 180
================================================================================
SM 2429 1421 128 45 0.53 M 285.3 M 21
================================================================================
AV 78.4 45.8 9.2 FASTST M M 1 MAX(MPH)
MISC ----> # 38 240 # 52 240
================================================================================
NOTES:
# LAST OF SEVERAL OCCURRENCES
COLUMN 17 PEAK WIND IN M.P.H.
PRELIMINARY LOCAL CLIMATOLOGICAL DATA (WS FORM: F-6) , PAGE 2
STATION: MONTROSE CO
MONTH: MAY
YEAR: 2020
LATITUDE: 38 30 N
LONGITUDE: 107 53 W
[TEMPERATURE DATA] [PRECIPITATION DATA] SYMBOLS USED IN COLUMN 16
AVERAGE MONTHLY: 62.1 TOTAL FOR MONTH: 0.53 1 = FOG OR MIST
DPTR FM NORMAL: 3.8 DPTR FM NORMAL: -0.55 2 = FOG REDUCING VISIBILITY
HIGHEST: 90 ON 29 GRTST 24HR 0.40 ON 30-30 TO 1/4 MILE OR LESS
LOWEST: 34 ON 8 3 = THUNDER
SNOW, ICE PELLETS, HAIL 4 = ICE PELLETS
TOTAL MONTH: M 5 = HAIL
GRTST 24HR M ON M 6 = FREEZING RAIN OR DRIZZLE
GRTST DEPTH: M ON M 7 = DUSTSTORM OR SANDSTORM:
VSBY 1/2 MILE OR LESS
8 = SMOKE OR HAZE
[NO. OF DAYS WITH] [WEATHER - DAYS WITH] 9 = BLOWING SNOW
X = TORNADO
MAX 32 OR BELOW: 0 0.01 INCH OR MORE: 2
MAX 90 OR ABOVE: 1 0.10 INCH OR MORE: 2
MIN 32 OR BELOW: 0 0.50 INCH OR MORE: 0
MIN 0 OR BELOW: 0 1.00 INCH OR MORE: 0
[HDD (BASE 65) ]
TOTAL THIS MO. 128 CLEAR (SCALE 0-3) 30
DPTR FM NORMAL -98 PTCLDY (SCALE 4-7) 1
TOTAL FM JUL 1 5972 CLOUDY (SCALE 8-10) 0
DPTR FM NORMAL -192
[CDD (BASE 65) ]
TOTAL THIS MO. 45
DPTR FM NORMAL 28 [PRESSURE DATA]
TOTAL FM JAN 1 47 HIGHEST SLP 30.23 ON 5
DPTR FM NORMAL 30 LOWEST SLP 29.57 ON 19
[REMARKS]
#FINAL-05-20#